Crypt-SSLeay v0.72 Perl 5 v5.30.0 amd64-freebsd
- Status
- Fail
- From
- Slaven Rezić (SREZIC)
- Dist
-
Crypt-SSLeay v0.72
- Platform
- Perl 5 v5.30.0 amd64-freebsd
- Date
- 2019-07-19 21:27:34
- ID
- 060dcdc2-aa6c-11e9-a53a-055e1f24ea8f
This distribution has been tested as part of the CPAN Testers
project, supporting the Perl programming language. See
http://wiki.cpantesters.org/ for more information or email
questions to cpan-testers-discuss@perl.org
--
Dear A. Sinan Unur,
This is a computer-generated report for Crypt-SSLeay-0.72
on perl 5.30.0, created by CPAN-Reporter-1.2018.
Thank you for uploading your work to CPAN. However, there was a problem
testing your distribution.
If you think this report is invalid, please consult the CPAN Testers Wiki
for suggestions on how to avoid getting FAIL reports for missing library
or binary dependencies, unsupported operating systems, and so on:
http://wiki.cpantesters.org/wiki/CPANAuthorNotes
Sections of this report:
* Tester comments
* Program output
* Prerequisites
* Environment and other context
------------------------------
TESTER COMMENTS
------------------------------
Additional comments from tester:
none provided
------------------------------
PROGRAM OUTPUT
------------------------------
Output from '/usr/bin/make test':
"/usr/perl5.30.0p/bin/perl5.30.0" -MExtUtils::Command::MM -e 'cp_nonempty' -- SSLeay.bs blib/arch/auto/Crypt/SSLeay/SSLeay.bs 644
PERL_DL_NONLAZY=1 "/usr/perl5.30.0p/bin/perl5.30.0" "-MExtUtils::Command::MM" "-MTest::Harness" "-e" "undef *Test::Harness::Switches; test_harness(0, 'blib/lib', 'blib/arch')" t/*.t
# Failed test 'use Crypt::SSLeay;'
# at t/00-basic.t line 6.
# Tried to use 'Crypt::SSLeay'.
# Error: Can't load '/usr/home/cpansand/.cpan/build/2019070808/Crypt-SSLeay-0.72-0/blib/arch/auto/Crypt/SSLeay/SSLeay.so' for module Crypt::SSLeay: /usr/home/cpansand/.cpan/build/2019070808/Crypt-SSLeay-0.72-0/blib/arch/auto/Crypt/SSLeay/SSLeay.so: Undefined symbol "SSLv2_client_method" at /usr/perl5.30.0p/lib/5.30.0/amd64-freebsd/DynaLoader.pm line 193.
# at t/00-basic.t line 6.
# Compilation failed in require at t/00-basic.t line 6.
# BEGIN failed--compilation aborted at t/00-basic.t line 6.
# Failed test 'use Crypt::SSLeay::CTX;'
# at t/00-basic.t line 7.
# Tried to use 'Crypt::SSLeay::CTX'.
# Error: Attempt to reload Crypt/SSLeay.pm aborted.
# Compilation failed in require at /usr/home/cpansand/.cpan/build/2019070808/Crypt-SSLeay-0.72-0/blib/lib/Crypt/SSLeay/CTX.pm line 2.
# Compilation failed in require at t/00-basic.t line 7.
# BEGIN failed--compilation aborted at t/00-basic.t line 7.
# Failed test 'use Crypt::SSLeay::Conn;'
# at t/00-basic.t line 8.
# Tried to use 'Crypt::SSLeay::Conn'.
# Error: Attempt to reload Crypt/SSLeay.pm aborted.
# Compilation failed in require at /usr/home/cpansand/.cpan/build/2019070808/Crypt-SSLeay-0.72-0/blib/lib/Crypt/SSLeay/Conn.pm line 2.
# Compilation failed in require at t/00-basic.t line 8.
# BEGIN failed--compilation aborted at t/00-basic.t line 8.
# Failed test 'use Crypt::SSLeay::Err;'
# at t/00-basic.t line 9.
# Tried to use 'Crypt::SSLeay::Err'.
# Error: Attempt to reload Crypt/SSLeay.pm aborted.
# Compilation failed in require at /usr/home/cpansand/.cpan/build/2019070808/Crypt-SSLeay-0.72-0/blib/lib/Crypt/SSLeay/Err.pm line 2.
# Compilation failed in require at t/00-basic.t line 9.
# BEGIN failed--compilation aborted at t/00-basic.t line 9.
# Failed test 'use Crypt::SSLeay::MainContext;'
# at t/00-basic.t line 10.
# Tried to use 'Crypt::SSLeay::MainContext'.
# Error: Attempt to reload Crypt/SSLeay/CTX.pm aborted.
# Compilation failed in require at /usr/home/cpansand/.cpan/build/2019070808/Crypt-SSLeay-0.72-0/blib/lib/Crypt/SSLeay/MainContext.pm line 8.
# Compilation failed in require at t/00-basic.t line 10.
# BEGIN failed--compilation aborted at t/00-basic.t line 10.
# Failed test 'use Crypt::SSLeay::Version;'
# at t/00-basic.t line 12.
# Tried to use 'Crypt::SSLeay::Version'.
# Error: Attempt to reload Crypt/SSLeay.pm aborted.
# Compilation failed in require at /usr/home/cpansand/.cpan/build/2019070808/Crypt-SSLeay-0.72-0/blib/lib/Crypt/SSLeay/Version.pm line 2.
# Compilation failed in require at t/00-basic.t line 12.
# BEGIN failed--compilation aborted at t/00-basic.t line 12.
# Failed test 'use Net::SSL;'
# at t/00-basic.t line 23.
# Tried to use 'Net::SSL'.
# Error: Attempt to reload Crypt/SSLeay.pm aborted.
# Compilation failed in require at /usr/home/cpansand/.cpan/build/2019070808/Crypt-SSLeay-0.72-0/blib/lib/Net/SSL.pm line 20.
# Compilation failed in require at t/00-basic.t line 23.
# BEGIN failed--compilation aborted at t/00-basic.t line 23.
# Failed test 'Crypt::SSLeay POD coverage'
# at t/00-basic.t line 45.
# Crypt::SSLeay: requiring 'Crypt::SSLeay' failed
# Failed test 'Crypt::SSLeay::Version POD coverage'
# at t/00-basic.t line 45.
# Crypt::SSLeay::Version: requiring 'Crypt::SSLeay::Version' failed
# Failed test 'Net::SSL POD coverage'
# at t/00-basic.t line 45.
# Net::SSL: requiring 'Net::SSL' failed
Undefined subroutine &main::main_ctx called at t/00-basic.t line 49.
# Tests were run but no plan was declared and done_testing() was not seen.
# Looks like your test exited with 255 just after 13.
t/00-basic.t .....
Dubious, test returned 255 (wstat 65280, 0xff00)
Failed 10/13 subtests
Can't load '/usr/home/cpansand/.cpan/build/2019070808/Crypt-SSLeay-0.72-0/blib/arch/auto/Crypt/SSLeay/SSLeay.so' for module Crypt::SSLeay: /usr/home/cpansand/.cpan/build/2019070808/Crypt-SSLeay-0.72-0/blib/arch/auto/Crypt/SSLeay/SSLeay.so: Undefined symbol "SSLv2_client_method" at /usr/perl5.30.0p/lib/5.30.0/amd64-freebsd/DynaLoader.pm line 193.
at /usr/home/cpansand/.cpan/build/2019070808/Crypt-SSLeay-0.72-0/blib/lib/Net/SSL.pm line 20.
Compilation failed in require at /usr/home/cpansand/.cpan/build/2019070808/Crypt-SSLeay-0.72-0/blib/lib/Net/SSL.pm line 20.
Compilation failed in require at t/01-connect.t line 6.
BEGIN failed--compilation aborted at t/01-connect.t line 6.
# Looks like your test exited with 2 before it could output anything.
t/01-connect.t ...
Dubious, test returned 2 (wstat 512, 0x200)
Failed 8/8 subtests
# Reading configuration from 'test.config' on freebsd
# network_tests : 0
t/02-live.t ...... skipped: Network tests disabled
Can't load '/usr/home/cpansand/.cpan/build/2019070808/Crypt-SSLeay-0.72-0/blib/arch/auto/Crypt/SSLeay/SSLeay.so' for module Crypt::SSLeay: /usr/home/cpansand/.cpan/build/2019070808/Crypt-SSLeay-0.72-0/blib/arch/auto/Crypt/SSLeay/SSLeay.so: Undefined symbol "SSLv2_client_method" at /usr/perl5.30.0p/lib/5.30.0/amd64-freebsd/DynaLoader.pm line 193.
at /usr/home/cpansand/.cpan/build/2019070808/Crypt-SSLeay-0.72-0/blib/lib/Crypt/SSLeay/Version.pm line 2.
Compilation failed in require at /usr/home/cpansand/.cpan/build/2019070808/Crypt-SSLeay-0.72-0/blib/lib/Crypt/SSLeay/Version.pm line 2.
Compilation failed in require at t/03-version.t line 7.
BEGIN failed--compilation aborted at t/03-version.t line 14.
t/03-version.t ...
Dubious, test returned 2 (wstat 512, 0x200)
No subtests run
t/boilerplate.t .. ok
t/manifest.t ..... skipped: Author tests not required for installation
Test Summary Report
-------------------
t/00-basic.t (Wstat: 65280 Tests: 13 Failed: 10)
Failed tests: 1-5, 7-8, 11-13
Non-zero exit status: 255
Parse errors: No plan found in TAP output
t/01-connect.t (Wstat: 512 Tests: 0 Failed: 0)
Non-zero exit status: 2
Parse errors: Bad plan. You planned 8 tests but ran 0.
t/03-version.t (Wstat: 512 Tests: 0 Failed: 0)
Non-zero exit status: 2
Parse errors: No plan found in TAP output
Files=6, Tests=22, 1 wallclock secs ( 0.05 usr 0.05 sys + 1.05 cusr 0.29 csys = 1.44 CPU)
Result: FAIL
Failed 3/6 test programs. 10/22 subtests failed.
*** Error code 255
Stop.
make: stopped in /usr/home/cpansand/.cpan/build/2019070808/Crypt-SSLeay-0.72-0
------------------------------
PREREQUISITES
------------------------------
Prerequisite modules loaded:
requires:
Module Need Have
-------------------- -------- --------
LWP::Protocol::https 6.02 6.07
MIME::Base64 0 3.15
perl 5.006 5.030000
build_requires:
Module Need Have
-------------------- -------- --------
ExtUtils::MakeMaker 0 7.36
Test::More 0.19 1.302164
Try::Tiny 0.19 0.30
configure_requires:
Module Need Have
-------------------- -------- --------
ExtUtils::CBuilder 0.280205 0.280231
Getopt::Long 0 2.5
Path::Class 0.26 0.37
Try::Tiny 0.19 0.30
------------------------------
ENVIRONMENT AND OTHER CONTEXT
------------------------------
Environment variables:
PATH = /usr/local/bin:/usr/bin:/bin:/usr/local/sbin:/usr/sbin:/sbin:/home/cpansand/bin/sh:/home/cpansand/bin:/usr/games:/home/cpansand/devel:/usr/home/eserte/src/srezic-misc/scripts
PERL5LIB =
PERL5OPT =
PERL5_CPANPLUS_IS_RUNNING = 24355
PERL5_CPAN_IS_RUNNING = 24355
PERL5_CPAN_IS_RUNNING_IN_RECURSION = 24325,24355
PERL_BATCH = yes
PERL_CANARY_STABILITY_NOPROMPT = 1
PERL_CPAN_REPORTER_CONFIG = /var/tmp/cpansmoker-1023/2019070808/cpanreporter_000_config.ini
PERL_EXTUTILS_AUTOINSTALL = --defaultdeps
PERL_USE_UNSAFE_INC = 1
SHELL = /bin/sh
TMPDIR = /var/tmp/cpansmoker-1023/2019070808
Perl special variables (and OS-specific diagnostics, for MSWin32):
$^X = /usr/perl5.30.0p/bin/perl5.30.0
$UID/$EUID = 1023 / 1023
$GID = 1023 1023
$EGID = 1023 1023
Perl module toolchain versions installed:
Module Have
------------------- --------
CPAN 2.22
CPAN::Meta 2.150010
Cwd 3.78
ExtUtils::CBuilder 0.280231
ExtUtils::Command 7.36
ExtUtils::Install 2.14
ExtUtils::MakeMaker 7.36
ExtUtils::Manifest 1.72
ExtUtils::ParseXS 3.40
File::Spec 3.78
JSON 4.02
JSON::PP 4.04
Module::Build 0.4229
Module::Signature n/a
Parse::CPAN::Meta 2.150010
Test::Harness 3.42
Test::More 1.302164
YAML 1.29
YAML::Syck 1.31
version 0.9924
--
Summary of my perl5 (revision 5 version 30 subversion 0) configuration:
Platform:
osname=freebsd
osvers=13.0-current
archname=amd64-freebsd
uname='freebsd cloud2.bbbike.org 13.0-current freebsd 13.0-current cb9788efd6d(master) generic-nodebug amd64 '
config_args='-ds -e -Dprefix=/usr/perl5.30.0p -Dcf_email=srezic@cpan.org -Doptimize=-O2 -pipe'
hint=recommended
useposix=true
d_sigaction=define
useithreads=undef
usemultiplicity=undef
use64bitint=define
use64bitall=define
uselongdouble=undef
usemymalloc=n
default_inc_excludes_dot=define
bincompat5005=undef
Compiler:
cc='cc'
ccflags ='-DHAS_FPSETMASK -DHAS_FLOATINGPOINT_H -fno-strict-aliasing -pipe -fstack-protector-strong -I/usr/local/include -D_FORTIFY_SOURCE=2'
optimize='-O2 -pipe'
cppflags='-DHAS_FPSETMASK -DHAS_FLOATINGPOINT_H -fno-strict-aliasing -pipe -fstack-protector-strong -I/usr/local/include'
ccversion=''
gccversion='4.2.1 Compatible FreeBSD Clang 8.0.0 (tags/RELEASE_800/final 356365)'
gccosandvers=''
intsize=4
longsize=8
ptrsize=8
doublesize=8
byteorder=12345678
doublekind=3
d_longlong=define
longlongsize=8
d_longdbl=define
longdblsize=16
longdblkind=3
ivtype='long'
ivsize=8
nvtype='double'
nvsize=8
Off_t='off_t'
lseeksize=8
alignbytes=8
prototype=define
Linker and Libraries:
ld='cc'
ldflags ='-pthread -Wl,-E -fstack-protector-strong -L/usr/local/lib'
libpth=/usr/lib /usr/local/lib /usr/lib/clang/8.0.0/lib /usr/lib
libs=-lpthread -lgdbm -ldl -lm -lcrypt -lutil -lc
perllibs=-lpthread -ldl -lm -lcrypt -lutil -lc
libc=
so=so
useshrplib=false
libperl=libperl.a
gnulibc_version=''
Dynamic Linking:
dlsrc=dl_dlopen.xs
dlext=so
d_dlsymun=undef
ccdlflags=' '
cccdlflags='-DPIC -fPIC'
lddlflags='-shared -L/usr/local/lib -fstack-protector-strong'
Characteristics of this binary (from libperl):
Compile-time options:
HAS_TIMES
PERLIO_LAYERS
PERL_COPY_ON_WRITE
PERL_DONT_CREATE_GVSV
PERL_MALLOC_WRAP
PERL_OP_PARENT
PERL_PRESERVE_IVUV
USE_64_BIT_ALL
USE_64_BIT_INT
USE_LARGE_FILES
USE_LOCALE
USE_LOCALE_COLLATE
USE_LOCALE_CTYPE
USE_LOCALE_NUMERIC
USE_LOCALE_TIME
USE_PERLIO
USE_PERL_ATOF
Built under freebsd
Compiled at May 22 2019 20:13:34
%ENV:
PERL5LIB=""
PERL5OPT=""
PERL5_CPANPLUS_IS_RUNNING="24355"
PERL5_CPAN_IS_RUNNING="24355"
PERL5_CPAN_IS_RUNNING_IN_RECURSION="24325,24355"
PERL_BATCH="yes"
PERL_CANARY_STABILITY_NOPROMPT="1"
PERL_CPAN_REPORTER_CONFIG="/var/tmp/cpansmoker-1023/2019070808/cpanreporter_000_config.ini"
PERL_EXTUTILS_AUTOINSTALL="--defaultdeps"
PERL_USE_UNSAFE_INC="1"
@INC:
/usr/perl5.30.0p/lib/site_perl/5.30.0/amd64-freebsd
/usr/perl5.30.0p/lib/site_perl/5.30.0
/usr/perl5.30.0p/lib/5.30.0/amd64-freebsd
/usr/perl5.30.0p/lib/5.30.0
.