Back
From: metabase:user:314402c4-2aae-11df-837a-5e0a49663a4f
Subject: FAIL XML-XForms-Validate-0.9 v5.13.4 FreeBSD
Date: 2010-09-10T21:18:57Z
This distribution has been tested as part of the CPAN Testers
project, supporting the Perl programming language. See
http://wiki.cpantesters.org/ for more information or email
questions to cpan-testers-discuss@perl.org
--
Dear Joerg Walter,
This is a computer-generated report for XML-XForms-Validate-0.9
on perl 5.13.4, created by CPAN-Reporter-1.18.
Thank you for uploading your work to CPAN. However, there was a problem
testing your distribution.
If you think this report is invalid, please consult the CPAN Testers Wiki
for suggestions on how to avoid getting FAIL reports for missing library
or binary dependencies, unsupported operating systems, and so on:
http://wiki.cpantesters.org/wiki/CPANAuthorNotes
Sections of this report:
* Tester comments
* Program output
* Prerequisites
* Environment and other context
------------------------------
TESTER COMMENTS
------------------------------
Additional comments from tester:
none provided
------------------------------
PROGRAM OUTPUT
------------------------------
Output from '/usr/bin/make test':
PERL_DL_NONLAZY=1 /usr/home/cpansand/var/ctps/5134/install/perl-5.13.4/bin/perl "-MExtUtils::Command::MM" "-e" "test_harness(0, 'blib/lib', 'blib/arch')" t/*.t
t/01-module.t ............... ok
t/02-normalize.t ............ ok
# Failed test 'internal entities'
# at t/03-parser.t line 23.
# got: 'XML DATA INVALID]]>--""''&<>'
# expected: '<a>foo</a>'
# Looks like you failed 1 test of 11.
t/03-parser.t ...............
Dubious, test returned 1 (wstat 256, 0x100)
Failed 1/11 subtests
t/04-model.t ................ ok
t/05-binds.t ................ ok
t/06-refs-nodesets.t ........ ok
t/07-instances.t ............ ok
t/08-submission.t ........... ok
t/09-schema.t ............... ok
t/10-validate-basics.t ...... ok
t/11-validate-tree.t ........ ok
t/12-validate-readonly.t .... ok
t/13-validate-calculate.t ... ok
t/14-validate-required.t .... ok
t/15-validate-constraint.t .. ok
Use of uninitialized value in addition (+) at /home/cpansand/var/ctps/5134/install/perl-5.13.4/lib/site_perl/5.13.4/XML/Schema/Type/Builtin.pm line 198.
Use of uninitialized value in numeric le (<=) at /home/cpansand/var/ctps/5134/install/perl-5.13.4/lib/site_perl/5.13.4/XML/Schema/Facet/Builtin.pm line 319.
Use of uninitialized value in addition (+) at /home/cpansand/var/ctps/5134/install/perl-5.13.4/lib/site_perl/5.13.4/XML/Schema/Type/Builtin.pm line 198.
Use of uninitialized value in numeric le (<=) at /home/cpansand/var/ctps/5134/install/perl-5.13.4/lib/site_perl/5.13.4/XML/Schema/Facet/Builtin.pm line 319.
Use of uninitialized value in addition (+) at /home/cpansand/var/ctps/5134/install/perl-5.13.4/lib/site_perl/5.13.4/XML/Schema/Type/Builtin.pm line 198.
Use of uninitialized value in numeric le (<=) at /home/cpansand/var/ctps/5134/install/perl-5.13.4/lib/site_perl/5.13.4/XML/Schema/Facet/Builtin.pm line 319.
Use of uninitialized value in addition (+) at /home/cpansand/var/ctps/5134/install/perl-5.13.4/lib/site_perl/5.13.4/XML/Schema/Type/Builtin.pm line 198.
Use of uninitialized value in numeric le (<=) at /home/cpansand/var/ctps/5134/install/perl-5.13.4/lib/site_perl/5.13.4/XML/Schema/Facet/Builtin.pm line 319.
Use of uninitialized value in addition (+) at /home/cpansand/var/ctps/5134/install/perl-5.13.4/lib/site_perl/5.13.4/XML/Schema/Type/Builtin.pm line 198.
Use of uninitialized value in numeric le (<=) at /home/cpansand/var/ctps/5134/install/perl-5.13.4/lib/site_perl/5.13.4/XML/Schema/Facet/Builtin.pm line 319.
Use of uninitialized value in addition (+) at /home/cpansand/var/ctps/5134/install/perl-5.13.4/lib/site_perl/5.13.4/XML/Schema/Type/Builtin.pm line 198.
Use of uninitialized value in numeric le (<=) at /home/cpansand/var/ctps/5134/install/perl-5.13.4/lib/site_perl/5.13.4/XML/Schema/Facet/Builtin.pm line 319.
Use of uninitialized value in addition (+) at /home/cpansand/var/ctps/5134/install/perl-5.13.4/lib/site_perl/5.13.4/XML/Schema/Type/Builtin.pm line 198.
Use of uninitialized value in numeric le (<=) at /home/cpansand/var/ctps/5134/install/perl-5.13.4/lib/site_perl/5.13.4/XML/Schema/Facet/Builtin.pm line 319.
Use of uninitialized value in addition (+) at /home/cpansand/var/ctps/5134/install/perl-5.13.4/lib/site_perl/5.13.4/XML/Schema/Type/Builtin.pm line 198.
Use of uninitialized value in numeric le (<=) at /home/cpansand/var/ctps/5134/install/perl-5.13.4/lib/site_perl/5.13.4/XML/Schema/Facet/Builtin.pm line 319.
Use of uninitialized value in addition (+) at /home/cpansand/var/ctps/5134/install/perl-5.13.4/lib/site_perl/5.13.4/XML/Schema/Type/Builtin.pm line 198.
Use of uninitialized value in numeric le (<=) at /home/cpansand/var/ctps/5134/install/perl-5.13.4/lib/site_perl/5.13.4/XML/Schema/Facet/Builtin.pm line 319.
Use of uninitialized value in addition (+) at /home/cpansand/var/ctps/5134/install/perl-5.13.4/lib/site_perl/5.13.4/XML/Schema/Type/Builtin.pm line 198.
Use of uninitialized value in numeric le (<=) at /home/cpansand/var/ctps/5134/install/perl-5.13.4/lib/site_perl/5.13.4/XML/Schema/Facet/Builtin.pm line 319.
Use of uninitialized value in addition (+) at /home/cpansand/var/ctps/5134/install/perl-5.13.4/lib/site_perl/5.13.4/XML/Schema/Type/Builtin.pm line 198.
Use of uninitialized value in numeric le (<=) at /home/cpansand/var/ctps/5134/install/perl-5.13.4/lib/site_perl/5.13.4/XML/Schema/Facet/Builtin.pm line 319.
Use of uninitialized value in addition (+) at /home/cpansand/var/ctps/5134/install/perl-5.13.4/lib/site_perl/5.13.4/XML/Schema/Type/Builtin.pm line 198.
Use of uninitialized value in numeric le (<=) at /home/cpansand/var/ctps/5134/install/perl-5.13.4/lib/site_perl/5.13.4/XML/Schema/Facet/Builtin.pm line 319.
Use of uninitialized value in addition (+) at /home/cpansand/var/ctps/5134/install/perl-5.13.4/lib/site_perl/5.13.4/XML/Schema/Type/Builtin.pm line 198.
Use of uninitialized value in numeric le (<=) at /home/cpansand/var/ctps/5134/install/perl-5.13.4/lib/site_perl/5.13.4/XML/Schema/Facet/Builtin.pm line 319.
Use of uninitialized value in addition (+) at /home/cpansand/var/ctps/5134/install/perl-5.13.4/lib/site_perl/5.13.4/XML/Schema/Type/Builtin.pm line 198.
Use of uninitialized value in numeric le (<=) at /home/cpansand/var/ctps/5134/install/perl-5.13.4/lib/site_perl/5.13.4/XML/Schema/Facet/Builtin.pm line 319.
Use of uninitialized value in addition (+) at /home/cpansand/var/ctps/5134/install/perl-5.13.4/lib/site_perl/5.13.4/XML/Schema/Type/Builtin.pm line 198.
Use of uninitialized value in numeric le (<=) at /home/cpansand/var/ctps/5134/install/perl-5.13.4/lib/site_perl/5.13.4/XML/Schema/Facet/Builtin.pm line 319.
Use of uninitialized value in addition (+) at /home/cpansand/var/ctps/5134/install/perl-5.13.4/lib/site_perl/5.13.4/XML/Schema/Type/Builtin.pm line 198.
Use of uninitialized value in numeric le (<=) at /home/cpansand/var/ctps/5134/install/perl-5.13.4/lib/site_perl/5.13.4/XML/Schema/Facet/Builtin.pm line 319.
t/16-validate-type.t ........ ok
# Failed test 'type error'
# at t/17-validate-schema.t line 46.
# got: 'Schema validation failed for instance "i1": unknown-27e217c0:0: Schemas validity error : Element 'a': '123a' is not a valid value of the atomic type 'xs:integer'.
# '
# expected: 'Schema validation failed for instance "i1": Element 'a': '123a' is not a valid value of the atomic type 'xs:integer'.
# '
# Looks like you failed 1 test of 4.
t/17-validate-schema.t ......
Dubious, test returned 1 (wstat 256, 0x100)
Failed 1/4 subtests
t/20-xpath-functions.t ...... ok
Test Summary Report
-------------------
t/03-parser.t (Wstat: 256 Tests: 11 Failed: 1)
Failed test: 5
Non-zero exit status: 1
t/17-validate-schema.t (Wstat: 256 Tests: 4 Failed: 1)
Failed test: 4
Non-zero exit status: 1
Files=18, Tests=161, 9 wallclock secs ( 0.12 usr 0.02 sys + 2.36 cusr 0.42 csys = 2.91 CPU)
Result: FAIL
Failed 2/18 test programs. 2/161 subtests failed.
*** Error code 255
Stop in /var/tmp/CPAN-build/XML-XForms-Validate-0.9-pZZBM7.
------------------------------
PREREQUISITES
------------------------------
Prerequisite modules loaded:
requires:
Module Need Have
----------- ---- ----
XML::LibXML 1.63 1.70
XML::Schema 0.07 0.07
------------------------------
ENVIRONMENT AND OTHER CONTEXT
------------------------------
Environment variables:
DBIC_NO_WARN_BAD_PERL = 1
PATH = /usr/local/bin:/usr/X11R6/bin:/usr/X11/bin:/usr/perl5.8.0/bin:/usr/bin:/bin:/usr/local/sbin:/usr/sbin:/sbin:/usr/local/pilot/bin:/home/cpansand/bin/freebsd8.0:/home/cpansand/bin/sh:/home/cpansand/bin:/usr/X386/bin:/usr/games:/home/cpansand/devel:/usr/home/e/eserte/src/perl/CPAN-Testers-ParallelSmoker/utils
PERL5LIB =
PERL5OPT =
PERL5_CPANPLUS_IS_RUNNING = 43345
PERL5_CPAN_IS_RUNNING = 43345
PERL5_CPAN_IS_RUNNING_IN_RECURSION = 9925,43345
PERL_BATCH = yes
PERL_CPAN_REPORTER_DIR = /home/cpansand/var/ctps/5134/config/perl-5.13.4/cpanreporter
PERL_EXTUTILS_AUTOINSTALL = --defaultdeps
PERL_HTML_DISPLAY_CLASS = HTML::Display::Mozilla
SHELL = /usr/local/bin/zsh
TERM = xterm
TMPDIR = /tmp/cpansmoker-1023
Perl special variables (and OS-specific diagnostics, for MSWin32):
$^X = /usr/home/cpansand/var/ctps/5134/install/perl-5.13.4/bin/perl
$UID/$EUID = 1023 / 1023
$GID = 1023 1023
$EGID = 1023 1023
Perl module toolchain versions installed:
Module Have
------------------- -------
CPAN 1.94_57
Cwd 3.31
ExtUtils::CBuilder 0.2703
ExtUtils::Command 1.16
ExtUtils::Install 1.55
ExtUtils::MakeMaker 6.5601
ExtUtils::Manifest 1.58
ExtUtils::ParseXS 2.2207
File::Spec 3.31_01
Module::Build 0.3607
Module::Signature 0.66
Test::Harness 3.22
Test::More 0.96
YAML 0.72
YAML::Syck 1.14
version 0.82
--
Summary of my perl5 (revision 5 version 13 subversion 4) configuration:
Platform:
osname=freebsd, osvers=8.0-release, archname=i386-freebsd
uname='freebsd biokovo.herceg.de 8.0-release freebsd 8.0-release #0: sat nov 21 15:48:17 utc 2009 root@almeida.cse.buffalo.edu:usrobjusrsrcsysgeneric i386 '
config_args='-ds -e -Uversiononly -Dinstallusrbinperl=n -Dusedevel -Dprefix=/home/cpansand/var/ctps/5134/install/perl-5.13.4'
hint=recommended, useposix=true, d_sigaction=define
useithreads=undef, usemultiplicity=undef
useperlio=define, d_sfio=undef, uselargefiles=define, usesocks=undef
use64bitint=undef, use64bitall=undef, uselongdouble=undef
usemymalloc=n, bincompat5005=undef
Compiler:
cc='cc', ccflags ='-DHAS_FPSETMASK -DHAS_FLOATINGPOINT_H -fno-strict-aliasing -pipe -fstack-protector -I/usr/local/include',
optimize='-O',
cppflags='-DHAS_FPSETMASK -DHAS_FLOATINGPOINT_H -fno-strict-aliasing -pipe -fstack-protector -I/usr/local/include'
ccversion='', gccversion='4.2.1 20070719 [FreeBSD]', gccosandvers=''
intsize=4, longsize=4, ptrsize=4, doublesize=8, byteorder=1234
d_longlong=define, longlongsize=8, d_longdbl=define, longdblsize=12
ivtype='long', ivsize=4, nvtype='double', nvsize=8, Off_t='off_t', lseeksize=8
alignbytes=4, prototype=define
Linker and Libraries:
ld='cc', ldflags ='-Wl,-E -fstack-protector -L/usr/local/lib'
libpth=/usr/lib /usr/local/lib
libs=-lgdbm -lm -lcrypt -lutil -lc
perllibs=-lm -lcrypt -lutil -lc
libc=, so=so, useshrplib=false, libperl=libperl.a
gnulibc_version=''
Dynamic Linking:
dlsrc=dl_dlopen.xs, dlext=so, d_dlsymun=undef, ccdlflags=' '
cccdlflags='-DPIC -fPIC', lddlflags='-shared -L/usr/local/lib -fstack-protector'
Characteristics of this binary (from libperl):
Compile-time options: PERL_DONT_CREATE_GVSV PERL_MALLOC_WRAP PERL_USE_DEVEL
USE_LARGE_FILES USE_PERLIO USE_PERL_ATOF
Built under freebsd
Compiled at Sep 7 2010 20:45:15
%ENV:
PERL5LIB=""
PERL5OPT=""
PERL5_CPANPLUS_IS_RUNNING="43345"
PERL5_CPAN_IS_RUNNING="43345"
PERL5_CPAN_IS_RUNNING_IN_RECURSION="9925,43345"
PERL_BATCH="yes"
PERL_CPAN_REPORTER_DIR="/home/cpansand/var/ctps/5134/config/perl-5.13.4/cpanreporter"
PERL_EXTUTILS_AUTOINSTALL="--defaultdeps"
PERL_HTML_DISPLAY_CLASS="HTML::Display::Mozilla"
@INC:
/home/cpansand/var/ctps/5134/install/perl-5.13.4/lib/site_perl/5.13.4/i386-freebsd
/home/cpansand/var/ctps/5134/install/perl-5.13.4/lib/site_perl/5.13.4
/home/cpansand/var/ctps/5134/install/perl-5.13.4/lib/5.13.4/i386-freebsd
/home/cpansand/var/ctps/5134/install/perl-5.13.4/lib/5.13.4
.