Back
From: metabase:user:320bfe00-2aae-11df-837a-5e0a49663a4f
Subject: FAIL MogileFS-Client-Async-0.022 v5.15.9 GNU/Linux
Date: 2012-04-10T16:12:52Z
This distribution has been tested as part of the CPAN Testers
project, supporting the Perl programming language. See
http://wiki.cpantesters.org/ for more information or email
questions to cpan-testers-discuss@perl.org
--
Dear Dave Lambley,
This is a computer-generated report for MogileFS-Client-Async-0.022
on perl 5.15.9, created by CPAN-Reporter-1.2005.
Thank you for uploading your work to CPAN. However, there was a problem
testing your distribution.
If you think this report is invalid, please consult the CPAN Testers Wiki
for suggestions on how to avoid getting FAIL reports for missing library
or binary dependencies, unsupported operating systems, and so on:
http://wiki.cpantesters.org/wiki/CPANAuthorNotes
Sections of this report:
* Tester comments
* Program output
* Prerequisites
* Environment and other context
------------------------------
TESTER COMMENTS
------------------------------
Additional comments from tester:
this report is from an automated smoke testing program
and was not reviewed by a human for accuracy
------------------------------
PROGRAM OUTPUT
------------------------------
Output from '/usr/bin/make test':
PERL_DL_NONLAZY=1 /home/sand/src/perl/repoperls/installed-perls/perl/v5.15.8-234-g789326d/127e/bin/perl "-MExtUtils::Command::MM" "-e" "test_harness(0, 'inc', 'blib/lib', 'blib/arch')" t/*.t
Use of uninitialized value $^WARNING_BITS in bitwise xor (^) at /home/src/perl/repoperls/installed-perls/perl/v5.15.8-234-g789326d/127e/lib/site_perl/5.15.9/x86_64-linux-ld/AnyEvent.pm line 1229.
Use of uninitialized value $^WARNING_BITS in bitwise xor (^) at /home/src/perl/repoperls/installed-perls/perl/v5.15.8-234-g789326d/127e/lib/site_perl/5.15.9/common/sense.pm line 237.
Use of uninitialized value $^WARNING_BITS in bitwise xor (^) at /home/src/perl/repoperls/installed-perls/perl/v5.15.8-234-g789326d/127e/lib/site_perl/5.15.9/x86_64-linux-ld/AnyEvent.pm line 1229.
Use of uninitialized value $^WARNING_BITS in bitwise xor (^) at /home/src/perl/repoperls/installed-perls/perl/v5.15.8-234-g789326d/127e/lib/site_perl/5.15.9/x86_64-linux-ld/AnyEvent.pm line 1229.
Use of uninitialized value $^WARNING_BITS in bitwise xor (^) at /home/src/perl/repoperls/installed-perls/perl/v5.15.8-234-g789326d/127e/lib/site_perl/5.15.9/x86_64-linux-ld/AnyEvent.pm line 1229.
Use of uninitialized value $^WARNING_BITS in bitwise xor (^) at /home/src/perl/repoperls/installed-perls/perl/v5.15.8-234-g789326d/127e/lib/site_perl/5.15.9/x86_64-linux-ld/AnyEvent.pm line 1229.
Use of uninitialized value $^WARNING_BITS in bitwise xor (^) at /home/src/perl/repoperls/installed-perls/perl/v5.15.8-234-g789326d/127e/lib/site_perl/5.15.9/common/sense.pm line 237.
t/00_compile.t .......... ok
Use of uninitialized value $^WARNING_BITS in bitwise xor (^) at /home/src/perl/repoperls/installed-perls/perl/v5.15.8-234-g789326d/127e/lib/site_perl/5.15.9/x86_64-linux-ld/AnyEvent.pm line 1229.
Use of uninitialized value $^WARNING_BITS in bitwise xor (^) at /home/src/perl/repoperls/installed-perls/perl/v5.15.8-234-g789326d/127e/lib/site_perl/5.15.9/common/sense.pm line 237.
Use of uninitialized value $^WARNING_BITS in bitwise xor (^) at /home/src/perl/repoperls/installed-perls/perl/v5.15.8-234-g789326d/127e/lib/site_perl/5.15.9/x86_64-linux-ld/AnyEvent.pm line 1229.
Use of uninitialized value $^WARNING_BITS in bitwise xor (^) at /home/src/perl/repoperls/installed-perls/perl/v5.15.8-234-g789326d/127e/lib/site_perl/5.15.9/x86_64-linux-ld/AnyEvent.pm line 1229.
Use of uninitialized value $^WARNING_BITS in bitwise xor (^) at /home/src/perl/repoperls/installed-perls/perl/v5.15.8-234-g789326d/127e/lib/site_perl/5.15.9/x86_64-linux-ld/AnyEvent.pm line 1229.
Use of uninitialized value $^WARNING_BITS in bitwise xor (^) at /home/src/perl/repoperls/installed-perls/perl/v5.15.8-234-g789326d/127e/lib/site_perl/5.15.9/x86_64-linux-ld/AnyEvent.pm line 1229.
Use of uninitialized value $^WARNING_BITS in bitwise xor (^) at /home/src/perl/repoperls/installed-perls/perl/v5.15.8-234-g789326d/127e/lib/site_perl/5.15.9/common/sense.pm line 237.
MogileFS::Backend: couldn't connect to mogilefsd backend at /tmp/loop_over_bdir-CEwh0Y/MogileFS-Client-Async-0.022-oKUcSs/blib/lib/MogileFS/Client/Callback.pm line 65.
# 1 test ran, but no plan was declared.
# Looks like your test exited with 115 just after 1.
t/callback_works.t ......
Dubious, test returned 115 (wstat 29440, 0x7300)
All 1 subtests passed
Use of uninitialized value $^WARNING_BITS in bitwise xor (^) at /home/src/perl/repoperls/installed-perls/perl/v5.15.8-234-g789326d/127e/lib/site_perl/5.15.9/common/sense.pm line 237.
Use of uninitialized value $^WARNING_BITS in bitwise xor (^) at /home/src/perl/repoperls/installed-perls/perl/v5.15.8-234-g789326d/127e/lib/site_perl/5.15.9/x86_64-linux-ld/AnyEvent.pm line 1229.
Use of uninitialized value $^WARNING_BITS in bitwise xor (^) at /home/src/perl/repoperls/installed-perls/perl/v5.15.8-234-g789326d/127e/lib/site_perl/5.15.9/common/sense.pm line 237.
Use of uninitialized value $^WARNING_BITS in bitwise xor (^) at /home/src/perl/repoperls/installed-perls/perl/v5.15.8-234-g789326d/127e/lib/site_perl/5.15.9/x86_64-linux-ld/AnyEvent.pm line 1229.
Use of uninitialized value $^WARNING_BITS in bitwise xor (^) at /home/src/perl/repoperls/installed-perls/perl/v5.15.8-234-g789326d/127e/lib/site_perl/5.15.9/x86_64-linux-ld/AnyEvent.pm line 1229.
Use of uninitialized value $^WARNING_BITS in bitwise xor (^) at /home/src/perl/repoperls/installed-perls/perl/v5.15.8-234-g789326d/127e/lib/site_perl/5.15.9/x86_64-linux-ld/AnyEvent.pm line 1229.
Use of uninitialized value $^WARNING_BITS in bitwise xor (^) at /home/src/perl/repoperls/installed-perls/perl/v5.15.8-234-g789326d/127e/lib/site_perl/5.15.9/x86_64-linux-ld/AnyEvent.pm line 1229.
Mogile backend failed: MogileFS::Backend: couldn't connect to mogilefsd backend at /tmp/loop_over_bdir-CEwh0Y/MogileFS-Client-Async-0.022-oKUcSs/blib/lib/MogileFS/Client/CallbackFile.pm line 89.
Mogile backend failed: MogileFS::Backend: couldn't connect to mogilefsd backend at /tmp/loop_over_bdir-CEwh0Y/MogileFS-Client-Async-0.022-oKUcSs/blib/lib/MogileFS/Client/CallbackFile.pm line 89.
Mogile backend failed: MogileFS::Backend: couldn't connect to mogilefsd backend at /tmp/loop_over_bdir-CEwh0Y/MogileFS-Client-Async-0.022-oKUcSs/blib/lib/MogileFS/Client/CallbackFile.pm line 89.
Mogile backend failed: MogileFS::Backend: couldn't connect to mogilefsd backend at /tmp/loop_over_bdir-CEwh0Y/MogileFS-Client-Async-0.022-oKUcSs/blib/lib/MogileFS/Client/CallbackFile.pm line 89.
Mogile backend failed: MogileFS::Backend: couldn't connect to mogilefsd backend at /tmp/loop_over_bdir-CEwh0Y/MogileFS-Client-Async-0.022-oKUcSs/blib/lib/MogileFS/Client/CallbackFile.pm line 89.
Fail to get a destination to write to. at /tmp/loop_over_bdir-CEwh0Y/MogileFS-Client-Async-0.022-oKUcSs/blib/lib/MogileFS/Client/CallbackFile.pm line 125.
Mogile backend failed: MogileFS::Backend: couldn't connect to mogilefsd backend at /tmp/loop_over_bdir-CEwh0Y/MogileFS-Client-Async-0.022-oKUcSs/blib/lib/MogileFS/Client/CallbackFile.pm line 89.
Mogile backend failed: MogileFS::Backend: couldn't connect to mogilefsd backend at /tmp/loop_over_bdir-CEwh0Y/MogileFS-Client-Async-0.022-oKUcSs/blib/lib/MogileFS/Client/CallbackFile.pm line 89.
Mogile backend failed: MogileFS::Backend: couldn't connect to mogilefsd backend at /tmp/loop_over_bdir-CEwh0Y/MogileFS-Client-Async-0.022-oKUcSs/blib/lib/MogileFS/Client/CallbackFile.pm line 89.
Mogile backend failed: MogileFS::Backend: couldn't connect to mogilefsd backend at /tmp/loop_over_bdir-CEwh0Y/MogileFS-Client-Async-0.022-oKUcSs/blib/lib/MogileFS/Client/CallbackFile.pm line 89.
Mogile backend failed: MogileFS::Backend: couldn't connect to mogilefsd backend at /tmp/loop_over_bdir-CEwh0Y/MogileFS-Client-Async-0.022-oKUcSs/blib/lib/MogileFS/Client/CallbackFile.pm line 89.
Fail to get a destination to write to. at /tmp/loop_over_bdir-CEwh0Y/MogileFS-Client-Async-0.022-oKUcSs/blib/lib/MogileFS/Client/CallbackFile.pm line 125.
Mogile backend failed: MogileFS::Backend: couldn't connect to mogilefsd backend at /tmp/loop_over_bdir-CEwh0Y/MogileFS-Client-Async-0.022-oKUcSs/blib/lib/MogileFS/Client/CallbackFile.pm line 89.
Mogile backend failed: MogileFS::Backend: couldn't connect to mogilefsd backend at /tmp/loop_over_bdir-CEwh0Y/MogileFS-Client-Async-0.022-oKUcSs/blib/lib/MogileFS/Client/CallbackFile.pm line 89.
Mogile backend failed: MogileFS::Backend: couldn't connect to mogilefsd backend at /tmp/loop_over_bdir-CEwh0Y/MogileFS-Client-Async-0.022-oKUcSs/blib/lib/MogileFS/Client/CallbackFile.pm line 89.
Mogile backend failed: MogileFS::Backend: couldn't connect to mogilefsd backend at /tmp/loop_over_bdir-CEwh0Y/MogileFS-Client-Async-0.022-oKUcSs/blib/lib/MogileFS/Client/CallbackFile.pm line 89.
Mogile backend failed: MogileFS::Backend: couldn't connect to mogilefsd backend at /tmp/loop_over_bdir-CEwh0Y/MogileFS-Client-Async-0.022-oKUcSs/blib/lib/MogileFS/Client/CallbackFile.pm line 89.
Fail to get a destination to write to. at /tmp/loop_over_bdir-CEwh0Y/MogileFS-Client-Async-0.022-oKUcSs/blib/lib/MogileFS/Client/CallbackFile.pm line 125.
Mogile backend failed: MogileFS::Backend: couldn't connect to mogilefsd backend at /tmp/loop_over_bdir-CEwh0Y/MogileFS-Client-Async-0.022-oKUcSs/blib/lib/MogileFS/Client/CallbackFile.pm line 89.
Mogile backend failed: MogileFS::Backend: couldn't connect to mogilefsd backend at /tmp/loop_over_bdir-CEwh0Y/MogileFS-Client-Async-0.022-oKUcSs/blib/lib/MogileFS/Client/CallbackFile.pm line 89.
Mogile backend failed: MogileFS::Backend: couldn't connect to mogilefsd backend at /tmp/loop_over_bdir-CEwh0Y/MogileFS-Client-Async-0.022-oKUcSs/blib/lib/MogileFS/Client/CallbackFile.pm line 89.
Mogile backend failed: MogileFS::Backend: couldn't connect to mogilefsd backend at /tmp/loop_over_bdir-CEwh0Y/MogileFS-Client-Async-0.022-oKUcSs/blib/lib/MogileFS/Client/CallbackFile.pm line 89.
Mogile backend failed: MogileFS::Backend: couldn't connect to mogilefsd backend at /tmp/loop_over_bdir-CEwh0Y/MogileFS-Client-Async-0.022-oKUcSs/blib/lib/MogileFS/Client/CallbackFile.pm line 89.
Fail to get a destination to write to. at /tmp/loop_over_bdir-CEwh0Y/MogileFS-Client-Async-0.022-oKUcSs/blib/lib/MogileFS/Client/CallbackFile.pm line 125.
Mogile backend failed: MogileFS::Backend: couldn't connect to mogilefsd backend at /tmp/loop_over_bdir-CEwh0Y/MogileFS-Client-Async-0.022-oKUcSs/blib/lib/MogileFS/Client/CallbackFile.pm line 89.
Mogile backend failed: MogileFS::Backend: couldn't connect to mogilefsd backend at /tmp/loop_over_bdir-CEwh0Y/MogileFS-Client-Async-0.022-oKUcSs/blib/lib/MogileFS/Client/CallbackFile.pm line 89.
Mogile backend failed: MogileFS::Backend: couldn't connect to mogilefsd backend at /tmp/loop_over_bdir-CEwh0Y/MogileFS-Client-Async-0.022-oKUcSs/blib/lib/MogileFS/Client/CallbackFile.pm line 89.
Mogile backend failed: MogileFS::Backend: couldn't connect to mogilefsd backend at /tmp/loop_over_bdir-CEwh0Y/MogileFS-Client-Async-0.022-oKUcSs/blib/lib/MogileFS/Client/CallbackFile.pm line 89.
Mogile backend failed: MogileFS::Backend: couldn't connect to mogilefsd backend at /tmp/loop_over_bdir-CEwh0Y/MogileFS-Client-Async-0.022-oKUcSs/blib/lib/MogileFS/Client/CallbackFile.pm line 89.
Fail to get a destination to write to. at /tmp/loop_over_bdir-CEwh0Y/MogileFS-Client-Async-0.022-oKUcSs/blib/lib/MogileFS/Client/CallbackFile.pm line 125.
Mogile backend failed: MogileFS::Backend: couldn't connect to mogilefsd backend at /tmp/loop_over_bdir-CEwh0Y/MogileFS-Client-Async-0.022-oKUcSs/blib/lib/MogileFS/Client/CallbackFile.pm line 89.
Mogile backend failed: MogileFS::Backend: couldn't connect to mogilefsd backend at /tmp/loop_over_bdir-CEwh0Y/MogileFS-Client-Async-0.022-oKUcSs/blib/lib/MogileFS/Client/CallbackFile.pm line 89.
Mogile backend failed: MogileFS::Backend: couldn't connect to mogilefsd backend at /tmp/loop_over_bdir-CEwh0Y/MogileFS-Client-Async-0.022-oKUcSs/blib/lib/MogileFS/Client/CallbackFile.pm line 89.
Mogile backend failed: MogileFS::Backend: couldn't connect to mogilefsd backend at /tmp/loop_over_bdir-CEwh0Y/MogileFS-Client-Async-0.022-oKUcSs/blib/lib/MogileFS/Client/CallbackFile.pm line 89.
Mogile backend failed: MogileFS::Backend: couldn't connect to mogilefsd backend at /tmp/loop_over_bdir-CEwh0Y/MogileFS-Client-Async-0.022-oKUcSs/blib/lib/MogileFS/Client/CallbackFile.pm line 89.
Fail to get a destination to write to. at /tmp/loop_over_bdir-CEwh0Y/MogileFS-Client-Async-0.022-oKUcSs/blib/lib/MogileFS/Client/CallbackFile.pm line 125.
Mogile write failed: Fail to get a destination to write to. at /tmp/loop_over_bdir-CEwh0Y/MogileFS-Client-Async-0.022-oKUcSs/blib/lib/MogileFS/Client/CallbackFile.pm line 125.
# 3 tests ran, but no plan was declared.
# Looks like your test exited with 115 just after 3.
t/callbackfile_works.t ..
Dubious, test returned 115 (wstat 29440, 0x7300)
All 3 subtests passed
Use of uninitialized value $^WARNING_BITS in bitwise xor (^) at /home/src/perl/repoperls/installed-perls/perl/v5.15.8-234-g789326d/127e/lib/site_perl/5.15.9/x86_64-linux-ld/AnyEvent.pm line 1229.
Use of uninitialized value $^WARNING_BITS in bitwise xor (^) at /home/src/perl/repoperls/installed-perls/perl/v5.15.8-234-g789326d/127e/lib/site_perl/5.15.9/common/sense.pm line 237.
Use of uninitialized value $^WARNING_BITS in bitwise xor (^) at /home/src/perl/repoperls/installed-perls/perl/v5.15.8-234-g789326d/127e/lib/site_perl/5.15.9/x86_64-linux-ld/AnyEvent.pm line 1229.
Use of uninitialized value $^WARNING_BITS in bitwise xor (^) at /home/src/perl/repoperls/installed-perls/perl/v5.15.8-234-g789326d/127e/lib/site_perl/5.15.9/x86_64-linux-ld/AnyEvent.pm line 1229.
Use of uninitialized value $^WARNING_BITS in bitwise xor (^) at /home/src/perl/repoperls/installed-perls/perl/v5.15.8-234-g789326d/127e/lib/site_perl/5.15.9/x86_64-linux-ld/AnyEvent.pm line 1229.
Use of uninitialized value $^WARNING_BITS in bitwise xor (^) at /home/src/perl/repoperls/installed-perls/perl/v5.15.8-234-g789326d/127e/lib/site_perl/5.15.9/x86_64-linux-ld/AnyEvent.pm line 1229.
Use of uninitialized value $^WARNING_BITS in bitwise xor (^) at /home/src/perl/repoperls/installed-perls/perl/v5.15.8-234-g789326d/127e/lib/site_perl/5.15.9/common/sense.pm line 237.
# Failed test at t/works.t line 35.
# died: MogileFS::Backend: couldn't connect to mogilefsd backend at /tmp/loop_over_bdir-CEwh0Y/MogileFS-Client-Async-0.022-oKUcSs/blib/lib/MogileFS/Client/Async.pm line 131.
# Failed test at t/works.t line 44.
# died: MogileFS::Backend: couldn't connect to mogilefsd backend at /home/src/perl/repoperls/installed-perls/perl/v5.15.8-234-g789326d/127e/lib/site_perl/5.15.9/MogileFS/Client.pm line 567.
# 2 tests of 3 failed.
t/works.t ...............
Dubious, test returned 2 (wstat 512, 0x200)
Failed 2/3 subtests
Test Summary Report
-------------------
t/callback_works.t (Wstat: 29440 Tests: 1 Failed: 0)
Non-zero exit status: 115
Parse errors: No plan found in TAP output
t/callbackfile_works.t (Wstat: 29440 Tests: 3 Failed: 0)
Non-zero exit status: 115
Parse errors: No plan found in TAP output
t/works.t (Wstat: 512 Tests: 3 Failed: 2)
Failed tests: 2-3
Non-zero exit status: 2
Files=4, Tests=9, 38 wallclock secs ( 0.04 usr 0.02 sys + 0.82 cusr 0.10 csys = 0.98 CPU)
Result: FAIL
Failed 3/4 test programs. 2/9 subtests failed.
make: *** [test_dynamic] Error 2
------------------------------
PREREQUISITES
------------------------------
Prerequisite modules loaded:
requires:
Module Need Have
------------------- ---- ------------
AnyEvent 0 6.14
AnyEvent::HTTP 0 2.13
File::Slurp 0 9999.19
IO::AIO 3.25 4.15
IO::Socket::INET 0 1.33
Linux::PipeMagic 0.03 0.03
LWP::Simple 0 6.00
MogileFS::Client 0 1.16
namespace::clean 0 0.23
Try::Tiny 0 0.11
build_requires:
Module Need Have
------------------- ---- ------------
ExtUtils::MakeMaker 6.42 6.63_02
Test::More 0.88 1.005000_003
configure_requires:
Module Need Have
------------------- ---- ------------
ExtUtils::MakeMaker 6.42 6.63_02
------------------------------
ENVIRONMENT AND OTHER CONTEXT
------------------------------
Environment variables:
AUTOMATED_TESTING = 1
LANG = en_US.UTF-8
LANGUAGE = en_US:en
PATH = /home/sand/bin:/usr/local/bin:/usr/bin:/bin:/usr/bin/X11:/usr/games:/usr/local/perl/bin:/usr/X11/bin:/sbin:/usr/sbin
PERL5LIB =
PERL5OPT =
PERL5_CPANPLUS_IS_RUNNING = 31540
PERL5_CPAN_IS_RUNNING = 31540
PERL_MM_USE_DEFAULT = 1
SHELL = /usr/bin/zsh
TERM = screen
Perl special variables (and OS-specific diagnostics, for MSWin32):
$^X = /home/sand/src/perl/repoperls/installed-perls/perl/v5.15.8-234-g789326d/127e/bin/perl
$UID/$EUID = 1005 / 1005
$GID = 1005 123 1005
$EGID = 1005 123 1005
Perl module toolchain versions installed:
Module Have
------------------- ------------
CPAN 1.9800
CPAN::Meta 2.120921
Cwd 3.39_02
ExtUtils::CBuilder 0.280206
ExtUtils::Command 1.17
ExtUtils::Install 1.58
ExtUtils::MakeMaker 6.63_02
ExtUtils::Manifest 1.61
ExtUtils::ParseXS 3.16
File::Spec 3.39_02
JSON 2.53
JSON::PP 2.27200
Module::Build 0.40
Module::Signature 0.68
Parse::CPAN::Meta 1.4404
Test::Harness 3.23
Test::More 1.005000_003
YAML 0.80
YAML::Syck 1.20
version 0.97
--
Summary of my perl5 (revision 5 version 15 subversion 9) configuration:
Commit id: 789326ddfc9b0148440ce6eb9de74ac655a9dc5d
Platform:
osname=linux, osvers=3.2.0-1-amd64, archname=x86_64-linux-ld
uname='linux k83 3.2.0-1-amd64 #1 smp fri feb 17 05:17:36 utc 2012 x86_64 gnulinux '
config_args='-Dprefix=/home/src/perl/repoperls/installed-perls/perl/v5.15.8-234-g789326d/127e -Dmyhostname=k83 -Dinstallusrbinperl=n -Uversiononly -Dusedevel -des -Ui_db -Uuseithreads -Duselongdouble -DDEBUGGING=-g'
hint=recommended, useposix=true, d_sigaction=define
useithreads=undef, usemultiplicity=undef
useperlio=define, d_sfio=undef, uselargefiles=define, usesocks=undef
use64bitint=define, use64bitall=define, uselongdouble=define
usemymalloc=n, bincompat5005=undef
Compiler:
cc='cc', ccflags ='-fno-strict-aliasing -pipe -fstack-protector -I/usr/local/include -D_LARGEFILE_SOURCE -D_FILE_OFFSET_BITS=64',
optimize='-O2 -g',
cppflags='-fno-strict-aliasing -pipe -fstack-protector -I/usr/local/include'
ccversion='', gccversion='4.6.3', gccosandvers=''
intsize=4, longsize=8, ptrsize=8, doublesize=8, byteorder=12345678
d_longlong=define, longlongsize=8, d_longdbl=define, longdblsize=16
ivtype='long', ivsize=8, nvtype='long double', nvsize=16, Off_t='off_t', lseeksize=8
alignbytes=16, prototype=define
Linker and Libraries:
ld='cc', ldflags =' -fstack-protector -L/usr/local/lib'
libpth=/usr/local/lib /lib/x86_64-linux-gnu /lib/../lib /usr/lib/x86_64-linux-gnu /usr/lib/../lib /lib /usr/lib
libs=-lnsl -ldb -ldl -lm -lcrypt -lutil -lc
perllibs=-lnsl -ldl -lm -lcrypt -lutil -lc
libc=, so=so, useshrplib=false, libperl=libperl.a
gnulibc_version='2.13'
Dynamic Linking:
dlsrc=dl_dlopen.xs, dlext=so, d_dlsymun=undef, ccdlflags='-Wl,-E'
cccdlflags='-fPIC', lddlflags='-shared -O2 -g -L/usr/local/lib -fstack-protector'
Characteristics of this binary (from libperl):
Compile-time options: HAS_TIMES PERLIO_LAYERS PERL_DONT_CREATE_GVSV
PERL_MALLOC_WRAP PERL_PRESERVE_IVUV PERL_USE_DEVEL
USE_64_BIT_ALL USE_64_BIT_INT USE_LARGE_FILES
USE_LOCALE USE_LOCALE_COLLATE USE_LOCALE_CTYPE
USE_LOCALE_NUMERIC USE_LONG_DOUBLE USE_PERLIO
USE_PERL_ATOF
Built under linux
Compiled at Mar 20 2012 15:53:15
%ENV:
PERL5LIB=""
PERL5OPT=""
PERL5_CPANPLUS_IS_RUNNING="31540"
PERL5_CPAN_IS_RUNNING="31540"
PERL_MM_USE_DEFAULT="1"
@INC:
/home/src/perl/repoperls/installed-perls/perl/v5.15.8-234-g789326d/127e/lib/site_perl/5.15.9/x86_64-linux-ld
/home/src/perl/repoperls/installed-perls/perl/v5.15.8-234-g789326d/127e/lib/site_perl/5.15.9
/home/src/perl/repoperls/installed-perls/perl/v5.15.8-234-g789326d/127e/lib/5.15.9/x86_64-linux-ld
/home/src/perl/repoperls/installed-perls/perl/v5.15.8-234-g789326d/127e/lib/5.15.9
.