Report for HTML-FromText-2.05

Back
From: metabase:user:9820532a-708b-1014-9a05-b18a96298da1
Subject: FAIL HTML-FromText-2.05 v5.15.3 GNU/Linux
Date: 2011-10-11T13:36:30Z

This distribution has been tested as part of the CPAN Testers
project, supporting the Perl programming language.  See
http://wiki.cpantesters.org/ for more information or email
questions to cpan-testers-discuss@perl.org


--
Dear Casey West,

This is a computer-generated report for HTML-FromText-2.05
on perl 5.15.3, created by CPAN-Reporter-1.2002.

Thank you for uploading your work to CPAN.  However, there was a problem
testing your distribution.

If you think this report is invalid, please consult the CPAN Testers Wiki
for suggestions on how to avoid getting FAIL reports for missing library
or binary dependencies, unsupported operating systems, and so on:

http://wiki.cpantesters.org/wiki/CPANAuthorNotes

Sections of this report:

    * Tester comments
    * Program output
    * Prerequisites
    * Environment and other context

------------------------------
TESTER COMMENTS
------------------------------

Additional comments from tester:

this report is from an automated smoke testing program
and was not reviewed by a human for accuracy

------------------------------
PROGRAM OUTPUT
------------------------------

Output from '/usr/bin/make test':

PERL_DL_NONLAZY=1 /home/bri/perl5/perlbrew/perls/perl-5.15.3-th/bin/perl5.15.3 "-MExtUtils::Command::MM" "-e" "test_harness(0, 'blib/lib', 'blib/arch')" t/*.t

#   Failed test 'indented tables with normal para'
#   at t/01_features.t line 286.
#          got: '<table class="hft-tables">
#   <tr><td>http://www.pm.org</td><td>Perl Mongers</td></tr>
#   <tr><td>http://perl.com</td><td>O&#39;Reilly Perl Center</td></tr>
#   <tr><td>http://lists.perl.org</td><td>List of Mailing Lists</td></tr>
#   <tr><td>http://use.perl.org</td><td>Perl News and Community Journals</td></tr>
#   <tr><td>http://perl.apache.org</td><td>mod_perl</td></tr>
#   <tr><td>http://theperlreview.com</td><td>The Perl Review</td></tr>
# </table>
# '
#     expected: '<table class="hft-tables">
#   <tr><td>http://www.pm.org</td><td>Perl Mongers</td></tr>
#   <tr><td>http://perl.com</td><td>O'Reilly Perl Center</td></tr>
#   <tr><td>http://lists.perl.org</td><td>List of Mailing Lists</td></tr>
#   <tr><td>http://use.perl.org</td><td>Perl News and Community Journals</td></tr>
#   <tr><td>http://perl.apache.org</td><td>mod_perl</td></tr>
#   <tr><td>http://theperlreview.com</td><td>The Perl Review</td></tr>
# </table>
# '
# Looks like you failed 1 test of 28.
t/01_features.t .. 
Dubious, test returned 1 (wstat 256, 0x100)
Failed 1/28 subtests 

#   Failed test 'complex bullets'
#   at t/02_v2.01.t line 78.
#          got: '<ul class="hft-bullets">
# <li> Fast, powerful and extensible template processing system. </li>
#  <ul class="hft-bullets">
#  <li>         Powerful presentation language supports all standard templating directives, e.g. variable substitution, includes, conditionals,
#           loops. </li>
#    <ul class="hft-bullets">
#    <li>       Many additional features such as output filtering, exception handling, macro definition, support for plugin objects, definition
#           of template metadata, embedded Perl code (only enabled by EVAL_PERL option), definition of template blocks, a &#39;switch&#39;
#           statement, and more. </li>
#    <li>       Full support for complex Perl data types such as hashes, lists, objects and sub-routine references. </li>
#    </ul>
#   <li>        Clear separation of concerns between user interface (templates), application code (Perl objects/sub-routines) and data
#           (Perl data). </li>
#    <ul class="hft-bullets">
#    <li>       Programmer-centric back end, allowing application logic and data structures to be built in Perl. </li>
#    <li>       Designer-centric front end, hiding underlying complexity behind simple variable access. </li>
#    <li>       Templates are compiled to Perl code for maximum runtime efficiency and performance. Compiled templates are cached
#           and can be written to disk in &quot;compiled form&quot; (e.g. Perl code) to achieve cache persistance. </li>
#     <ul class="hft-bullets">
#     <li>      Well suited to online dynamic web content generation (e.g. Apache/mod_perl). </li>
#     <li>      Also has excellent support for offline batch processing for generating static pages (e.g. HTML, POD, LaTeX, PostScript,
#           plain text) from source templates. </li>
#      <ul class="hft-bullets">
#      <li>     Comprehensive documentation including tutorial and reference manuals. </li>
#      <li>     Fully Open Source and Free </li>
# </ul>
# </ul>
# </ul>
# </ul>
# </ul>
# '
#     expected: '<ul class="hft-bullets">
# <li> Fast, powerful and extensible template processing system. </li>
#  <ul class="hft-bullets">
#  <li>         Powerful presentation language supports all standard templating directives, e.g. variable substitution, includes, conditionals,
#           loops. </li>
#    <ul class="hft-bullets">
#    <li>       Many additional features such as output filtering, exception handling, macro definition, support for plugin objects, definition
#           of template metadata, embedded Perl code (only enabled by EVAL_PERL option), definition of template blocks, a 'switch'
#           statement, and more. </li>
#    <li>       Full support for complex Perl data types such as hashes, lists, objects and sub-routine references. </li>
#    </ul>
#   <li>        Clear separation of concerns between user interface (templates), application code (Perl objects/sub-routines) and data
#           (Perl data). </li>
#    <ul class="hft-bullets">
#    <li>       Programmer-centric back end, allowing application logic and data structures to be built in Perl. </li>
#    <li>       Designer-centric front end, hiding underlying complexity behind simple variable access. </li>
#    <li>       Templates are compiled to Perl code for maximum runtime efficiency and performance. Compiled templates are cached
#           and can be written to disk in &quot;compiled form&quot; (e.g. Perl code) to achieve cache persistance. </li>
#     <ul class="hft-bullets">
#     <li>      Well suited to online dynamic web content generation (e.g. Apache/mod_perl). </li>
#     <li>      Also has excellent support for offline batch processing for generating static pages (e.g. HTML, POD, LaTeX, PostScript,
#           plain text) from source templates. </li>
#      <ul class="hft-bullets">
#      <li>     Comprehensive documentation including tutorial and reference manuals. </li>
#      <li>     Fully Open Source and Free </li>
# </ul>
# </ul>
# </ul>
# </ul>
# </ul>
# '
# Looks like you failed 1 test of 6.
t/02_v2.01.t ..... 
Dubious, test returned 1 (wstat 256, 0x100)
Failed 1/6 subtests 
t/03_v2.02.t ..... ok
t/04_v2.03.t ..... ok
t/05_v2.04.t ..... ok
t/06_v2.05.t ..... ok
t/99_pod.t ....... ok

Test Summary Report
-------------------
t/01_features.t (Wstat: 256 Tests: 28 Failed: 1)
  Failed test:  28
  Non-zero exit status: 1
t/02_v2.01.t   (Wstat: 256 Tests: 6 Failed: 1)
  Failed test:  6
  Non-zero exit status: 1
Files=7, Tests=55,  1 wallclock secs ( 0.05 usr  0.00 sys +  0.34 cusr  0.05 csys =  0.44 CPU)
Result: FAIL
Failed 2/7 test programs. 2/55 subtests failed.
make: *** [test_dynamic] Error 255

------------------------------
PREREQUISITES
------------------------------

Prerequisite modules loaded:

requires:

    Module                Need    Have     
    --------------------- ------- ---------
    Email::Find::addrspec 0.09    0.09     
    Exporter::Lite        0.01    0.02     
    HTML::Entities        1.26    3.68     
    Scalar::Util          1.12    1.23     
    Test::More            0.47    0.98     
    Text::Tabs            98.1128 2009.0305

build_requires:

    Module                Need    Have     
    --------------------- ------- ---------
    ExtUtils::MakeMaker   0       6.58     


------------------------------
ENVIRONMENT AND OTHER CONTEXT
------------------------------

Environment variables:

    AUTOMATED_TESTING = 1
    LANG = C
    LANGUAGE = en_GB:en
    LC_ALL = C
    PATH = /home/bri/bin:/home/bri/perl5/perlbrew/bin:/home/bri/perl5/perlbrew/perls/perl-5.15.3-th/bin:~/bin:/usr/local/sbin:/usr/local/bin:/usr/sbin:/usr/bin:/sbin:/bin:/usr/games
    PATH_WITHOUT_PERLBREW = ~/bin:/usr/local/sbin:/usr/local/bin:/usr/sbin:/usr/bin:/sbin:/bin:/usr/games
    PERL5LIB = 
    PERL5OPT = 
    PERL5_CPANPLUS_IS_RUNNING = 2515
    PERL5_CPAN_IS_RUNNING = 2515
    PERL5_CPAN_IS_RUNNING_IN_RECURSION = 1882,2515
    PERLBREW_HOME = /home/bri/.perlbrew
    PERLBREW_PATH = /home/bri/perl5/perlbrew/bin:/home/bri/perl5/perlbrew/perls/perl-5.15.3-th/bin
    PERLBREW_PERL = perl-5.15.3-th
    PERLBREW_ROOT = /home/bri/perl5/perlbrew
    PERLBREW_VERSION = 0.29
    PERL_CPANM_OPT = --prompt --mirror http://172.16.1.3/cpan/
    PERL_CR_SMOKER_CURRENT = Slash-OurNet-1.41
    PERL_EXTUTILS_AUTOINSTALL = --defaultdeps
    PERL_MM_USE_DEFAULT = 1
    SHELL = /bin/bash
    TERM = linux

Perl special variables (and OS-specific diagnostics, for MSWin32):

    $^X = /home/bri/perl5/perlbrew/perls/perl-5.15.3-th/bin/perl5.15.3
    $UID/$EUID = 1000 / 1000
    $GID = 1000 4 20 24 46 112 120 122 1000
    $EGID = 1000 4 20 24 46 112 120 122 1000

Perl module toolchain versions installed:

    Module              Have    
    ------------------- --------
    CPAN                1.9800  
    CPAN::Meta          2.112621
    Cwd                 3.37    
    ExtUtils::CBuilder  0.280202
    ExtUtils::Command   1.17    
    ExtUtils::Install   1.57    
    ExtUtils::MakeMaker 6.58    
    ExtUtils::Manifest  1.60    
    ExtUtils::ParseXS   3.05    
    File::Spec          3.34    
    JSON                2.53    
    JSON::PP            2.27200 
    Module::Build       0.3800  
    Module::Signature   n/a     
    Parse::CPAN::Meta   1.4401  
    Test::Harness       3.23    
    Test::More          0.98    
    YAML                0.73    
    YAML::Syck          n/a     
    version             0.94    


--

Summary of my perl5 (revision 5 version 15 subversion 3) configuration:
   
  Platform:
    osname=linux, osvers=2.6.38-11-generic, archname=i686-linux-thread-multi
    uname='linux lappy 2.6.38-11-generic #48-ubuntu smp fri jul 29 19:05:14 utc 2011 i686 i686 i386 gnulinux '
    config_args='-de -Dprefix=/home/bri/perl5/perlbrew/perls/perl-5.15.3-th -Dusethreads -Dusedevel'
    hint=recommended, useposix=true, d_sigaction=define
    useithreads=define, usemultiplicity=define
    useperlio=define, d_sfio=undef, uselargefiles=define, usesocks=undef
    use64bitint=undef, use64bitall=undef, uselongdouble=undef
    usemymalloc=n, bincompat5005=undef
  Compiler:
    cc='cc', ccflags ='-D_REENTRANT -D_GNU_SOURCE -fno-strict-aliasing -pipe -fstack-protector -I/usr/local/include -D_LARGEFILE_SOURCE -D_FILE_OFFSET_BITS=64',
    optimize='-O2',
    cppflags='-D_REENTRANT -D_GNU_SOURCE -fno-strict-aliasing -pipe -fstack-protector -I/usr/local/include'
    ccversion='', gccversion='4.5.2', gccosandvers=''
    intsize=4, longsize=4, ptrsize=4, doublesize=8, byteorder=1234
    d_longlong=define, longlongsize=8, d_longdbl=define, longdblsize=12
    ivtype='long', ivsize=4, nvtype='double', nvsize=8, Off_t='off_t', lseeksize=8
    alignbytes=4, prototype=define
  Linker and Libraries:
    ld='cc', ldflags =' -fstack-protector -L/usr/local/lib'
    libpth=/usr/local/lib /lib /usr/lib /usr/lib/i386-linux-gnu /usr/lib64
    libs=-lnsl -ldl -lm -lcrypt -lutil -lpthread -lc
    perllibs=-lnsl -ldl -lm -lcrypt -lutil -lpthread -lc
    libc=, so=so, useshrplib=false, libperl=libperl.a
    gnulibc_version='2.13'
  Dynamic Linking:
    dlsrc=dl_dlopen.xs, dlext=so, d_dlsymun=undef, ccdlflags='-Wl,-E'
    cccdlflags='-fPIC', lddlflags='-shared -O2 -L/usr/local/lib -fstack-protector'


Characteristics of this binary (from libperl): 
  Compile-time options: HAS_TIMES MULTIPLICITY PERLIO_LAYERS
                        PERL_DONT_CREATE_GVSV PERL_IMPLICIT_CONTEXT
                        PERL_MALLOC_WRAP PERL_PRESERVE_IVUV PERL_USE_DEVEL
                        USE_ITHREADS USE_LARGE_FILES USE_LOCALE
                        USE_LOCALE_COLLATE USE_LOCALE_CTYPE
                        USE_LOCALE_NUMERIC USE_PERLIO USE_PERL_ATOF
                        USE_REENTRANT_API
  Built under linux
  Compiled at Oct  7 2011 21:33:17
  %ENV:
    PERL5LIB=""
    PERL5OPT=""
    PERL5_CPANPLUS_IS_RUNNING="2515"
    PERL5_CPAN_IS_RUNNING="2515"
    PERL5_CPAN_IS_RUNNING_IN_RECURSION="1882,2515"
    PERLBREW_HOME="/home/bri/.perlbrew"
    PERLBREW_PATH="/home/bri/perl5/perlbrew/bin:/home/bri/perl5/perlbrew/perls/perl-5.15.3-th/bin"
    PERLBREW_PERL="perl-5.15.3-th"
    PERLBREW_ROOT="/home/bri/perl5/perlbrew"
    PERLBREW_VERSION="0.29"
    PERL_CPANM_OPT="--prompt --mirror http://172.16.1.3/cpan/"
    PERL_CR_SMOKER_CURRENT="Slash-OurNet-1.41"
    PERL_EXTUTILS_AUTOINSTALL="--defaultdeps"
    PERL_MM_USE_DEFAULT="1"
  @INC:
    /home/bri/perl5/perlbrew/perls/perl-5.15.3-th/lib/site_perl/5.15.3/i686-linux-thread-multi
    /home/bri/perl5/perlbrew/perls/perl-5.15.3-th/lib/site_perl/5.15.3
    /home/bri/perl5/perlbrew/perls/perl-5.15.3-th/lib/5.15.3/i686-linux-thread-multi
    /home/bri/perl5/perlbrew/perls/perl-5.15.3-th/lib/5.15.3
    .