MogileFS-Server v2.73 Perl 5 v5.22.3 x86_64-linux-ld

Status
Fail
From
Slaven Rezić (SREZIC)
Dist
MogileFS-Server v2.73
Platform
Perl 5 v5.22.3 x86_64-linux-ld
Date
2018-01-19 23:11:06
ID
06ed34b4-fd6e-11e7-b08a-948c18f9dae9
This distribution has been tested as part of the CPAN Testers
project, supporting the Perl programming language.  See
http://wiki.cpantesters.org/ for more information or email
questions to cpan-testers-discuss@perl.org


--
Dear Alan Kasindorf,

This is a computer-generated report for MogileFS-Server-2.73
on perl 5.22.3, created by CPAN-Reporter-1.2018.

Thank you for uploading your work to CPAN.  However, there was a problem
testing your distribution.

If you think this report is invalid, please consult the CPAN Testers Wiki
for suggestions on how to avoid getting FAIL reports for missing library
or binary dependencies, unsupported operating systems, and so on:

http://wiki.cpantesters.org/wiki/CPANAuthorNotes

Sections of this report:

    * Tester comments
    * Program output
    * Prerequisites
    * Environment and other context

------------------------------
TESTER COMMENTS
------------------------------

Additional comments from tester:

none provided

------------------------------
PROGRAM OUTPUT
------------------------------

Output from '/usr/bin/make test':

PERL_DL_NONLAZY=1 "/opt/perl-5.22.3D/bin/perl" "-MExtUtils::Command::MM" "-MTest::Harness" "-e" "undef *Test::Harness::Switches; test_harness(0, 'blib/lib', 'blib/arch')" t/*.t
Can't find mogadm utility mogadm executable not found.

t/00-startup.t ................ skipped: Can't find mogadm executable, necessary for testing.
t/01-domain-class.t ........... ok
t/02-host-device.t ............ ok
Can't find mogadm utility mogadm executable not found.

t/10-weighting.t .............. skipped: Can't find mogadm executable, necessary for testing.
Can't find mogadm utility mogadm executable not found.

t/20-filepaths.t .............. skipped: Can't find mogadm executable, necessary for testing.
Can't find mogadm utility mogadm executable not found.

t/30-rebalance.t .............. skipped: Can't find mogadm executable, necessary for testing.
Can't find mogadm utility mogadm executable not found.

t/40-httpfile.t ............... skipped: Can't find mogadm executable, necessary for testing.
Can't find mogadm utility mogadm executable not found.

t/50-checksum.t ............... skipped: Can't find mogadm executable, necessary for testing.
Can't find mogadm utility mogadm executable not found.

t/51-checksum_class_change.t .. skipped: Can't find mogadm executable, necessary for testing.
Can't find mogadm utility mogadm executable not found.

t/60-fsck.t ................... skipped: Can't find mogadm executable, necessary for testing.
Can't find mogadm utility mogadm executable not found.

t/70-reaper.t ................. skipped: Can't find mogadm executable, necessary for testing.
t/80-job_master.t ............. ok
t/checksum.t .................. ok
t/fid-stat.t .................. ok
t/http.t ...................... ok
(No info could be read for "-p": geteuid()=1023 but you should be root.)
mogstored won't daemonize with $ENV{MOGSTORED_RUN_WITHOUT_AIO} set.

#   Failed test 'started daemonized mogstored'
#   at t/mogstored-shutdown.t line 23.
(No info could be read for "-p": geteuid()=1023 but you should be root.)
Use of uninitialized value $exist in concatenation (.) or string at t/mogstored-shutdown.t line 28.
exist = 
wasn't able to start up. at t/mogstored-shutdown.t line 33.
# Tests were run but no plan was declared and done_testing() was not seen.
# Looks like your test exited with 255 just after 1.
t/mogstored-shutdown.t ........ 
Dubious, test returned 255 (wstat 65280, 0xff00)
Failed 1/1 subtests 
t/multiple-devices-replpol.t .. ok
t/multiple-hosts-replpol.t .... ok
t/replpolicy-parsing.t ........ ok
t/replpolicy.t ................ ok
t/store-sqlite.t .............. ok
t/store.t ..................... ok
t/util.t ...................... ok

Test Summary Report
-------------------
t/mogstored-shutdown.t      (Wstat: 65280 Tests: 1 Failed: 1)
  Failed test:  1
  Non-zero exit status: 255
  Parse errors: No plan found in TAP output
Files=23, Tests=349, 22 wallclock secs ( 0.07 usr  0.08 sys +  3.07 cusr  0.75 csys =  3.97 CPU)
Result: FAIL
Failed 1/23 test programs. 1/349 subtests failed.
Makefile:1166: recipe for target 'test_dynamic' failed
make: *** [test_dynamic] Error 255

------------------------------
PREREQUISITES
------------------------------

Prerequisite modules loaded:

requires:

    Module              Need Have    
    ------------------- ---- --------
    Danga::Socket       1.56 1.61    
    DBI                 0    1.636   
    fields              0    2.17    
    Getopt::Long        0    2.45    
    IO::AIO             0    4.34    
    MogileFS::Client    0    1.17    
    Net::Netmask        0    1.9022  
    Perlbal             1.79 1.80    
    Symbol              0    1.07    
    Sys::Syscall        0.22 0.25    
    Sys::Syslog         0    0.33_01 
    Test::More          0.88 1.302086

build_requires:

    Module              Need Have    
    ------------------- ---- --------
    ExtUtils::MakeMaker 0    7.04_02 

configure_requires:

    Module              Need Have    
    ------------------- ---- --------
    ExtUtils::MakeMaker 0    7.04_02 


------------------------------
ENVIRONMENT AND OTHER CONTEXT
------------------------------

Environment variables:

    LANG = C
    PATH = /usr/local/bin:/usr/bin:/bin:/usr/local/sbin:/usr/sbin:/sbin:/home/cpansand/bin/linux-gnu:/home/cpansand/bin/sh:/home/cpansand/bin:/usr/games:/home/cpansand/devel:/home/eserte/src/srezic-misc/scripts
    PERL5LIB = /home/cpansand/.cpan/build/2018011921/MogileFS-Client-1.17-Irqvkw/blib/arch:/home/cpansand/.cpan/build/2018011921/MogileFS-Client-1.17-Irqvkw/blib/lib:/home/cpansand/.cpan/build/2018011921/IO-AIO-4.34-Z8P5jc/blib/arch:/home/cpansand/.cpan/build/2018011921/IO-AIO-4.34-Z8P5jc/blib/lib:/home/cpansand/.cpan/build/2018011921/Net-Netmask-1.9022-bwFoij/blib/arch:/home/cpansand/.cpan/build/2018011921/Net-Netmask-1.9022-bwFoij/blib/lib:/home/cpansand/.cpan/build/2018011921/Perlbal-1.80-ATTKBW/blib/arch:/home/cpansand/.cpan/build/2018011921/Perlbal-1.80-ATTKBW/blib/lib:/home/cpansand/.cpan/build/2018011921/Danga-Socket-1.61-f4RTB2/blib/arch:/home/cpansand/.cpan/build/2018011921/Danga-Socket-1.61-f4RTB2/blib/lib:/home/cpansand/.cpan/build/2018011921/Sys-Syscall-0.25-LiPJMs/blib/arch:/home/cpansand/.cpan/build/2018011921/Sys-Syscall-0.25-LiPJMs/blib/lib
    PERL5OPT = 
    PERL5_CPANPLUS_IS_RUNNING = 15756
    PERL5_CPAN_IS_RUNNING = 15756
    PERL5_CPAN_IS_RUNNING_IN_RECURSION = 15739,15756
    PERLDOC = -MPod::Perldoc::ToTextOverstrike
    PERL_BATCH = yes
    PERL_CANARY_STABILITY_NOPROMPT = 1
    PERL_CPAN_REPORTER_CONFIG = /var/tmp/cpansmoker-1023/2018011921/cpanreporter_001_config.ini
    PERL_EXTUTILS_AUTOINSTALL = --defaultdeps
    SHELL = /usr/bin/zsh
    TERM = screen
    TMPDIR = /var/tmp/cpansmoker-1023/2018011921

Perl special variables (and OS-specific diagnostics, for MSWin32):

    $^X = /opt/perl-5.22.3D/bin/perl
    $UID/$EUID = 1023 / 1023
    $GID = 1023 1023
    $EGID = 1023 1023

Perl module toolchain versions installed:

    Module              Have      
    ------------------- ----------
    CPAN                2.11_01   
    CPAN::Meta          2.150001  
    Cwd                 3.56_02   
    ExtUtils::CBuilder  0.280221  
    ExtUtils::Command   1.20_01   
    ExtUtils::Install   2.04      
    ExtUtils::MakeMaker 7.04_02   
    ExtUtils::Manifest  1.70      
    ExtUtils::ParseXS   3.28      
    File::Spec          3.56_02   
    JSON                2.94      
    JSON::PP            2.27300_01
    Module::Build       0.4224    
    Module::Signature   0.81      
    Parse::CPAN::Meta   1.4414_001
    Test::Harness       3.35_01   
    Test::More          1.302086  
    YAML                1.23      
    YAML::Syck          1.30      
    version             0.9909    


--

Summary of my perl5 (revision 5 version 22 subversion 3) configuration:
   
  Platform:
    osname=linux, osvers=3.16.0-4-amd64, archname=x86_64-linux-ld
    uname='linux debian8 3.16.0-4-amd64 #1 smp debian 3.16.43-2+deb8u1 (2017-06-18) x86_64 gnulinux '
    config_args='-ds -e -Dprefix=/opt/perl-5.22.3D -Duselongdouble -Dcf_email=srezic@cpan.org'
    hint=recommended, useposix=true, d_sigaction=define
    useithreads=undef, usemultiplicity=undef
    use64bitint=define, use64bitall=define, uselongdouble=define
    usemymalloc=n, bincompat5005=undef
  Compiler:
    cc='cc', ccflags ='-fwrapv -fno-strict-aliasing -pipe -fstack-protector-strong -I/usr/local/include -D_LARGEFILE_SOURCE -D_FILE_OFFSET_BITS=64 -D_FORTIFY_SOURCE=2',
    optimize='-O2',
    cppflags='-fwrapv -fno-strict-aliasing -pipe -fstack-protector-strong -I/usr/local/include'
    ccversion='', gccversion='4.9.2', gccosandvers=''
    intsize=4, longsize=8, ptrsize=8, doublesize=8, byteorder=12345678, doublekind=3
    d_longlong=define, longlongsize=8, d_longdbl=define, longdblsize=16, longdblkind=3
    ivtype='long', ivsize=8, nvtype='long double', nvsize=16, Off_t='off_t', lseeksize=8
    alignbytes=16, prototype=define
  Linker and Libraries:
    ld='cc', ldflags =' -fstack-protector-strong -L/usr/local/lib'
    libpth=/usr/local/lib /usr/lib/gcc/x86_64-linux-gnu/4.9/include-fixed /usr/include/x86_64-linux-gnu /usr/lib /lib/x86_64-linux-gnu /lib/../lib /usr/lib/x86_64-linux-gnu /usr/lib/../lib /lib
    libs=-lpthread -lnsl -lgdbm -ldb -ldl -lm -lcrypt -lutil -lc -lgdbm_compat
    perllibs=-lpthread -lnsl -ldl -lm -lcrypt -lutil -lc
    libc=libc-2.19.so, so=so, useshrplib=false, libperl=libperl.a
    gnulibc_version='2.19'
  Dynamic Linking:
    dlsrc=dl_dlopen.xs, dlext=so, d_dlsymun=undef, ccdlflags='-Wl,-E'
    cccdlflags='-fPIC', lddlflags='-shared -O2 -L/usr/local/lib -fstack-protector-strong'


Characteristics of this binary (from libperl): 
  Compile-time options: HAS_TIMES PERLIO_LAYERS PERL_DONT_CREATE_GVSV
                        PERL_HASH_FUNC_ONE_AT_A_TIME_HARD PERL_MALLOC_WRAP
                        PERL_NEW_COPY_ON_WRITE PERL_PRESERVE_IVUV
                        USE_64_BIT_ALL USE_64_BIT_INT USE_LARGE_FILES
                        USE_LOCALE USE_LOCALE_COLLATE USE_LOCALE_CTYPE
                        USE_LOCALE_NUMERIC USE_LOCALE_TIME USE_LONG_DOUBLE
                        USE_PERLIO USE_PERL_ATOF
  Built under linux
  Compiled at Jun 27 2017 20:04:01
  %ENV:
    PERL5LIB="/home/cpansand/.cpan/build/2018011921/MogileFS-Client-1.17-Irqvkw/blib/arch:/home/cpansand/.cpan/build/2018011921/MogileFS-Client-1.17-Irqvkw/blib/lib:/home/cpansand/.cpan/build/2018011921/IO-AIO-4.34-Z8P5jc/blib/arch:/home/cpansand/.cpan/build/2018011921/IO-AIO-4.34-Z8P5jc/blib/lib:/home/cpansand/.cpan/build/2018011921/Net-Netmask-1.9022-bwFoij/blib/arch:/home/cpansand/.cpan/build/2018011921/Net-Netmask-1.9022-bwFoij/blib/lib:/home/cpansand/.cpan/build/2018011921/Perlbal-1.80-ATTKBW/blib/arch:/home/cpansand/.cpan/build/2018011921/Perlbal-1.80-ATTKBW/blib/lib:/home/cpansand/.cpan/build/2018011921/Danga-Socket-1.61-f4RTB2/blib/arch:/home/cpansand/.cpan/build/2018011921/Danga-Socket-1.61-f4RTB2/blib/lib:/home/cpansand/.cpan/build/2018011921/Sys-Syscall-0.25-LiPJMs/blib/arch:/home/cpansand/.cpan/build/2018011921/Sys-Syscall-0.25-LiPJMs/blib/lib"
    PERL5OPT=""
    PERL5_CPANPLUS_IS_RUNNING="15756"
    PERL5_CPAN_IS_RUNNING="15756"
    PERL5_CPAN_IS_RUNNING_IN_RECURSION="15739,15756"
    PERLDOC="-MPod::Perldoc::ToTextOverstrike"
    PERL_BATCH="yes"
    PERL_CANARY_STABILITY_NOPROMPT="1"
    PERL_CPAN_REPORTER_CONFIG="/var/tmp/cpansmoker-1023/2018011921/cpanreporter_001_config.ini"
    PERL_EXTUTILS_AUTOINSTALL="--defaultdeps"
  @INC:
    /home/cpansand/.cpan/build/2018011921/MogileFS-Client-1.17-Irqvkw/blib/arch
    /home/cpansand/.cpan/build/2018011921/MogileFS-Client-1.17-Irqvkw/blib/lib
    /home/cpansand/.cpan/build/2018011921/IO-AIO-4.34-Z8P5jc/blib/arch
    /home/cpansand/.cpan/build/2018011921/IO-AIO-4.34-Z8P5jc/blib/lib
    /home/cpansand/.cpan/build/2018011921/Net-Netmask-1.9022-bwFoij/blib/arch
    /home/cpansand/.cpan/build/2018011921/Net-Netmask-1.9022-bwFoij/blib/lib
    /home/cpansand/.cpan/build/2018011921/Perlbal-1.80-ATTKBW/blib/arch
    /home/cpansand/.cpan/build/2018011921/Perlbal-1.80-ATTKBW/blib/lib
    /home/cpansand/.cpan/build/2018011921/Danga-Socket-1.61-f4RTB2/blib/arch
    /home/cpansand/.cpan/build/2018011921/Danga-Socket-1.61-f4RTB2/blib/lib
    /home/cpansand/.cpan/build/2018011921/Sys-Syscall-0.25-LiPJMs/blib/arch
    /home/cpansand/.cpan/build/2018011921/Sys-Syscall-0.25-LiPJMs/blib/lib
    /opt/perl-5.22.3D/lib/site_perl/5.22.3/x86_64-linux-ld
    /opt/perl-5.22.3D/lib/site_perl/5.22.3
    /opt/perl-5.22.3D/lib/5.22.3/x86_64-linux-ld
    /opt/perl-5.22.3D/lib/5.22.3
    .