Report for mRuby-0.10

Back
From: metabase:user:320bfe00-2aae-11df-837a-5e0a49663a4f
Subject: FAIL mRuby-0.10 v5.12.5 GNU/Linux
Date: 2015-06-26T00:12:27Z

This distribution has been tested as part of the CPAN Testers
project, supporting the Perl programming language.  See
http://wiki.cpantesters.org/ for more information or email
questions to cpan-testers-discuss@perl.org


--
Dear karupanerura,

This is a computer-generated report for mRuby-0.10
on perl 5.12.5, created by CPAN-Reporter-1.2014.

Thank you for uploading your work to CPAN.  However, there was a problem
testing your distribution.

If you think this report is invalid, please consult the CPAN Testers Wiki
for suggestions on how to avoid getting FAIL reports for missing library
or binary dependencies, unsupported operating systems, and so on:

http://wiki.cpantesters.org/wiki/CPANAuthorNotes

Sections of this report:

    * Tester comments
    * Program output
    * Prerequisites
    * Environment and other context

------------------------------
TESTER COMMENTS
------------------------------

Additional comments from tester:

this report is from an automated smoke testing program
and was not reviewed by a human for accuracy

------------------------------
PROGRAM OUTPUT
------------------------------

Output from './Build test':

ruby ./minirake
(in /tmp/loop_over_bdir-11302-fvHh0e/mRuby-0.10-gDBkXJ/vendor/mruby)

Build summary:

================================================
      Config Name: host
 Output Directory: build/host
         Binaries: mrbc
    Included Gems:
             mruby-sprintf - standard Kernel#sprintf method
             mruby-print - standard print/puts/p
             mruby-math - standard Math module
             mruby-time - standard Time class
             mruby-struct - standard Struct class
             mruby-enum-ext - extensional Enumerable module
             mruby-string-ext - extensional String class
             mruby-numeric-ext - extensional Numeric class
             mruby-array-ext - extensional Array class
             mruby-hash-ext - extensional Hash class
             mruby-range-ext - extensional Range class
             mruby-proc-ext - extensional Proc class
             mruby-symbol-ext - extensional Symbol class
             mruby-random - Random class
             mruby-object-ext - extensional Object class
             mruby-objectspace - ObjectSpace class
             mruby-fiber - Fiber class
             mruby-enumerator - Enumerator class
             mruby-enum-lazy - Enumerable::Lazy class
             mruby-toplevel-ext - extended toplevel object (main) methods
             mruby-bin-mirb - mirb command
               - Binaries: mirb
             mruby-bin-mruby - mruby command
               - Binaries: mruby
             mruby-bin-strip - irep dump debug section remover command
               - Binaries: mruby-strip
             mruby-kernel-ext - extensional Kernel module
================================================

================================================
      Config Name: host-debug
 Output Directory: build/host-debug
         Binaries: mrbc
    Included Gems:
             mruby-sprintf - standard Kernel#sprintf method
             mruby-print - standard print/puts/p
             mruby-math - standard Math module
             mruby-time - standard Time class
             mruby-struct - standard Struct class
             mruby-enum-ext - extensional Enumerable module
             mruby-string-ext - extensional String class
             mruby-numeric-ext - extensional Numeric class
             mruby-array-ext - extensional Array class
             mruby-hash-ext - extensional Hash class
             mruby-range-ext - extensional Range class
             mruby-proc-ext - extensional Proc class
             mruby-symbol-ext - extensional Symbol class
             mruby-random - Random class
             mruby-object-ext - extensional Object class
             mruby-objectspace - ObjectSpace class
             mruby-fiber - Fiber class
             mruby-enumerator - Enumerator class
             mruby-enum-lazy - Enumerable::Lazy class
             mruby-toplevel-ext - extended toplevel object (main) methods
             mruby-bin-mirb - mirb command
               - Binaries: mirb
             mruby-bin-mruby - mruby command
               - Binaries: mruby
             mruby-bin-strip - irep dump debug section remover command
               - Binaries: mruby-strip
             mruby-kernel-ext - extensional Kernel module
             mruby-eval - standard Kernel#eval method
             mruby-bin-debugger - mruby debuggeer command
               - Binaries: mrdb
================================================

t/00_compile.t ... ok
t/01_simple.t .... ok
t/02_convert.t ... ok

#   Failed test 'mrb_false'
#   at t/03_overload.t line 10.
# Looks like you failed 1 test of 3.
t/03_overload.t .. 
Dubious, test returned 1 (wstat 256, 0x100)
Failed 1/3 subtests 

Test Summary Report
-------------------
t/03_overload.t (Wstat: 256 Tests: 3 Failed: 1)
  Failed test:  3
  Non-zero exit status: 1
Files=4, Tests=12,  1 wallclock secs ( 0.04 usr  0.04 sys +  0.51 cusr  0.03 csys =  0.62 CPU)
Result: FAIL
Failed 1/4 test programs. 1/12 subtests failed.

------------------------------
PREREQUISITES
------------------------------

Prerequisite modules loaded:

requires:

    Module                Need     Have    
    --------------------- -------- --------
    Encode                0        2.73    
    Exporter              5.57     5.64_01 
    parent                0        0.234   
    perl                  5.008008 5.012005

build_requires:

    Module                Need     Have    
    --------------------- -------- --------
    Cwd::Guard            0        0.04    
    File::Which           0        1.18    
    Module::Build::XSUtil 0        0.15    
    Test::More            0        1.001014

configure_requires:

    Module                Need     Have    
    --------------------- -------- --------
    Module::Build::XSUtil 0.03     0.15    


------------------------------
ENVIRONMENT AND OTHER CONTEXT
------------------------------

Environment variables:

    AUTOMATED_TESTING = 1
    LANG = en_US.UTF-8
    LANGUAGE = en_US:en
    PATH = /home/sand/bin:/usr/local/bin:/usr/bin:/bin:/usr/games:/usr/local/perl/bin:/usr/X11/bin:/sbin:/usr/sbin
    PERL5LIB = 
    PERL5OPT = 
    PERL5_CPANPLUS_IS_RUNNING = 11306
    PERL5_CPAN_IS_RUNNING = 11306
    PERL_MM_USE_DEFAULT = 1
    SHELL = /usr/bin/zsh
    TERM = screen

Perl special variables (and OS-specific diagnostics, for MSWin32):

    $^X = /home/sand/src/perl/repoperls/installed-perls/perl/v5.12.5/a2da/bin/perl
    $UID/$EUID = 1005 / 1005
    $GID = 1005 1005
    $EGID = 1005 1005

Perl module toolchain versions installed:

    Module              Have    
    ------------------- --------
    CPAN                2.10    
    CPAN::Meta          2.150005
    Cwd                 3.47    
    ExtUtils::CBuilder  0.280223
    ExtUtils::Command   1.16    
    ExtUtils::Install   1.55    
    ExtUtils::MakeMaker 7.04    
    ExtUtils::Manifest  1.70    
    ExtUtils::ParseXS   2.21    
    File::Spec          3.47    
    JSON                2.90    
    JSON::PP            2.27203 
    Module::Build       0.4214  
    Module::Signature   0.79    
    Parse::CPAN::Meta   1.4417  
    Test::Harness       3.35    
    Test::More          1.001014
    YAML                1.15    
    YAML::Syck          1.29    
    version             0.9912  


--

Summary of my perl5 (revision 5 version 12 subversion 5) configuration:
  Commit id: 9a9cbd715960a905dcbc9166349a73a64a007e4e
  Platform:
    osname=linux, osvers=4.0.0-2-amd64, archname=x86_64-linux-thread-multi-ld
    uname='linux k83 4.0.0-2-amd64 #1 smp debian 4.0.5-1 (2015-06-16) x86_64 gnulinux '
    config_args='-Dprefix=/home/sand/src/perl/repoperls/installed-perls/perl/v5.12.5/a2da -Dmyhostname=k83 -Dinstallusrbinperl=n -Uversiononly -Dusedevel -des -Ui_db -Duseithreads -Duselongdouble -DDEBUGGING=-g'
    hint=recommended, useposix=true, d_sigaction=define
    useithreads=define, usemultiplicity=define
    useperlio=define, d_sfio=undef, uselargefiles=define, usesocks=undef
    use64bitint=define, use64bitall=define, uselongdouble=define
    usemymalloc=n, bincompat5005=undef
  Compiler:
    cc='cc', ccflags ='-D_REENTRANT -D_GNU_SOURCE -fno-strict-aliasing -pipe -fstack-protector -I/usr/local/include -D_LARGEFILE_SOURCE -D_FILE_OFFSET_BITS=64',
    optimize='-O2 -g',
    cppflags='-D_REENTRANT -D_GNU_SOURCE -fno-strict-aliasing -pipe -fstack-protector -I/usr/local/include'
    ccversion='', gccversion='4.9.2', gccosandvers=''
    intsize=4, longsize=8, ptrsize=8, doublesize=8, byteorder=12345678
    d_longlong=define, longlongsize=8, d_longdbl=define, longdblsize=16
    ivtype='long', ivsize=8, nvtype='long double', nvsize=16, Off_t='off_t', lseeksize=8
    alignbytes=16, prototype=define
  Linker and Libraries:
    ld='cc', ldflags =' -fstack-protector -L/usr/local/lib'
    libpth=/usr/local/lib /lib/x86_64-linux-gnu /lib/../lib /usr/lib/x86_64-linux-gnu /usr/lib/../lib /lib /usr/lib
    libs=-lnsl -lgdbm -ldb -ldl -lm -lcrypt -lutil -lpthread -lc -lgdbm_compat
    perllibs=-lnsl -ldl -lm -lcrypt -lutil -lpthread -lc
    libc=, so=so, useshrplib=false, libperl=libperl.a
    gnulibc_version='2.19'
  Dynamic Linking:
    dlsrc=dl_dlopen.xs, dlext=so, d_dlsymun=undef, ccdlflags='-Wl,-E'
    cccdlflags='-fPIC', lddlflags='-shared -O2 -g -L/usr/local/lib -fstack-protector'


Characteristics of this binary (from libperl): 
  Compile-time options: MULTIPLICITY PERL_DONT_CREATE_GVSV
                        PERL_IMPLICIT_CONTEXT PERL_MALLOC_WRAP PERL_USE_DEVEL
                        USE_64_BIT_ALL USE_64_BIT_INT USE_ITHREADS
                        USE_LARGE_FILES USE_LONG_DOUBLE USE_PERLIO
                        USE_PERL_ATOF USE_REENTRANT_API
  Built under linux
  Compiled at Jun 21 2015 18:26:20
  %ENV:
    PERL5LIB=""
    PERL5OPT=""
    PERL5_CPANPLUS_IS_RUNNING="11306"
    PERL5_CPAN_IS_RUNNING="11306"
    PERL_MM_USE_DEFAULT="1"
  @INC:
    /home/sand/src/perl/repoperls/installed-perls/perl/v5.12.5/a2da/lib/site_perl/5.12.5/x86_64-linux-thread-multi-ld
    /home/sand/src/perl/repoperls/installed-perls/perl/v5.12.5/a2da/lib/site_perl/5.12.5
    /home/sand/src/perl/repoperls/installed-perls/perl/v5.12.5/a2da/lib/5.12.5/x86_64-linux-thread-multi-ld
    /home/sand/src/perl/repoperls/installed-perls/perl/v5.12.5/a2da/lib/5.12.5
    .