Report for Scene-Graph-0.01

Back
From: metabase:user:314402c4-2aae-11df-837a-5e0a49663a4f
Subject: FAIL Scene-Graph-0.01 v5.24.0 GNU/Linux
Date: 2017-01-30T09:32:33Z

This distribution has been tested as part of the CPAN Testers
project, supporting the Perl programming language.  See
http://wiki.cpantesters.org/ for more information or email
questions to cpan-testers-discuss@perl.org


--
Dear Cory G Watson,

This is a computer-generated report for Scene-Graph-0.01
on perl 5.24.0, created by CPAN-Reporter-1.2018.

Thank you for uploading your work to CPAN.  However, there was a problem
testing your distribution.

If you think this report is invalid, please consult the CPAN Testers Wiki
for suggestions on how to avoid getting FAIL reports for missing library
or binary dependencies, unsupported operating systems, and so on:

http://wiki.cpantesters.org/wiki/CPANAuthorNotes

Sections of this report:

    * Tester comments
    * Program output
    * Prerequisites
    * Environment and other context

------------------------------
TESTER COMMENTS
------------------------------

Additional comments from tester:

none provided

------------------------------
PROGRAM OUTPUT
------------------------------

Output from '/usr/bin/make test':

PERL_DL_NONLAZY=1 "/opt/perl-5.24.0/bin/perl5.24.0" "-MExtUtils::Command::MM" "-MTest::Harness" "-e" "undef *Test::Harness::Switches; test_harness(0, 'inc', 'blib/lib', 'blib/arch')" t/*.t
# Testing Scene::Graph 0.01, Perl 5.024000, /opt/perl-5.24.0/bin/perl5.24.0
t/00-load.t ... ok
t/simple.t .... ok
has '+attr' is not supported in roles at /opt/perl-5.24.0/lib/site_perl/5.24.0/x86_64-linux/Moose/Exporter.pm line 419
	Moose::Role::has('+is_translatable', 'default', 1) called at /home/cpansand/.cpan/build/2017013009/Scene-Graph-0.01-0/blib/lib/Scene/Graph/Node/Transforms/Translatable.pm line 6
	require Scene/Graph/Node/Transforms/Translatable.pm at /opt/perl-5.24.0/lib/site_perl/5.24.0/Module/Runtime.pm line 317
	Module::Runtime::require_module('Scene::Graph::Node::Transforms::Translatable') called at /opt/perl-5.24.0/lib/site_perl/5.24.0/Module/Runtime.pm line 381
	eval {...} at /opt/perl-5.24.0/lib/site_perl/5.24.0/Module/Runtime.pm line 381
	Module::Runtime::use_package_optimistically('Scene::Graph::Node::Transforms::Translatable') called at /opt/perl-5.24.0/lib/site_perl/5.24.0/x86_64-linux/Moose/Util.pm line 352
	Moose::Util::_load_user_class('Scene::Graph::Node::Transforms::Translatable', undef) called at /opt/perl-5.24.0/lib/site_perl/5.24.0/x86_64-linux/Moose/Util.pm line 147
	Moose::Util::_apply_all_roles('Moose::Meta::Class=HASH(0x559892487888)', undef, 'Scene::Graph::Node::Transforms::Translatable') called at /opt/perl-5.24.0/lib/site_perl/5.24.0/x86_64-linux/Moose/Util.pm line 114
	Moose::Util::apply_all_roles('Moose::Meta::Class=HASH(0x559892487888)', 'Scene::Graph::Node::Transforms::Translatable') called at /opt/perl-5.24.0/lib/site_perl/5.24.0/x86_64-linux/Moose.pm line 57
	Moose::with('Moose::Meta::Class=HASH(0x559892487888)', 'Scene::Graph::Node::Transforms::Translatable') called at /opt/perl-5.24.0/lib/site_perl/5.24.0/x86_64-linux/Moose/Exporter.pm line 419
	Moose::with('Scene::Graph::Node::Transforms::Translatable') called at /home/cpansand/.cpan/build/2017013009/Scene-Graph-0.01-0/blib/lib/Scene/Graph/Node/Spatial.pm line 6
	require Scene/Graph/Node/Spatial.pm at t/spatial.t line 5
	main::BEGIN at /home/cpansand/.cpan/build/2017013009/Scene-Graph-0.01-0/blib/lib/Scene/Graph/Node/Transforms/Translatable.pm line 0
	eval {...} at /home/cpansand/.cpan/build/2017013009/Scene-Graph-0.01-0/blib/lib/Scene/Graph/Node/Transforms/Translatable.pm line 0
Compilation failed in require at /opt/perl-5.24.0/lib/site_perl/5.24.0/Module/Runtime.pm line 317.
Compilation failed in require at t/spatial.t line 5.
BEGIN failed--compilation aborted at t/spatial.t line 5.
t/spatial.t ... 
Dubious, test returned 255 (wstat 65280, 0xff00)
No subtests run 
t/traverse.t .. ok

Test Summary Report
-------------------
t/spatial.t (Wstat: 65280 Tests: 0 Failed: 0)
  Non-zero exit status: 255
  Parse errors: No plan found in TAP output
Files=4, Tests=7,  2 wallclock secs ( 0.04 usr  0.01 sys +  1.36 cusr  0.12 csys =  1.53 CPU)
Result: FAIL
Failed 1/4 test programs. 0/7 subtests failed.
Makefile:804: recipe for target 'test_dynamic' failed
make: *** [test_dynamic] Error 255

------------------------------
PREREQUISITES
------------------------------

Prerequisite modules loaded:

requires:

    Module              Need Have    
    ------------------- ---- --------
    ExtUtils::MakeMaker 6.42 7.24    
    Geometry::Primitive 0    0.24    
    Moose               0    2.1807  
    MooseX::Clone       0    0.06    
    MooseX::Storage     0    0.52    
    Test::More          0    1.302075

build_requires:

    Module              Need Have    
    ------------------- ---- --------
    ExtUtils::MakeMaker 0    7.24    

configure_requires:

    Module              Need Have    
    ------------------- ---- --------
    ExtUtils::MakeMaker 6.42 7.24    


------------------------------
ENVIRONMENT AND OTHER CONTEXT
------------------------------

Environment variables:

    LANG = en_US.UTF-8
    LANGUAGE = en_US:en
    PATH = /usr/local/bin:/usr/bin:/bin:/usr/local/sbin:/usr/sbin:/sbin:/home/cpansand/bin/linux-gnu:/home/cpansand/bin/sh:/home/cpansand/bin:/usr/games:/home/cpansand/devel:/home/eserte/src/srezic-misc/scripts
    PERL5LIB = 
    PERL5OPT = 
    PERL5_CPANPLUS_IS_RUNNING = 13361
    PERL5_CPAN_IS_RUNNING = 13361
    PERL5_CPAN_IS_RUNNING_IN_RECURSION = 12169,13361
    PERLDOC = -MPod::Perldoc::ToTextOverstrike
    PERL_BATCH = yes
    PERL_CANARY_STABILITY_NOPROMPT = 1
    PERL_CPAN_REPORTER_CONFIG = /var/tmp/cpansmoker-1002/2017013000/cpanreporter_000_config.ini
    PERL_EXTUTILS_AUTOINSTALL = --defaultdeps
    PERL_USE_UNSAFE_INC = 1
    SHELL = /bin/zsh
    TERM = screen
    TMPDIR = /var/tmp/cpansmoker-1002/2017013000

Perl special variables (and OS-specific diagnostics, for MSWin32):

    $^X = /opt/perl-5.24.0/bin/perl5.24.0
    $UID/$EUID = 1002 / 1002
    $GID = 1002 1002
    $EGID = 1002 1002

Perl module toolchain versions installed:

    Module              Have    
    ------------------- --------
    CPAN                2.14    
    CPAN::Meta          2.150010
    Cwd                 3.63    
    ExtUtils::CBuilder  0.280224
    ExtUtils::Command   7.24    
    ExtUtils::Install   2.04    
    ExtUtils::MakeMaker 7.24    
    ExtUtils::Manifest  1.70    
    ExtUtils::ParseXS   3.30    
    File::Spec          3.63    
    JSON                2.90    
    JSON::PP            2.27400 
    Module::Build       0.4220  
    Module::Signature   0.81    
    Parse::CPAN::Meta   2.150010
    Test::Harness       3.36    
    Test::More          1.302075
    YAML                1.21    
    YAML::Syck          1.29    
    version             0.9917  


--

Summary of my perl5 (revision 5 version 24 subversion 0) configuration:
   
  Platform:
    osname=linux, osvers=4.8.0-2-amd64, archname=x86_64-linux
    uname='linux prod4 4.8.0-2-amd64 #1 smp debian 4.8.15-2 (2017-01-04) x86_64 gnulinux '
    config_args='-ds -e -Dprefix=/opt/perl-5.24.0 -Dcf_email=srezic@cpan.org'
    hint=recommended, useposix=true, d_sigaction=define
    useithreads=undef, usemultiplicity=undef
    use64bitint=define, use64bitall=define, uselongdouble=undef
    usemymalloc=n, bincompat5005=undef
  Compiler:
    cc='cc', ccflags ='-fwrapv -fno-strict-aliasing -pipe -fstack-protector-strong -I/usr/local/include -D_LARGEFILE_SOURCE -D_FILE_OFFSET_BITS=64',
    optimize='-O2',
    cppflags='-fwrapv -fno-strict-aliasing -pipe -fstack-protector-strong -I/usr/local/include'
    ccversion='', gccversion='6.2.1 20161124', gccosandvers=''
    intsize=4, longsize=8, ptrsize=8, doublesize=8, byteorder=12345678, doublekind=3
    d_longlong=define, longlongsize=8, d_longdbl=define, longdblsize=16, longdblkind=3
    ivtype='long', ivsize=8, nvtype='double', nvsize=8, Off_t='off_t', lseeksize=8
    alignbytes=8, prototype=define
  Linker and Libraries:
    ld='cc', ldflags =' -fstack-protector-strong -L/usr/local/lib'
    libpth=/usr/local/lib /usr/lib/gcc/x86_64-linux-gnu/6/include-fixed /usr/include/x86_64-linux-gnu /usr/lib /lib/x86_64-linux-gnu /lib/../lib /usr/lib/x86_64-linux-gnu /usr/lib/../lib /lib
    libs=-lpthread -lnsl -lgdbm -ldb -ldl -lm -lcrypt -lutil -lc -lgdbm_compat
    perllibs=-lpthread -lnsl -ldl -lm -lcrypt -lutil -lc
    libc=libc-2.24.so, so=so, useshrplib=false, libperl=libperl.a
    gnulibc_version='2.24'
  Dynamic Linking:
    dlsrc=dl_dlopen.xs, dlext=so, d_dlsymun=undef, ccdlflags='-Wl,-E'
    cccdlflags='-fPIC', lddlflags='-shared -O2 -L/usr/local/lib -fstack-protector-strong'


Characteristics of this binary (from libperl): 
  Compile-time options: HAS_TIMES PERLIO_LAYERS PERL_COPY_ON_WRITE
                        PERL_DONT_CREATE_GVSV
                        PERL_HASH_FUNC_ONE_AT_A_TIME_HARD PERL_MALLOC_WRAP
                        PERL_PRESERVE_IVUV USE_64_BIT_ALL USE_64_BIT_INT
                        USE_LARGE_FILES USE_LOCALE USE_LOCALE_COLLATE
                        USE_LOCALE_CTYPE USE_LOCALE_NUMERIC USE_LOCALE_TIME
                        USE_PERLIO USE_PERL_ATOF
  Built under linux
  Compiled at Jan 22 2017 18:33:18
  %ENV:
    PERL5LIB=""
    PERL5OPT=""
    PERL5_CPANPLUS_IS_RUNNING="13361"
    PERL5_CPAN_IS_RUNNING="13361"
    PERL5_CPAN_IS_RUNNING_IN_RECURSION="12169,13361"
    PERLDOC="-MPod::Perldoc::ToTextOverstrike"
    PERL_BATCH="yes"
    PERL_CANARY_STABILITY_NOPROMPT="1"
    PERL_CPAN_REPORTER_CONFIG="/var/tmp/cpansmoker-1002/2017013000/cpanreporter_000_config.ini"
    PERL_EXTUTILS_AUTOINSTALL="--defaultdeps"
    PERL_USE_UNSAFE_INC="1"
  @INC:
    /opt/perl-5.24.0/lib/site_perl/5.24.0/x86_64-linux
    /opt/perl-5.24.0/lib/site_perl/5.24.0
    /opt/perl-5.24.0/lib/5.24.0/x86_64-linux
    /opt/perl-5.24.0/lib/5.24.0
    .