Back
From: metabase:user:314402c4-2aae-11df-837a-5e0a49663a4f
Subject: FAIL Cvs-0.07 v5.18.4 GNU/Linux
Date: 2016-11-01T22:39:20Z
This distribution has been tested as part of the CPAN Testers
project, supporting the Perl programming language. See
http://wiki.cpantesters.org/ for more information or email
questions to cpan-testers-discuss@perl.org
--
Dear Olivier Poitrey,
This is a computer-generated report for Cvs-0.07
on perl 5.18.4, created by CPAN-Reporter-1.2017.
Thank you for uploading your work to CPAN. However, there was a problem
testing your distribution.
If you think this report is invalid, please consult the CPAN Testers Wiki
for suggestions on how to avoid getting FAIL reports for missing library
or binary dependencies, unsupported operating systems, and so on:
http://wiki.cpantesters.org/wiki/CPANAuthorNotes
Sections of this report:
* Tester comments
* Program output
* Prerequisites
* Environment and other context
------------------------------
TESTER COMMENTS
------------------------------
Additional comments from tester:
none provided
------------------------------
PROGRAM OUTPUT
------------------------------
Output from 'make test':
PERL_DL_NONLAZY=1 /opt/perl-5.18.4/bin/perl "-MExtUtils::Command::MM" "-e" "test_harness(0, 'blib/lib', 'blib/arch')" t/*.t
Command 'cvs' not found in /usr/local/bin, /usr/bin, /bin, /usr/local/sbin, /usr/sbin, /sbin, /home/eserte/bin/linux-gnu, /home/eserte/bin/sh, /home/eserte/bin, /home/eserte/bin/pistachio-perl/bin, /usr/games, /home/eserte/devel, /home/eserte/src/srezic-misc/scripts at /home/eserte/.cpan/build/2016110121/Cvs-0.07-gRzuNU/blib/lib/Cvs/Command/Base.pm line 113.
t/00checkout.t ..
Dubious, test returned 9 (wstat 2304, 0x900)
Failed 1/3 subtests
# Failed test 2 in t/05commit.t at line 12
# t/05commit.t line 12 is: ok($cvs);
Cannot open file `/home/eserte/.cpan/build/2016110121/Cvs-0.07-gRzuNU/cvs-test/test.txt': No such file or directory at t/05commit.t line 14.
t/05commit.t ....
Dubious, test returned 2 (wstat 512, 0x200)
Failed 4/5 subtests
# Failed test 2 in t/10status.t at line 11
# t/10status.t line 11 is: ok($cvs);
Can't call method "status" on an undefined value at t/10status.t line 13.
t/10status.t ....
Dubious, test returned 2 (wstat 512, 0x200)
Failed 10/11 subtests
# Failed test 2 in t/20tag.t at line 11
# t/20tag.t line 11 is: ok($cvs);
Can't call method "tag" on an undefined value at t/20tag.t line 13.
t/20tag.t .......
Dubious, test returned 2 (wstat 512, 0x200)
Failed 5/6 subtests
Command 'cvs' not found in /usr/local/bin, /usr/bin, /bin, /usr/local/sbin, /usr/sbin, /sbin, /home/eserte/bin/linux-gnu, /home/eserte/bin/sh, /home/eserte/bin, /home/eserte/bin/pistachio-perl/bin, /usr/games, /home/eserte/devel, /home/eserte/src/srezic-misc/scripts at /home/eserte/.cpan/build/2016110121/Cvs-0.07-gRzuNU/blib/lib/Cvs/Command/Base.pm line 113.
t/21rtag.t ......
Dubious, test returned 9 (wstat 2304, 0x900)
Failed 4/6 subtests
# Failed test 2 in t/30update.t at line 11
# t/30update.t line 11 is: ok($cvs);
Cannot open file `/home/eserte/.cpan/build/2016110121/Cvs-0.07-gRzuNU/cvs-test/test.txt': No such file or directory at t/30update.t line 13.
t/30update.t ....
Dubious, test returned 2 (wstat 512, 0x200)
Failed 5/6 subtests
# Failed test 2 in t/40diff.t at line 11
# t/40diff.t line 11 is: ok($cvs);
Cannot open file `/home/eserte/.cpan/build/2016110121/Cvs-0.07-gRzuNU/cvs-test/test.txt': No such file or directory at t/40diff.t line 13.
t/40diff.t ......
Dubious, test returned 2 (wstat 512, 0x200)
Failed 5/6 subtests
Command 'cvs' not found in /usr/local/bin, /usr/bin, /bin, /usr/local/sbin, /usr/sbin, /sbin, /home/eserte/bin/linux-gnu, /home/eserte/bin/sh, /home/eserte/bin, /home/eserte/bin/pistachio-perl/bin, /usr/games, /home/eserte/devel, /home/eserte/src/srezic-misc/scripts at /home/eserte/.cpan/build/2016110121/Cvs-0.07-gRzuNU/blib/lib/Cvs/Command/Base.pm line 113.
t/50export.t ....
Dubious, test returned 9 (wstat 2304, 0x900)
Failed 1/3 subtests
Command 'cvs' not found in /usr/local/bin, /usr/bin, /bin, /usr/local/sbin, /usr/sbin, /sbin, /home/eserte/bin/linux-gnu, /home/eserte/bin/sh, /home/eserte/bin, /home/eserte/bin/pistachio-perl/bin, /usr/games, /home/eserte/devel, /home/eserte/src/srezic-misc/scripts at /home/eserte/.cpan/build/2016110121/Cvs-0.07-gRzuNU/blib/lib/Cvs/Command/Base.pm line 113.
t/90release.t ...
Dubious, test returned 9 (wstat 2304, 0x900)
Failed 2/4 subtests
Test Summary Report
-------------------
t/00checkout.t (Wstat: 2304 Tests: 2 Failed: 0)
Non-zero exit status: 9
Parse errors: Bad plan. You planned 3 tests but ran 2.
t/05commit.t (Wstat: 512 Tests: 2 Failed: 1)
Failed test: 2
Non-zero exit status: 2
Parse errors: Bad plan. You planned 5 tests but ran 2.
t/10status.t (Wstat: 512 Tests: 2 Failed: 1)
Failed test: 2
Non-zero exit status: 2
Parse errors: Bad plan. You planned 11 tests but ran 2.
t/20tag.t (Wstat: 512 Tests: 2 Failed: 1)
Failed test: 2
Non-zero exit status: 2
Parse errors: Bad plan. You planned 6 tests but ran 2.
t/21rtag.t (Wstat: 2304 Tests: 2 Failed: 0)
Non-zero exit status: 9
Parse errors: Bad plan. You planned 6 tests but ran 2.
t/30update.t (Wstat: 512 Tests: 2 Failed: 1)
Failed test: 2
Non-zero exit status: 2
Parse errors: Bad plan. You planned 6 tests but ran 2.
t/40diff.t (Wstat: 512 Tests: 2 Failed: 1)
Failed test: 2
Non-zero exit status: 2
Parse errors: Bad plan. You planned 6 tests but ran 2.
t/50export.t (Wstat: 2304 Tests: 2 Failed: 0)
Non-zero exit status: 9
Parse errors: Bad plan. You planned 3 tests but ran 2.
t/90release.t (Wstat: 2304 Tests: 2 Failed: 0)
Non-zero exit status: 9
Parse errors: Bad plan. You planned 4 tests but ran 2.
Files=9, Tests=18, 0 wallclock secs ( 0.02 usr 0.00 sys + 0.22 cusr 0.02 csys = 0.26 CPU)
Result: FAIL
Failed 9/9 test programs. 5/18 subtests failed.
Makefile:1016: recipe for target 'test_dynamic' failed
make: *** [test_dynamic] Error 9
------------------------------
PREREQUISITES
------------------------------
Prerequisite modules loaded:
requires:
Module Need Have
------------------- ---- ----
Class::Accessor 0.17 0.34
Cwd 2.04 3.40
File::Temp 0.12 0.23
FileHandle 2.0 2.02
IO::Pty 1.02 1.12
IPC::Run 0.74 0.94
build_requires:
Module Need Have
------------------- ---- ----
ExtUtils::MakeMaker 0 6.66
------------------------------
ENVIRONMENT AND OTHER CONTEXT
------------------------------
Environment variables:
LANG = en_US.UTF-8
PATH = /usr/local/bin:/usr/bin:/bin:/usr/local/sbin:/usr/sbin:/sbin:/home/eserte/bin/linux-gnu:/home/eserte/bin/sh:/home/eserte/bin:/home/eserte/bin/pistachio-perl/bin:/usr/games:/home/eserte/devel:/home/eserte/src/srezic-misc/scripts
PERL5LIB =
PERL5OPT =
PERL5_CPANPLUS_IS_RUNNING = 29905
PERL5_CPAN_IS_RUNNING = 29905
PERL5_CPAN_IS_RUNNING_IN_RECURSION = 27410,29905
PERLDOC = -MPod::Perldoc::ToTextOverstrike
PERL_BATCH = yes
PERL_CANARY_STABILITY_NOPROMPT = 1
PERL_CPAN_REPORTER_CONFIG = /var/tmp/cpansmoker-1000/2016110121/cpanreporter_001_config.ini
PERL_EXTUTILS_AUTOINSTALL = --defaultdeps
PERL_USE_UNSAFE_INC = 1
SHELL = /bin/zsh
STDPERL = perl
TERM = xterm
TMPDIR = /var/tmp/cpansmoker-1000/2016110121
Perl special variables (and OS-specific diagnostics, for MSWin32):
$^X = /opt/perl-5.18.4/bin/perl
$UID/$EUID = 1000 / 1000
$GID = 1000 4 24 25 27 29 30 44 46 108 111 115 1000 1024
$EGID = 1000 4 24 25 27 29 30 44 46 108 111 115 1000 1024
Perl module toolchain versions installed:
Module Have
------------------- --------
CPAN 2.00
CPAN::Meta 2.150005
Cwd 3.40
ExtUtils::CBuilder 0.280210
ExtUtils::Command 1.17
ExtUtils::Install 1.59
ExtUtils::MakeMaker 6.66
ExtUtils::Manifest 1.70
ExtUtils::ParseXS 3.18
File::Spec 3.40
JSON 2.90
JSON::PP 2.27202
Module::Build 0.4218
Module::Signature n/a
Parse::CPAN::Meta 1.4417
Test::Harness 3.36
Test::More 1.302026
YAML 1.15
YAML::Syck 1.29
version 0.9902
--
Summary of my perl5 (revision 5 version 18 subversion 4) configuration:
Platform:
osname=linux, osvers=3.16.0-4-amd64, archname=x86_64-linux
uname='linux cabulja 3.16.0-4-amd64 #1 smp debian 3.16.7-ckt25-2 (2016-04-08) x86_64 gnulinux '
config_args='-ds -e -Dprefix=/opt/perl-5.18.4 -Dcf_email=srezic@cpan.org -Dcc=gcc-4.8'
hint=recommended, useposix=true, d_sigaction=define
useithreads=undef, usemultiplicity=undef
useperlio=define, d_sfio=undef, uselargefiles=define, usesocks=undef
use64bitint=define, use64bitall=define, uselongdouble=undef
usemymalloc=n, bincompat5005=undef
Compiler:
cc='gcc-4.8', ccflags ='-fno-strict-aliasing -pipe -fstack-protector -I/usr/local/include -D_LARGEFILE_SOURCE -D_FILE_OFFSET_BITS=64',
optimize='-O2',
cppflags='-fno-strict-aliasing -pipe -fstack-protector -I/usr/local/include'
ccversion='', gccversion='4.8.4', gccosandvers=''
intsize=4, longsize=8, ptrsize=8, doublesize=8, byteorder=12345678
d_longlong=define, longlongsize=8, d_longdbl=define, longdblsize=16
ivtype='long', ivsize=8, nvtype='double', nvsize=8, Off_t='off_t', lseeksize=8
alignbytes=8, prototype=define
Linker and Libraries:
ld='gcc-4.8', ldflags =' -fstack-protector -L/usr/local/lib'
libpth=/usr/local/lib /lib/x86_64-linux-gnu /lib/../lib /usr/lib/x86_64-linux-gnu /usr/lib/../lib /lib /usr/lib
libs=-lnsl -lgdbm -ldb -ldl -lm -lcrypt -lutil -lc -lgdbm_compat
perllibs=-lnsl -ldl -lm -lcrypt -lutil -lc
libc=libc-2.19.so, so=so, useshrplib=false, libperl=libperl.a
gnulibc_version='2.19'
Dynamic Linking:
dlsrc=dl_dlopen.xs, dlext=so, d_dlsymun=undef, ccdlflags='-Wl,-E'
cccdlflags='-fPIC', lddlflags='-shared -O2 -L/usr/local/lib -fstack-protector'
Characteristics of this binary (from libperl):
Compile-time options: HAS_TIMES PERLIO_LAYERS PERL_DONT_CREATE_GVSV
PERL_HASH_FUNC_ONE_AT_A_TIME_HARD PERL_MALLOC_WRAP
PERL_PRESERVE_IVUV PERL_SAWAMPERSAND USE_64_BIT_ALL
USE_64_BIT_INT USE_LARGE_FILES USE_LOCALE
USE_LOCALE_COLLATE USE_LOCALE_CTYPE
USE_LOCALE_NUMERIC USE_PERLIO USE_PERL_ATOF
Locally applied patches:
Devel::PatchPerl 1.42
Built under linux
Compiled at Jun 18 2016 15:19:32
%ENV:
PERL5LIB=""
PERL5OPT=""
PERL5_CPANPLUS_IS_RUNNING="29905"
PERL5_CPAN_IS_RUNNING="29905"
PERL5_CPAN_IS_RUNNING_IN_RECURSION="27410,29905"
PERLDOC="-MPod::Perldoc::ToTextOverstrike"
PERL_BATCH="yes"
PERL_CANARY_STABILITY_NOPROMPT="1"
PERL_CPAN_REPORTER_CONFIG="/var/tmp/cpansmoker-1000/2016110121/cpanreporter_001_config.ini"
PERL_EXTUTILS_AUTOINSTALL="--defaultdeps"
PERL_USE_UNSAFE_INC="1"
@INC:
/opt/perl-5.18.4/lib/site_perl/5.18.4/x86_64-linux
/opt/perl-5.18.4/lib/site_perl/5.18.4
/opt/perl-5.18.4/lib/5.18.4/x86_64-linux
/opt/perl-5.18.4/lib/5.18.4
.