Config-Structured v2.003 Perl 5 v5.22.2 i686-linux-thread-multi-quadmath
- Status
- Fail
- From
- Chris Williams (BINGOS)
- Dist
-
Config-Structured v2.003
- Platform
- Perl 5 v5.22.2 i686-linux-thread-multi-quadmath
- Date
- 2023-01-10 02:03:52
- ID
- 07b33db6-908b-11ed-aba6-9a79f339625c
This distribution has been tested as part of the CPAN Testers
project, supporting the Perl programming language. See
http://wiki.cpantesters.org/ for more information or email
questions to cpan-testers-discuss@perl.org
--
Dear MTYRRELL,
This is a computer-generated error report created automatically by
CPANPLUS, version 0.9914. Testers personal comments may appear
at the end of this report.
Thank you for uploading your work to CPAN. However, it appears that
there were some problems testing your distribution.
TEST RESULTS:
Below is the error stack from stage 'make test':
PERL_DL_NONLAZY=1 "/home/cpan/pit/thr-qm/perl-5.22.2/bin/perl" "-MExtUtils::Command::MM" "-MTest::Harness" "-e" "undef *Test::Harness::Switches; test_harness(0, 'blib/lib', 'blib/arch')" t/*.t
#
# Versions for all modules listed in MYMETA.json (including optional ones):
#
# === Configure Requires ===
#
# Module Want Have
# ------------------- ---- ----
# ExtUtils::MakeMaker any 7.64
#
# === Build Requires ===
#
# Module Want Have
# ------------------- ---- ----
# ExtUtils::MakeMaker any 7.64
#
# === Test Requires ===
#
# Module Want Have
# ------------------- ---- --------
# ExtUtils::MakeMaker any 7.64
# File::Slurp any 9999.32
# File::Spec any 3.75
# Test::Exception any 0.43
# Test::More any 1.302191
# Test::Warn any 0.37
#
# === Test Recommends ===
#
# Module Want Have
# ---------- -------- --------
# CPAN::Meta 2.120900 2.150010
#
# === Runtime Requires ===
#
# Module Want Have
# ---------------------------- ---- --------
# Carp any 1.36
# Data::DPath any 0.58
# Data::Printer any 1.001000
# File::Basename any 2.85
# IO::All any 0.87
# JSON any 4.10
# List::Util any 1.63
# Mojo::DynamicMethods any undef
# Moose any 2.2201
# Moose::Util::TypeConstraints any 2.2201
# Readonly any 2.05
# Syntax::Keyword::Junction any 0.003008
# Syntax::Keyword::Try any 0.28
# Text::Glob any 0.11
# YAML::XS any 0.85
# experimental any 0.013
# strict any 1.09
# warnings any 1.34
#
t/00-report-prereqs.t ... ok
syntax error at /home/cpan/pit/thr-qm/conf/perl-5.22.2/.cpanplus/5.22.2/build/sGTkgkLoJY/Config-Structured-2.003/blib/lib/Config/Structured.pm line 315, near "->%"
Compilation failed in require at t/01_deserialize.t line 7.
BEGIN failed--compilation aborted at t/01_deserialize.t line 7.
t/01_deserialize.t ......
Dubious, test returned 2 (wstat 512, 0x200)
No subtests run
syntax error at /home/cpan/pit/thr-qm/conf/perl-5.22.2/.cpanplus/5.22.2/build/sGTkgkLoJY/Config-Structured-2.003/blib/lib/Config/Structured.pm line 315, near "->%"
Compilation failed in require at t/02_reserved.t line 8.
BEGIN failed--compilation aborted at t/02_reserved.t line 8.
# Looks like your test exited with 2 before it could output anything.
t/02_reserved.t .........
Dubious, test returned 2 (wstat 512, 0x200)
Failed 2/2 subtests
syntax error at /home/cpan/pit/thr-qm/conf/perl-5.22.2/.cpanplus/5.22.2/build/sGTkgkLoJY/Config-Structured-2.003/blib/lib/Config/Structured.pm line 315, near "->%"
Compilation failed in require at t/03_module_args.t line 9.
BEGIN failed--compilation aborted at t/03_module_args.t line 9.
# Looks like your test exited with 2 before it could output anything.
t/03_module_args.t ......
Dubious, test returned 2 (wstat 512, 0x200)
Failed 3/3 subtests
syntax error at /home/cpan/pit/thr-qm/conf/perl-5.22.2/.cpanplus/5.22.2/build/sGTkgkLoJY/Config-Structured-2.003/blib/lib/Config/Structured.pm line 315, near "->%"
Compilation failed in require at t/04_children.t line 7.
BEGIN failed--compilation aborted at t/04_children.t line 7.
t/04_children.t .........
Dubious, test returned 2 (wstat 512, 0x200)
No subtests run
syntax error at /home/cpan/pit/thr-qm/conf/perl-5.22.2/.cpanplus/5.22.2/build/sGTkgkLoJY/Config-Structured-2.003/blib/lib/Config/Structured.pm line 315, near "->%"
Compilation failed in require at t/10_from_default.t line 7.
BEGIN failed--compilation aborted at t/10_from_default.t line 7.
# Looks like your test exited with 2 before it could output anything.
t/10_from_default.t .....
Dubious, test returned 2 (wstat 512, 0x200)
Failed 1/1 subtests
syntax error at /home/cpan/pit/thr-qm/conf/perl-5.22.2/.cpanplus/5.22.2/build/sGTkgkLoJY/Config-Structured-2.003/blib/lib/Config/Structured.pm line 315, near "->%"
Compilation failed in require at t/11_from_env.t line 7.
BEGIN failed--compilation aborted at t/11_from_env.t line 7.
# Looks like your test exited with 2 before it could output anything.
t/11_from_env.t .........
Dubious, test returned 2 (wstat 512, 0x200)
Failed 1/1 subtests
syntax error at /home/cpan/pit/thr-qm/conf/perl-5.22.2/.cpanplus/5.22.2/build/sGTkgkLoJY/Config-Structured-2.003/blib/lib/Config/Structured.pm line 315, near "->%"
Compilation failed in require at t/12_from_file.t line 7.
BEGIN failed--compilation aborted at t/12_from_file.t line 7.
# Looks like your test exited with 2 before it could output anything.
t/12_from_file.t ........
Dubious, test returned 2 (wstat 512, 0x200)
Failed 1/1 subtests
syntax error at /home/cpan/pit/thr-qm/conf/perl-5.22.2/.cpanplus/5.22.2/build/sGTkgkLoJY/Config-Structured-2.003/blib/lib/Config/Structured.pm line 315, near "->%"
Compilation failed in require at t/20_typechecking.t line 8.
BEGIN failed--compilation aborted at t/20_typechecking.t line 8.
# Looks like your test exited with 2 before it could output anything.
t/20_typechecking.t .....
Dubious, test returned 2 (wstat 512, 0x200)
Failed 4/4 subtests
syntax error at /home/cpan/pit/thr-qm/conf/perl-5.22.2/.cpanplus/5.22.2/build/sGTkgkLoJY/Config-Structured-2.003/blib/lib/Config/Structured.pm line 315, near "->%"
Compilation failed in require at t/30_on_access_hooks.t line 8.
BEGIN failed--compilation aborted at t/30_on_access_hooks.t line 8.
# Looks like your test exited with 2 before it could output anything.
t/30_on_access_hooks.t ..
Dubious, test returned 2 (wstat 512, 0x200)
Failed 2/2 subtests
syntax error at /home/cpan/pit/thr-qm/conf/perl-5.22.2/.cpanplus/5.22.2/build/sGTkgkLoJY/Config-Structured-2.003/blib/lib/Config/Structured.pm line 315, near "->%"
Compilation failed in require at t/31_on_load_hooks.t line 8.
BEGIN failed--compilation aborted at t/31_on_load_hooks.t line 8.
# Looks like your test exited with 2 before it could output anything.
t/31_on_load_hooks.t ....
Dubious, test returned 2 (wstat 512, 0x200)
Failed 1/1 subtests
syntax error at /home/cpan/pit/thr-qm/conf/perl-5.22.2/.cpanplus/5.22.2/build/sGTkgkLoJY/Config-Structured-2.003/blib/lib/Config/Structured.pm line 315, near "->%"
Compilation failed in require at t/32_wildcard_hooks.t line 8.
BEGIN failed--compilation aborted at t/32_wildcard_hooks.t line 8.
# Looks like your test exited with 2 before it could output anything.
t/32_wildcard_hooks.t ...
Dubious, test returned 2 (wstat 512, 0x200)
Failed 3/3 subtests
Test Summary Report
-------------------
t/01_deserialize.t (Wstat: 512 (exited 2) Tests: 0 Failed: 0)
Non-zero exit status: 2
Parse errors: No plan found in TAP output
t/02_reserved.t (Wstat: 512 (exited 2) Tests: 0 Failed: 0)
Non-zero exit status: 2
Parse errors: Bad plan. You planned 2 tests but ran 0.
t/03_module_args.t (Wstat: 512 (exited 2) Tests: 0 Failed: 0)
Non-zero exit status: 2
Parse errors: Bad plan. You planned 3 tests but ran 0.
t/04_children.t (Wstat: 512 (exited 2) Tests: 0 Failed: 0)
Non-zero exit status: 2
Parse errors: No plan found in TAP output
t/10_from_default.t (Wstat: 512 (exited 2) Tests: 0 Failed: 0)
Non-zero exit status: 2
Parse errors: Bad plan. You planned 1 tests but ran 0.
t/11_from_env.t (Wstat: 512 (exited 2) Tests: 0 Failed: 0)
Non-zero exit status: 2
Parse errors: Bad plan. You planned 1 tests but ran 0.
t/12_from_file.t (Wstat: 512 (exited 2) Tests: 0 Failed: 0)
Non-zero exit status: 2
Parse errors: Bad plan. You planned 1 tests but ran 0.
t/20_typechecking.t (Wstat: 512 (exited 2) Tests: 0 Failed: 0)
Non-zero exit status: 2
Parse errors: Bad plan. You planned 4 tests but ran 0.
t/30_on_access_hooks.t (Wstat: 512 (exited 2) Tests: 0 Failed: 0)
Non-zero exit status: 2
Parse errors: Bad plan. You planned 2 tests but ran 0.
t/31_on_load_hooks.t (Wstat: 512 (exited 2) Tests: 0 Failed: 0)
Non-zero exit status: 2
Parse errors: Bad plan. You planned 1 tests but ran 0.
t/32_wildcard_hooks.t (Wstat: 512 (exited 2) Tests: 0 Failed: 0)
Non-zero exit status: 2
Parse errors: Bad plan. You planned 3 tests but ran 0.
Files=12, Tests=1, 4 wallclock secs ( 0.03 usr 0.01 sys + 4.22 cusr 0.34 csys = 4.60 CPU)
Result: FAIL
Failed 11/12 test programs. 0/1 subtests failed.
make: *** [Makefile:899: test_dynamic] Error 2
PREREQUISITES:
Here is a list of prerequisites you specified and versions we
managed to load:
Module Name Have Want
Carp 1.36 0
Data::DPath 0.58 0
Data::Printer 1.001000 0
ExtUtils::MakeMaker 7.64 0
File::Basename 2.85 0
File::Slurp 9999.32 0
File::Spec 3.75 0
IO::All 0.87 0
JSON 4.10 0
List::Util 1.63 0
Mojo::DynamicMethods 0 0
Moose 2.2201 0
Moose::Util::TypeConstraints 2.2201 0
Readonly 2.05 0
Syntax::Keyword::Junction 0.003008 0
Syntax::Keyword::Try 0.28 0
Test::Exception 0.43 0
Test::More 1.302191 0
Test::Warn 0.37 0
Text::Glob 0.11 0
YAML::XS 0.85 0
experimental 0.013 0
strict 1.09 0
warnings 1.34 0
Perl module toolchain versions installed:
Module Name Have
CPANPLUS 0.9914
CPANPLUS::Dist::Build 0.90
Cwd 3.75
ExtUtils::CBuilder 0.280236
ExtUtils::Command 7.64
ExtUtils::Install 2.20
ExtUtils::MakeMaker 7.64
ExtUtils::Manifest 1.73
ExtUtils::ParseXS 3.44
File::Spec 3.75
Module::Build 0.4231
Pod::Parser 1.63
Pod::Simple 3.29
Test2 1.302191
Test::Harness 3.44
Test::More 1.302191
version 0.9929
******************************** NOTE ********************************
The comments above are created mechanically, possibly without manual
checking by the sender. As there are many people performing automatic
tests on each upload to CPAN, it is likely that you will receive
identical messages about the same problem.
If you believe that the message is mistaken, please reply to the first
one with correction and/or additional informations, and do not take
it personally. We appreciate your patience. :)
**********************************************************************
Additional comments:
This report was machine-generated by CPANPLUS::Dist::YACSmoke 1.08.
Powered by minismokebox version 0.68
CPANPLUS is prefering Build.PL
------------------------------
ENVIRONMENT AND OTHER CONTEXT
------------------------------
Environment variables:
AUTOMATED_TESTING = 1
LANG = en_GB.UTF-8
LANGUAGE = en_GB:en
NONINTERACTIVE_TESTING = 1
PATH = /usr/local/bin:/usr/bin:/bin:/usr/local/games:/usr/games
PERL5LIB = /home/cpan/pit/jail/EvQxyLSJeb/lib/perl5:/home/cpan/pit/thr-qm/conf/perl-5.22.2/.cpanplus/5.22.2/build/sGTkgkLoJY/Config-Structured-2.003/blib/lib:/home/cpan/pit/thr-qm/conf/perl-5.22.2/.cpanplus/5.22.2/build/sGTkgkLoJY/Config-Structured-2.003/blib/arch
PERL5_CPANPLUS_IS_RUNNING = 10053
PERL5_CPANPLUS_IS_VERSION = 0.9914
PERL5_MINISMOKEBOX = 0.68
PERL5_YACSMOKE_BASE = /home/cpan/pit/thr-qm/conf/perl-5.22.2
PERL_EXTUTILS_AUTOINSTALL = --defaultdeps
PERL_LOCAL_LIB_ROOT = /home/cpan/pit/jail/EvQxyLSJeb
PERL_MB_OPT = --install_base "/home/cpan/pit/jail/EvQxyLSJeb"
PERL_MM_OPT = INSTALL_BASE=/home/cpan/pit/jail/EvQxyLSJeb
PERL_MM_USE_DEFAULT = 1
SHELL = /bin/bash
TERM = screen.xterm-256color
Perl special variables (and OS-specific diagnostics, for MSWin32):
Perl: $^X = /home/cpan/pit/thr-qm/perl-5.22.2/bin/perl
UID: $< = 1001
EUID: $> = 1001
GID: $( = 1001 1001
EGID: $) = 1001 1001
-------------------------------
--
Summary of my perl5 (revision 5 version 22 subversion 2) configuration:
Platform:
osname=linux, osvers=5.10.0-12-686, archname=i686-linux-thread-multi-quadmath
uname='linux dagobah 5.10.0-12-686 #1 smp debian 5.10.103-1 (2022-03-07) i686 gnulinux '
config_args='-des -Dprefix=/home/cpan/pit/thr-qm/perl-5.22.2 -Dusethreads -Dusequadmath'
hint=recommended, useposix=true, d_sigaction=define
useithreads=define, usemultiplicity=define
use64bitint=undef, use64bitall=undef, uselongdouble=undef
usemymalloc=n, bincompat5005=undef
Compiler:
cc='cc', ccflags ='-D_REENTRANT -D_GNU_SOURCE -fwrapv -fno-strict-aliasing -pipe -fstack-protector-strong -I/usr/local/include -D_LARGEFILE_SOURCE -D_FILE_OFFSET_BITS=64 -D_FORTIFY_SOURCE=2',
optimize='-O2',
cppflags='-D_REENTRANT -D_GNU_SOURCE -fwrapv -fno-strict-aliasing -pipe -fstack-protector-strong -I/usr/local/include'
ccversion='', gccversion='10.2.1 20210110', gccosandvers=''
intsize=4, longsize=4, ptrsize=4, doublesize=8, byteorder=1234, doublekind=3
d_longlong=define, longlongsize=8, d_longdbl=define, longdblsize=12, longdblkind=3
ivtype='long', ivsize=4, nvtype='__float128', nvsize=16, Off_t='off_t', lseeksize=8
alignbytes=4, prototype=define
Linker and Libraries:
ld='cc', ldflags =' -fstack-protector-strong -L/usr/local/lib'
libpth=/usr/local/lib /usr/include/i386-linux-gnu /usr/lib /lib/i386-linux-gnu /lib/../lib /usr/lib/i386-linux-gnu /usr/lib/../lib /lib /lib64 /usr/lib64
libs=-lpthread -lnsl -lgdbm -ldl -lm -lcrypt -lutil -lc -lquadmath
perllibs=-lpthread -lnsl -ldl -lm -lcrypt -lutil -lc -lquadmath
libc=libc-2.31.so, so=so, useshrplib=false, libperl=libperl.a
gnulibc_version='2.31'
Dynamic Linking:
dlsrc=dl_dlopen.xs, dlext=so, d_dlsymun=undef, ccdlflags='-Wl,-E'
cccdlflags='-fPIC', lddlflags='-shared -O2 -L/usr/local/lib -fstack-protector-strong'
Characteristics of this binary (from libperl):
Compile-time options: HAS_TIMES MULTIPLICITY PERLIO_LAYERS
PERL_DONT_CREATE_GVSV
PERL_HASH_FUNC_ONE_AT_A_TIME_HARD
PERL_IMPLICIT_CONTEXT PERL_MALLOC_WRAP
PERL_NEW_COPY_ON_WRITE PERL_PRESERVE_IVUV
USE_ITHREADS USE_LARGE_FILES USE_LOCALE
USE_LOCALE_COLLATE USE_LOCALE_CTYPE
USE_LOCALE_NUMERIC USE_LOCALE_TIME USE_PERLIO
USE_PERL_ATOF USE_QUADMATH USE_REENTRANT_API
Locally applied patches:
Devel::PatchPerl 2.08
Built under linux
Compiled at Mar 20 2022 16:59:45
%ENV:
PERL5LIB="/home/cpan/pit/jail/EvQxyLSJeb/lib/perl5:/home/cpan/pit/thr-qm/conf/perl-5.22.2/.cpanplus/5.22.2/build/sGTkgkLoJY/Config-Structured-2.003/blib/lib:/home/cpan/pit/thr-qm/conf/perl-5.22.2/.cpanplus/5.22.2/build/sGTkgkLoJY/Config-Structured-2.003/blib/arch"
PERL5_CPANPLUS_IS_RUNNING="10053"
PERL5_CPANPLUS_IS_VERSION="0.9914"
PERL5_MINISMOKEBOX="0.68"
PERL5_YACSMOKE_BASE="/home/cpan/pit/thr-qm/conf/perl-5.22.2"
PERL_EXTUTILS_AUTOINSTALL="--defaultdeps"
PERL_LOCAL_LIB_ROOT="/home/cpan/pit/jail/EvQxyLSJeb"
PERL_MB_OPT="--install_base "/home/cpan/pit/jail/EvQxyLSJeb""
PERL_MM_OPT="INSTALL_BASE=/home/cpan/pit/jail/EvQxyLSJeb"
PERL_MM_USE_DEFAULT="1"
@INC:
/home/cpan/pit/jail/EvQxyLSJeb/lib/perl5/5.22.2/i686-linux-thread-multi-quadmath
/home/cpan/pit/jail/EvQxyLSJeb/lib/perl5/5.22.2
/home/cpan/pit/jail/EvQxyLSJeb/lib/perl5/i686-linux-thread-multi-quadmath
/home/cpan/pit/jail/EvQxyLSJeb/lib/perl5
/home/cpan/pit/thr-qm/conf/perl-5.22.2/.cpanplus/5.22.2/build/sGTkgkLoJY/Config-Structured-2.003/blib/lib
/home/cpan/pit/thr-qm/conf/perl-5.22.2/.cpanplus/5.22.2/build/sGTkgkLoJY/Config-Structured-2.003/blib/arch
/home/cpan/pit/thr-qm/perl-5.22.2/lib/site_perl/5.22.2/i686-linux-thread-multi-quadmath
/home/cpan/pit/thr-qm/perl-5.22.2/lib/site_perl/5.22.2
/home/cpan/pit/thr-qm/perl-5.22.2/lib/5.22.2/i686-linux-thread-multi-quadmath
/home/cpan/pit/thr-qm/perl-5.22.2/lib/5.22.2
.