Report for Module-Info-0.35_01

Back
From: metabase:user:322078bc-2aae-11df-837a-5e0a49663a4f
Subject: FAIL Module-Info-0.35_01 v5.12.1 Debian GNU/kFreeBSD
Date: 2015-06-22T09:21:14Z

This distribution has been tested as part of the CPAN Testers
project, supporting the Perl programming language.  See
http://wiki.cpantesters.org/ for more information or email
questions to cpan-testers-discuss@perl.org


--

Dear NEILB,

This is a computer-generated error report created automatically by
CPANPLUS, version 0.9152. Testers personal comments may appear
at the end of this report.


Thank you for uploading your work to CPAN.  However, it appears that
there were some problems testing your distribution.

TEST RESULTS:

Below is the error stack from stage 'make test':

PERL_DL_NONLAZY=1 "/home/cpan/pit/bare/perl-5.12.1/bin/perl" "-MExtUtils::Command::MM" "-MTest::Harness" "-e" "undef *Test::Harness::Switches; test_harness(0, 'blib/lib', 'blib/arch')" t/*.t
B::Module::Info,packages use failed with 2 saying:
Can't locate B/Utils.pm in @INC (@INC contains: blib/lib /home/cpan/pit/bare/conf/perl-5.12.1/.cpanplus/5.12.1/build/Module-Info-0.35_01/blib/lib /home/cpan/pit/bare/conf/perl-5.12.1/.cpanplus/5.12.1/build/Module-Info-0.35_01/blib/arch /home/cpan/pit/bare/conf/perl-5.12.1/.cpanplus/5.12.1/build/Module-Info-0.35_01/blib/lib /home/cpan/pit/bare/conf/perl-5.12.1/.cpanplus/5.12.1/build/Module-Info-0.35_01/blib/arch /home/cpan/pit/bare/perl-5.12.1/lib/site_perl/5.12.1/x86_64-gnukfreebsd /home/cpan/pit/bare/perl-5.12.1/lib/site_perl/5.12.1 /home/cpan/pit/bare/perl-5.12.1/lib/5.12.1/x86_64-gnukfreebsd /home/cpan/pit/bare/perl-5.12.1/lib/5.12.1 .) at blib/lib/B/Module/Info.pm line 7.

BEGIN failed--compilation aborted at blib/lib/B/Module/Info.pm line 7.

Compilation failed in require at (eval 1) line 18.

BEGIN failed--compilation aborted at (eval 1) line 18.

BEGIN failed--compilation aborted.
#     Failed test (t/Module-Info.t at line 82)
#          got: '0'
#     expected: '3'
#     Failed test (t/Module-Info.t at line 83)
#     Structures begin differing at:
#          $got->[0] = Does not exist
#     $expected->[0] = 'Module::Info'
B::Module::Info,packages use failed with 2 saying:
Can't locate B/Utils.pm in @INC (@INC contains: blib/lib /home/cpan/pit/bare/conf/perl-5.12.1/.cpanplus/5.12.1/build/Module-Info-0.35_01/blib/lib /home/cpan/pit/bare/conf/perl-5.12.1/.cpanplus/5.12.1/build/Module-Info-0.35_01/blib/arch /home/cpan/pit/bare/conf/perl-5.12.1/.cpanplus/5.12.1/build/Module-Info-0.35_01/blib/lib /home/cpan/pit/bare/conf/perl-5.12.1/.cpanplus/5.12.1/build/Module-Info-0.35_01/blib/arch /home/cpan/pit/bare/perl-5.12.1/lib/site_perl/5.12.1/x86_64-gnukfreebsd /home/cpan/pit/bare/perl-5.12.1/lib/site_perl/5.12.1 /home/cpan/pit/bare/perl-5.12.1/lib/5.12.1/x86_64-gnukfreebsd /home/cpan/pit/bare/perl-5.12.1/lib/5.12.1 .) at blib/lib/B/Module/Info.pm line 7.

BEGIN failed--compilation aborted at blib/lib/B/Module/Info.pm line 7.

Compilation failed in require at (eval 1) line 18.

BEGIN failed--compilation aborted at (eval 1) line 18.

BEGIN failed--compilation aborted.
#     Failed test (t/Module-Info.t at line 88)
#          got: '0'
#     expected: '3'
#     Failed test (t/Module-Info.t at line 89)
#          got: undef
#     expected: '0.3501'
B::Module::Info,subroutines use failed with 2 saying:
Can't locate B/Utils.pm in @INC (@INC contains: blib/lib /home/cpan/pit/bare/conf/perl-5.12.1/.cpanplus/5.12.1/build/Module-Info-0.35_01/blib/lib /home/cpan/pit/bare/conf/perl-5.12.1/.cpanplus/5.12.1/build/Module-Info-0.35_01/blib/arch /home/cpan/pit/bare/conf/perl-5.12.1/.cpanplus/5.12.1/build/Module-Info-0.35_01/blib/lib /home/cpan/pit/bare/conf/perl-5.12.1/.cpanplus/5.12.1/build/Module-Info-0.35_01/blib/arch /home/cpan/pit/bare/perl-5.12.1/lib/site_perl/5.12.1/x86_64-gnukfreebsd /home/cpan/pit/bare/perl-5.12.1/lib/site_perl/5.12.1 /home/cpan/pit/bare/perl-5.12.1/lib/5.12.1/x86_64-gnukfreebsd /home/cpan/pit/bare/perl-5.12.1/lib/5.12.1 .) at blib/lib/B/Module/Info.pm line 7.

BEGIN failed--compilation aborted at blib/lib/B/Module/Info.pm line 7.

Compilation failed in require at (eval 1) line 18.

BEGIN failed--compilation aborted at (eval 1) line 18.

BEGIN failed--compilation aborted.
#     Failed test (t/Module-Info.t at line 92)
#          got: '0'
#     expected: '32'
#     Failed test (t/Module-Info.t at line 93)
#     Structures begin differing at:
#          $got->[0] = Does not exist
#     $expected->[0] = 'Module::Info::AUTOLOAD'
B::Module::Info,modules_used use failed with 2 saying:
Can't locate B/Utils.pm in @INC (@INC contains: blib/lib /home/cpan/pit/bare/conf/perl-5.12.1/.cpanplus/5.12.1/build/Module-Info-0.35_01/blib/lib /home/cpan/pit/bare/conf/perl-5.12.1/.cpanplus/5.12.1/build/Module-Info-0.35_01/blib/arch /home/cpan/pit/bare/conf/perl-5.12.1/.cpanplus/5.12.1/build/Module-Info-0.35_01/blib/lib /home/cpan/pit/bare/conf/perl-5.12.1/.cpanplus/5.12.1/build/Module-Info-0.35_01/blib/arch /home/cpan/pit/bare/perl-5.12.1/lib/site_perl/5.12.1/x86_64-gnukfreebsd /home/cpan/pit/bare/perl-5.12.1/lib/site_perl/5.12.1 /home/cpan/pit/bare/perl-5.12.1/lib/5.12.1/x86_64-gnukfreebsd /home/cpan/pit/bare/perl-5.12.1/lib/5.12.1 .) at blib/lib/B/Module/Info.pm line 7.

BEGIN failed--compilation aborted at blib/lib/B/Module/Info.pm line 7.

Compilation failed in require at (eval 1) line 18.

BEGIN failed--compilation aborted at (eval 1) line 18.

BEGIN failed--compilation aborted.
#     Failed test (t/Module-Info.t at line 101)
#          got: '0'
#     expected: '7'
#     Failed test (t/Module-Info.t at line 102)
#     Structures begin differing at:
#          $got->[0] = Does not exist
#     $expected->[0] = 'Carp'
B::Module::Info,packages use failed with 2 saying:
Can't locate B/Utils.pm in @INC (@INC contains: blib/lib /home/cpan/pit/bare/conf/perl-5.12.1/.cpanplus/5.12.1/build/Module-Info-0.35_01/blib/lib /home/cpan/pit/bare/conf/perl-5.12.1/.cpanplus/5.12.1/build/Module-Info-0.35_01/blib/arch /home/cpan/pit/bare/conf/perl-5.12.1/.cpanplus/5.12.1/build/Module-Info-0.35_01/blib/lib /home/cpan/pit/bare/conf/perl-5.12.1/.cpanplus/5.12.1/build/Module-Info-0.35_01/blib/arch /home/cpan/pit/bare/perl-5.12.1/lib/site_perl/5.12.1/x86_64-gnukfreebsd /home/cpan/pit/bare/perl-5.12.1/lib/site_perl/5.12.1 /home/cpan/pit/bare/perl-5.12.1/lib/5.12.1/x86_64-gnukfreebsd /home/cpan/pit/bare/perl-5.12.1/lib/5.12.1 .) at blib/lib/B/Module/Info.pm line 7.

BEGIN failed--compilation aborted at blib/lib/B/Module/Info.pm line 7.

Compilation failed in require at (eval 1) line 18.

BEGIN failed--compilation aborted at (eval 1) line 18.

BEGIN failed--compilation aborted.
#     Failed test (t/Module-Info.t at line 185)
#          got: '0'
#     expected: '2'
#     Failed test (t/Module-Info.t at line 186)
B::Module::Info,packages use failed with 2 saying:
Can't locate B/Utils.pm in @INC (@INC contains: blib/lib /home/cpan/pit/bare/conf/perl-5.12.1/.cpanplus/5.12.1/build/Module-Info-0.35_01/blib/lib /home/cpan/pit/bare/conf/perl-5.12.1/.cpanplus/5.12.1/build/Module-Info-0.35_01/blib/arch /home/cpan/pit/bare/conf/perl-5.12.1/.cpanplus/5.12.1/build/Module-Info-0.35_01/blib/lib /home/cpan/pit/bare/conf/perl-5.12.1/.cpanplus/5.12.1/build/Module-Info-0.35_01/blib/arch /home/cpan/pit/bare/perl-5.12.1/lib/site_perl/5.12.1/x86_64-gnukfreebsd /home/cpan/pit/bare/perl-5.12.1/lib/site_perl/5.12.1 /home/cpan/pit/bare/perl-5.12.1/lib/5.12.1/x86_64-gnukfreebsd /home/cpan/pit/bare/perl-5.12.1/lib/5.12.1 .) at blib/lib/B/Module/Info.pm line 7.

BEGIN failed--compilation aborted at blib/lib/B/Module/Info.pm line 7.

Compilation failed in require at (eval 1) line 18.

BEGIN failed--compilation aborted at (eval 1) line 18.

BEGIN failed--compilation aborted.
#     Failed test (t/Module-Info.t at line 189)
#          got: '0'
#     expected: '2'
#     Failed test (t/Module-Info.t at line 190)
#          got: undef
#     expected: '7.254'
B::Module::Info,subroutines use failed with 2 saying:
Can't locate B/Utils.pm in @INC (@INC contains: blib/lib /home/cpan/pit/bare/conf/perl-5.12.1/.cpanplus/5.12.1/build/Module-Info-0.35_01/blib/lib /home/cpan/pit/bare/conf/perl-5.12.1/.cpanplus/5.12.1/build/Module-Info-0.35_01/blib/arch /home/cpan/pit/bare/conf/perl-5.12.1/.cpanplus/5.12.1/build/Module-Info-0.35_01/blib/lib /home/cpan/pit/bare/conf/perl-5.12.1/.cpanplus/5.12.1/build/Module-Info-0.35_01/blib/arch /home/cpan/pit/bare/perl-5.12.1/lib/site_perl/5.12.1/x86_64-gnukfreebsd /home/cpan/pit/bare/perl-5.12.1/lib/site_perl/5.12.1 /home/cpan/pit/bare/perl-5.12.1/lib/5.12.1/x86_64-gnukfreebsd /home/cpan/pit/bare/perl-5.12.1/lib/5.12.1 .) at blib/lib/B/Module/Info.pm line 7.

BEGIN failed--compilation aborted at blib/lib/B/Module/Info.pm line 7.

Compilation failed in require at (eval 1) line 18.

BEGIN failed--compilation aborted at (eval 1) line 18.

BEGIN failed--compilation aborted.
#     Failed test (t/Module-Info.t at line 194)
#          got: '0'
#     expected: '2'
#     Failed test (t/Module-Info.t at line 195)
Use of uninitialized value $start in concatenation (.) or string at t/Module-Info.t line 198.
Use of uninitialized value $end in concatenation (.) or string at t/Module-Info.t line 198.
#     Failed test (t/Module-Info.t at line 199)
#          got: undef
#     expected: '21'
#     Failed test (t/Module-Info.t at line 200)
#          got: undef
#     expected: '22'
B::Module::Info,modules_used use failed with 2 saying:
Can't locate B/Utils.pm in @INC (@INC contains: blib/lib /home/cpan/pit/bare/conf/perl-5.12.1/.cpanplus/5.12.1/build/Module-Info-0.35_01/blib/lib /home/cpan/pit/bare/conf/perl-5.12.1/.cpanplus/5.12.1/build/Module-Info-0.35_01/blib/arch /home/cpan/pit/bare/conf/perl-5.12.1/.cpanplus/5.12.1/build/Module-Info-0.35_01/blib/lib /home/cpan/pit/bare/conf/perl-5.12.1/.cpanplus/5.12.1/build/Module-Info-0.35_01/blib/arch /home/cpan/pit/bare/perl-5.12.1/lib/site_perl/5.12.1/x86_64-gnukfreebsd /home/cpan/pit/bare/perl-5.12.1/lib/site_perl/5.12.1 /home/cpan/pit/bare/perl-5.12.1/lib/5.12.1/x86_64-gnukfreebsd /home/cpan/pit/bare/perl-5.12.1/lib/5.12.1 .) at blib/lib/B/Module/Info.pm line 7.

BEGIN failed--compilation aborted at blib/lib/B/Module/Info.pm line 7.

Compilation failed in require at (eval 1) line 18.

BEGIN failed--compilation aborted at (eval 1) line 18.

BEGIN failed--compilation aborted.
#     Failed test (t/Module-Info.t at line 203)
#          got: '0'
#     expected: '8'
#     Failed test (t/Module-Info.t at line 204)
#     Structures begin differing at:
#          $got->[0] = Does not exist
#     $expected->[0] = 'Carp'
B::Module::Info,subs_called use failed with 2 saying:
Can't locate B/Utils.pm in @INC (@INC contains: blib/lib /home/cpan/pit/bare/conf/perl-5.12.1/.cpanplus/5.12.1/build/Module-Info-0.35_01/blib/lib /home/cpan/pit/bare/conf/perl-5.12.1/.cpanplus/5.12.1/build/Module-Info-0.35_01/blib/arch /home/cpan/pit/bare/conf/perl-5.12.1/.cpanplus/5.12.1/build/Module-Info-0.35_01/blib/lib /home/cpan/pit/bare/conf/perl-5.12.1/.cpanplus/5.12.1/build/Module-Info-0.35_01/blib/arch /home/cpan/pit/bare/perl-5.12.1/lib/site_perl/5.12.1/x86_64-gnukfreebsd /home/cpan/pit/bare/perl-5.12.1/lib/site_perl/5.12.1 /home/cpan/pit/bare/perl-5.12.1/lib/5.12.1/x86_64-gnukfreebsd /home/cpan/pit/bare/perl-5.12.1/lib/5.12.1 .) at blib/lib/B/Module/Info.pm line 7.

BEGIN failed--compilation aborted at blib/lib/B/Module/Info.pm line 7.

Compilation failed in require at (eval 1) line 18.

BEGIN failed--compilation aborted at (eval 1) line 18.

BEGIN failed--compilation aborted.
#     Failed test (t/Module-Info.t at line 296)
#     Structures begin differing at:
#          $got->[0] = Does not exist
#     $expected->[0] = 'HASH(0x9be6f8)'
B::Module::Info,subs_called use failed with 2 saying:
Can't locate B/Utils.pm in @INC (@INC contains: blib/lib /home/cpan/pit/bare/conf/perl-5.12.1/.cpanplus/5.12.1/build/Module-Info-0.35_01/blib/lib /home/cpan/pit/bare/conf/perl-5.12.1/.cpanplus/5.12.1/build/Module-Info-0.35_01/blib/arch /home/cpan/pit/bare/conf/perl-5.12.1/.cpanplus/5.12.1/build/Module-Info-0.35_01/blib/lib /home/cpan/pit/bare/conf/perl-5.12.1/.cpanplus/5.12.1/build/Module-Info-0.35_01/blib/arch /home/cpan/pit/bare/perl-5.12.1/lib/site_perl/5.12.1/x86_64-gnukfreebsd /home/cpan/pit/bare/perl-5.12.1/lib/site_perl/5.12.1 /home/cpan/pit/bare/perl-5.12.1/lib/5.12.1/x86_64-gnukfreebsd /home/cpan/pit/bare/perl-5.12.1/lib/5.12.1 .) at blib/lib/B/Module/Info.pm line 7.

BEGIN failed--compilation aborted at blib/lib/B/Module/Info.pm line 7.

Compilation failed in require at (eval 1) line 18.

BEGIN failed--compilation aborted at (eval 1) line 18.

BEGIN failed--compilation aborted.
#     Failed test (t/Module-Info.t at line 297)
#     Structures begin differing at:
#          $got->[0] = Does not exist
#     $expected->[0] = 'HASH(0x9becf8)'
B::Module::Info,modules_used use failed with 2 saying:
Can't locate B/Utils.pm in @INC (@INC contains: blib/lib /home/cpan/pit/bare/conf/perl-5.12.1/.cpanplus/5.12.1/build/Module-Info-0.35_01/blib/lib /home/cpan/pit/bare/conf/perl-5.12.1/.cpanplus/5.12.1/build/Module-Info-0.35_01/blib/arch /home/cpan/pit/bare/conf/perl-5.12.1/.cpanplus/5.12.1/build/Module-Info-0.35_01/blib/lib /home/cpan/pit/bare/conf/perl-5.12.1/.cpanplus/5.12.1/build/Module-Info-0.35_01/blib/arch /home/cpan/pit/bare/perl-5.12.1/lib/site_perl/5.12.1/x86_64-gnukfreebsd /home/cpan/pit/bare/perl-5.12.1/lib/site_perl/5.12.1 /home/cpan/pit/bare/perl-5.12.1/lib/5.12.1/x86_64-gnukfreebsd /home/cpan/pit/bare/perl-5.12.1/lib/5.12.1 .) at blib/lib/B/Module/Info.pm line 7.

BEGIN failed--compilation aborted at blib/lib/B/Module/Info.pm line 7.

Compilation failed in require at (eval 1) line 18.

BEGIN failed--compilation aborted at (eval 1) line 18.

BEGIN failed--compilation aborted.
t/Module-Info.t .......... 
Dubious, test returned 22 (wstat 5632, 0x1600)
Failed 22/59 subtests 
#     Failed test (t/Module-Info.t at line 302)
#          got: '0'
#     expected: '3'
#     Failed test (t/Module-Info.t at line 303)
#     Structures begin differing at:
#          $got->[0] = Does not exist
#     $expected->[0] = 'Carp'
# Looks like you failed 22 tests of 59.
#     Failed test (t/n0_die_on_error.t at line 19)
# B::Module::Info,packages use failed with 2 saying:
# Can't locate B/Utils.pm in @INC (@INC contains: /home/cpan/pit/bare/conf/perl-5.12.1/.cpanplus/5.12.1/build/Module-Info-0.35_01/blib/lib /home/cpan/pit/bare/conf/perl-5.12.1/.cpanplus/5.12.1/build/Module-Info-0.35_01/blib/arch /home/cpan/pit/bare/conf/perl-5.12.1/.cpanplus/5.12.1/build/Module-Info-0.35_01/blib/lib /home/cpan/pit/bare/conf/perl-5.12.1/.cpanplus/5.12.1/build/Module-Info-0.35_01/blib/arch /home/cpan/pit/bare/perl-5.12.1/lib/site_perl/5.12.1/x86_64-gnukfreebsd /home/cpan/pit/bare/perl-5.12.1/lib/site_perl/5.12.1 /home/cpan/pit/bare/perl-5.12.1/lib/5.12.1/x86_64-gnukfreebsd /home/cpan/pit/bare/perl-5.12.1/lib/5.12.1 .) at /home/cpan/pit/bare/conf/perl-5.12.1/.cpanplus/5.12.1/build/Module-Info-0.35_01/blib/lib/B/Module/Info.pm line 7.
# 
# BEGIN failed--compilation aborted at /home/cpan/pit/bare/conf/perl-5.12.1/.cpanplus/5.12.1/build/Module-Info-0.35_01/blib/lib/B/Module/Info.pm line 7.
# 
# Compilation failed in require at (eval 1) line 18.
# 
# BEGIN failed--compilation aborted at (eval 1) line 18.
# 
# BEGIN failed--compilation aborted.
# Looks like you failed 1 tests of 4.
t/n0_die_on_error.t ...... 
Dubious, test returned 1 (wstat 256, 0x100)
Failed 1/4 subtests 
B::Module::Info,modules_used use failed with 2 saying:
Can't locate B/Utils.pm in @INC (@INC contains: /home/cpan/pit/bare/conf/perl-5.12.1/.cpanplus/5.12.1/build/Module-Info-0.35_01/blib/lib /home/cpan/pit/bare/conf/perl-5.12.1/.cpanplus/5.12.1/build/Module-Info-0.35_01/blib/arch /home/cpan/pit/bare/conf/perl-5.12.1/.cpanplus/5.12.1/build/Module-Info-0.35_01/blib/lib /home/cpan/pit/bare/conf/perl-5.12.1/.cpanplus/5.12.1/build/Module-Info-0.35_01/blib/arch /home/cpan/pit/bare/perl-5.12.1/lib/site_perl/5.12.1/x86_64-gnukfreebsd /home/cpan/pit/bare/perl-5.12.1/lib/site_perl/5.12.1 /home/cpan/pit/bare/perl-5.12.1/lib/5.12.1/x86_64-gnukfreebsd /home/cpan/pit/bare/perl-5.12.1/lib/5.12.1 .) at /home/cpan/pit/bare/conf/perl-5.12.1/.cpanplus/5.12.1/build/Module-Info-0.35_01/blib/lib/B/Module/Info.pm line 7.

BEGIN failed--compilation aborted at /home/cpan/pit/bare/conf/perl-5.12.1/.cpanplus/5.12.1/build/Module-Info-0.35_01/blib/lib/B/Module/Info.pm line 7.

Compilation failed in require at (eval 1) line 18.

BEGIN failed--compilation aborted at (eval 1) line 18.

BEGIN failed--compilation aborted.
t/n1_modules_required.t .. 
Dubious, test returned 255 (wstat 65280, 0xff00)
Failed 3/3 subtests 
#     Failed test (t/n1_modules_required.t at line 14)
#     Structures begin differing at:
#          $got->[0] = Does not exist
#     $expected->[0] = 'Carp'
Can't use an undefined value as an ARRAY reference at t/n1_modules_required.t line 17.
# Looks like you planned 3 tests but only ran 1.
# Looks like your test died just after 1.
t/n2_safe.t .............. ok
t/n3_version.t ........... ok
t/zy_pod_coverage.t ...... skipped: Test::Pod::Coverage 1.00 required for testing POD coverage
t/zz_pod.t ............... skipped: Test::Pod 1.00 required for testing POD

Test Summary Report
-------------------
t/Module-Info.t        (Wstat: 5632 Tests: 59 Failed: 22)
  Failed tests:  10-17, 43-46, 48-53, 56-59
  Non-zero exit status: 22
t/n0_die_on_error.t    (Wstat: 256 Tests: 4 Failed: 1)
  Failed test:  1
  Non-zero exit status: 1
t/n1_modules_required.t (Wstat: 65280 Tests: 1 Failed: 1)
  Failed test:  1
  Non-zero exit status: 255
  Parse errors: Bad plan.  You planned 3 tests but ran 1.
Files=7, Tests=86,  0 wallclock secs ( 0.02 usr  0.07 sys +  0.13 cusr  0.13 csys =  0.35 CPU)
Result: FAIL
Failed 3/7 test programs. 24/86 subtests failed.
make: *** [test_dynamic] Error 255
Makefile:872: recipe for target 'test_dynamic' failed



MISSING PREREQUISITES:

It was observed that the test suite seem to fail without these modules:

B::Utils

As such, adding the prerequisite module(s) to 'PREREQ_PM' in your
Makefile.PL should solve this problem.  For example:

WriteMakefile(
    AUTHOR      => 'NEILB (cpanplus-info@lists.sf.net)',
    ... # other information
    PREREQ_PM   => {
	'B::Utils'	=> '0', # or a minimum working version
    }
);

Thanks! :-)

PREREQUISITES:

Here is a list of prerequisites you specified and versions we
managed to load:

	  Module Name                        Have     Want
	  ExtUtils::MakeMaker                7.04        0
	  File::Spec                         3.47      0.8

Perl module toolchain versions installed:
	Module Name                        Have
	CPANPLUS                         0.9152
	CPANPLUS::Dist::Build              0.78
	Cwd                                3.47
	ExtUtils::CBuilder             0.280223
	ExtUtils::Command                  1.16
	ExtUtils::Install                  2.04
	ExtUtils::MakeMaker                7.04
	ExtUtils::Manifest                 1.70
	ExtUtils::ParseXS                  3.24
	File::Spec                         3.47
	Module::Build                    0.4212
	Pod::Parser                        1.37
	Pod::Simple                        3.14
	Test::Harness                      3.35
	Test::More                     1.001014
	version                          0.9912

******************************** NOTE ********************************
The comments above are created mechanically, possibly without manual
checking by the sender.  As there are many people performing automatic
tests on each upload to CPAN, it is likely that you will receive
identical messages about the same problem.

If you believe that the message is mistaken, please reply to the first
one with correction and/or additional informations, and do not take
it personally.  We appreciate your patience. :)
**********************************************************************

Additional comments:


This report was machine-generated by CPANPLUS::Dist::YACSmoke 0.94.
Powered by minismokebox version 0.58

------------------------------
ENVIRONMENT AND OTHER CONTEXT
------------------------------

Environment variables:

    AUTOMATED_TESTING = 1
    LANG = en_GB.UTF-8
    LANGUAGE = en_GB:en
    NONINTERACTIVE_TESTING = 1
    PATH = /home/cpan/pit/bare/conf/perl-5.12.1/.cpanplus/5.12.1/build/Module-Info-0.35_01/blib/script:/usr/local/bin:/usr/bin:/bin:/usr/local/games:/usr/games
    PERL5LIB = :/home/cpan/pit/bare/conf/perl-5.12.1/.cpanplus/5.12.1/build/Module-Info-0.35_01/blib/lib:/home/cpan/pit/bare/conf/perl-5.12.1/.cpanplus/5.12.1/build/Module-Info-0.35_01/blib/arch
    PERL5_CPANPLUS_IS_RUNNING = 95124
    PERL5_CPANPLUS_IS_VERSION = 0.9152
    PERL5_MINISMOKEBOX = 0.58
    PERL5_YACSMOKE_BASE = /home/cpan/pit/bare/conf/perl-5.12.1
    PERL_EXTUTILS_AUTOINSTALL = --defaultdeps
    PERL_MM_USE_DEFAULT = 1
    SHELL = /bin/bash
    TERM = screen

Perl special variables (and OS-specific diagnostics, for MSWin32):

    Perl: $^X = /home/cpan/pit/bare/perl-5.12.1/bin/perl
    UID:  $<  = 1001
    EUID: $>  = 1001
    GID:  $(  = 1001 1001
    EGID: $)  = 1001 1001


-------------------------------


--

Summary of my perl5 (revision 5 version 12 subversion 1) configuration:
   
  Platform:
    osname=gnukfreebsd, osvers=10.0-1-amd64, archname=x86_64-gnukfreebsd
    uname='gnukfreebsd kapitan 10.0-1-amd64 #0 wed, 15 jan 2014 13:30:05 +0100 x86_64 amd64 amd a6-3670 apu with radeon(tm) hd graphics gnukfreebsd '
    config_args='-des -Dprefix=/home/cpan/pit/bare/perl-5.12.1'
    hint=recommended, useposix=true, d_sigaction=define
    useithreads=undef, usemultiplicity=undef
    useperlio=define, d_sfio=undef, uselargefiles=define, usesocks=undef
    use64bitint=define, use64bitall=define, uselongdouble=undef
    usemymalloc=n, bincompat5005=undef
  Compiler:
    cc='cc', ccflags ='-fno-strict-aliasing -pipe -fstack-protector -I/usr/local/include -D_LARGEFILE_SOURCE -D_FILE_OFFSET_BITS=64',
    optimize='-O2',
    cppflags='-fno-strict-aliasing -pipe -fstack-protector -I/usr/local/include'
    ccversion='', gccversion='4.8.2', gccosandvers=''
    intsize=4, longsize=8, ptrsize=8, doublesize=8, byteorder=12345678
    d_longlong=define, longlongsize=8, d_longdbl=define, longdblsize=16
    ivtype='long', ivsize=8, nvtype='double', nvsize=8, Off_t='off_t', lseeksize=8
    alignbytes=8, prototype=define
  Linker and Libraries:
    ld='cc', ldflags =' -fstack-protector -L/usr/local/lib'
    libpth=/usr/local/lib /lib/x86_64-kfreebsd-gnu /lib/../lib /usr/lib/x86_64-kfreebsd-gnu /usr/lib/../lib /lib /usr/lib
    libs=-lnsl -lgdbm -ldl -lm -lcrypt -lutil -lc -lgdbm_compat
    perllibs=-lnsl -ldl -lm -lcrypt -lutil -lc
    libc=, so=so, useshrplib=false, libperl=libperl.a
    gnulibc_version='2.17'
  Dynamic Linking:
    dlsrc=dl_dlopen.xs, dlext=so, d_dlsymun=undef, ccdlflags='-Wl,-E'
    cccdlflags='-fpic', lddlflags='-shared -O2 -L/usr/local/lib -fstack-protector'


Characteristics of this binary (from libperl): 
  Compile-time options: PERL_DONT_CREATE_GVSV PERL_MALLOC_WRAP USE_64_BIT_ALL
                        USE_64_BIT_INT USE_LARGE_FILES USE_PERLIO
                        USE_PERL_ATOF
  Built under gnukfreebsd
  Compiled at Feb  9 2014 11:49:56
  %ENV:
    PERL5LIB=":/home/cpan/pit/bare/conf/perl-5.12.1/.cpanplus/5.12.1/build/Module-Info-0.35_01/blib/lib:/home/cpan/pit/bare/conf/perl-5.12.1/.cpanplus/5.12.1/build/Module-Info-0.35_01/blib/arch"
    PERL5_CPANPLUS_IS_RUNNING="95124"
    PERL5_CPANPLUS_IS_VERSION="0.9152"
    PERL5_MINISMOKEBOX="0.58"
    PERL5_YACSMOKE_BASE="/home/cpan/pit/bare/conf/perl-5.12.1"
    PERL_EXTUTILS_AUTOINSTALL="--defaultdeps"
    PERL_MM_USE_DEFAULT="1"
  @INC:
    /home/cpan/pit/bare/conf/perl-5.12.1/.cpanplus/5.12.1/build/Module-Info-0.35_01/blib/lib
    /home/cpan/pit/bare/conf/perl-5.12.1/.cpanplus/5.12.1/build/Module-Info-0.35_01/blib/arch
    /home/cpan/pit/bare/perl-5.12.1/lib/site_perl/5.12.1/x86_64-gnukfreebsd
    /home/cpan/pit/bare/perl-5.12.1/lib/site_perl/5.12.1
    /home/cpan/pit/bare/perl-5.12.1/lib/5.12.1/x86_64-gnukfreebsd
    /home/cpan/pit/bare/perl-5.12.1/lib/5.12.1
    .