Sys-Detect-Virtualization v0.105 Perl 5 v5.13.2 x86_64-linux

Status
Fail
From
Andreas J. König (ANDK)
Dist
Sys-Detect-Virtualization v0.105
Platform
Perl 5 v5.13.2 x86_64-linux
Date
2010-08-11 03:17:54
ID
07dea18c-a4f7-11df-a5be-a05f984c9764
This distribution has been tested as part of the CPAN Testers
project, supporting the Perl programming language.  See
http://wiki.cpantesters.org/ for more information or email
questions to cpan-testers-discuss@perl.org


--
Dear David O'Neill,

This is a computer-generated report for Sys-Detect-Virtualization-0.105
on perl 5.13.2, created by CPAN-Reporter-1.18.

Thank you for uploading your work to CPAN.  However, there was a problem
testing your distribution.

If you think this report is invalid, please consult the CPAN Testers Wiki
for suggestions on how to avoid getting FAIL reports for missing library
or binary dependencies, unsupported operating systems, and so on:

http://wiki.cpantesters.org/wiki/CPANAuthorNotes

Sections of this report:

    * Tester comments
    * Program output
    * Prerequisites
    * Environment and other context

------------------------------
TESTER COMMENTS
------------------------------

Additional comments from tester:

this report is from an automated smoke testing program
and was not reviewed by a human for accuracy

------------------------------
PROGRAM OUTPUT
------------------------------

Output from '/usr/bin/make test':

PERL_DL_NONLAZY=1 /home/src/perl/repoperls/installed-perls/perl/v5.13.2-213-ge0de7c2/bin/perl "-MExtUtils::Command::MM" "-e" "test_harness(0, 'inc', 'blib/lib', 'blib/arch')" t/*.t
t/constructor.t .... ok
t/freebsd.t ........ skipped: Test only available on FreeBSD
t/linux.t .......... ok

#   Failed test 'detect_dmidecode() against kvm test data'
#   at t/linux_helpers.t line 83.
# Compared array length of $data
#    got : array with 0 element(s)
# expect : array with 2 element(s)
# []

#   Failed test 'detect_dmidecode() against vmware test data'
#   at t/linux_helpers.t line 83.
# Compared array length of $data
#    got : array with 0 element(s)
# expect : array with 1 element(s)
# []

#   Failed test 'detect_dmidecode() against virtualpc test data'
#   at t/linux_helpers.t line 83.
# Compared array length of $data
#    got : array with 0 element(s)
# expect : array with 1 element(s)
# []
# Looks like you failed 3 tests of 19.
t/linux_helpers.t .. 
Dubious, test returned 3 (wstat 768, 0x300)
Failed 3/19 subtests 
t/manifest.t ....... skipped: Author tests not required for installation
t/pod-coverage.t ... ok
t/pod.t ............ ok

Test Summary Report
-------------------
t/linux_helpers.t (Wstat: 768 Tests: 19 Failed: 3)
  Failed tests:  5, 9, 13
  Non-zero exit status: 3
Files=7, Tests=34,  0 wallclock secs ( 0.02 usr  0.03 sys +  0.43 cusr  0.08 csys =  0.56 CPU)
Result: FAIL
Failed 1/7 test programs. 3/34 subtests failed.
make: *** [test_dynamic] Error 255

------------------------------
PREREQUISITES
------------------------------

Prerequisite modules loaded:

requires:

    Module              Need Have   
    ------------------- ---- -------
    ExtUtils::MakeMaker 6.42 6.5601 
    File::Spec          0    3.31_02
    Getopt::Long        0    2.3802 
    Pod::Usage          0    1.36   
    POSIX               0    1.19   
    Test::Deep          0    0.106  
    Test::Exception     0    0.29   
    Test::More          0.82 0.94   

configure_requires:

    Module              Need Have   
    ------------------- ---- -------
    ExtUtils::MakeMaker 6.42 6.5601 


------------------------------
ENVIRONMENT AND OTHER CONTEXT
------------------------------

Environment variables:

    AUTOMATED_TESTING = 1
    LANG = en_US.UTF-8
    PATH = /home/sand/bin:/usr/local/bin:/usr/bin:/bin:/usr/bin/X11:/usr/games:/usr/local/perl/bin:/usr/X11/bin:/sbin:/usr/sbin
    PERL5LIB = 
    PERL5OPT = 
    PERL5_CPANPLUS_IS_RUNNING = 19434
    PERL5_CPAN_IS_RUNNING = 19434
    PERL_MM_USE_DEFAULT = 1
    SHELL = /usr/bin/zsh
    TERM = screen

Perl special variables (and OS-specific diagnostics, for MSWin32):

    $^X = /home/src/perl/repoperls/installed-perls/perl/v5.13.2-213-ge0de7c2/bin/perl
    $UID/$EUID = 1001 / 1001
    $GID = 1001 1001
    $EGID = 1001 1001

Perl module toolchain versions installed:

    Module              Have   
    ------------------- -------
    CPAN                1.94_57
    Cwd                 3.31_02
    ExtUtils::CBuilder  0.27_05
    ExtUtils::Command   1.16   
    ExtUtils::Install   1.55   
    ExtUtils::MakeMaker 6.5601 
    ExtUtils::Manifest  1.58   
    ExtUtils::ParseXS   2.2206 
    File::Spec          3.31_02
    Module::Build       0.36_13
    Module::Signature   0.64   
    Test::Harness       3.21   
    Test::More          0.94   
    YAML                0.71   
    YAML::Syck          1.12   
    version             0.82   


--

Summary of my perl5 (revision 5 version 13 subversion 2) configuration:
  Commit id: e0de7c21b08329275a76393ac4d80aae90ac428e
  Platform:
    osname=linux, osvers=2.6.32-2-amd64, archname=x86_64-linux
    uname='linux k81 2.6.32-2-amd64 #1 smp fri feb 12 00:01:47 utc 2010 x86_64 gnulinux '
    config_args='-Dprefix=/home/src/perl/repoperls/installed-perls/perl/v5.13.2-213-ge0de7c2 -Dinstallusrbinperl=n -Uversiononly -Dusedevel -des -Ui_db'
    hint=recommended, useposix=true, d_sigaction=define
    useithreads=undef, usemultiplicity=undef
    useperlio=define, d_sfio=undef, uselargefiles=define, usesocks=undef
    use64bitint=define, use64bitall=define, uselongdouble=undef
    usemymalloc=n, bincompat5005=undef
  Compiler:
    cc='cc', ccflags ='-fno-strict-aliasing -pipe -fstack-protector -I/usr/local/include -D_LARGEFILE_SOURCE -D_FILE_OFFSET_BITS=64',
    optimize='-O2',
    cppflags='-fno-strict-aliasing -pipe -fstack-protector -I/usr/local/include'
    ccversion='', gccversion='4.4.4', gccosandvers=''
    intsize=4, longsize=8, ptrsize=8, doublesize=8, byteorder=12345678
    d_longlong=define, longlongsize=8, d_longdbl=define, longdblsize=16
    ivtype='long', ivsize=8, nvtype='double', nvsize=8, Off_t='off_t', lseeksize=8
    alignbytes=8, prototype=define
  Linker and Libraries:
    ld='cc', ldflags =' -fstack-protector -L/usr/local/lib'
    libpth=/usr/local/lib /lib /usr/lib /lib64 /usr/lib64
    libs=-lnsl -lgdbm -ldb -ldl -lm -lcrypt -lutil -lc -lgdbm_compat
    perllibs=-lnsl -ldl -lm -lcrypt -lutil -lc
    libc=/lib/libc-2.11.2.so, so=so, useshrplib=false, libperl=libperl.a
    gnulibc_version='2.11.2'
  Dynamic Linking:
    dlsrc=dl_dlopen.xs, dlext=so, d_dlsymun=undef, ccdlflags='-Wl,-E'
    cccdlflags='-fPIC', lddlflags='-shared -O2 -L/usr/local/lib -fstack-protector'


Characteristics of this binary (from libperl): 
  Compile-time options: PERL_DONT_CREATE_GVSV PERL_MALLOC_WRAP PERL_USE_DEVEL
                        USE_64_BIT_ALL USE_64_BIT_INT USE_LARGE_FILES
                        USE_PERLIO USE_PERL_ATOF
  Built under linux
  Compiled at Jul  7 2010 06:05:51
  %ENV:
    PERL5LIB=""
    PERL5OPT=""
    PERL5_CPANPLUS_IS_RUNNING="19434"
    PERL5_CPAN_IS_RUNNING="19434"
    PERL_MM_USE_DEFAULT="1"
  @INC:
    /home/src/perl/repoperls/installed-perls/perl/v5.13.2-213-ge0de7c2/lib/site_perl/5.13.2/x86_64-linux
    /home/src/perl/repoperls/installed-perls/perl/v5.13.2-213-ge0de7c2/lib/site_perl/5.13.2
    /home/src/perl/repoperls/installed-perls/perl/v5.13.2-213-ge0de7c2/lib/5.13.2/x86_64-linux
    /home/src/perl/repoperls/installed-perls/perl/v5.13.2-213-ge0de7c2/lib/5.13.2
    .