Report for Dist-Zilla-Plugin-CheckIssues-0.006

Back
From: metabase:user:320bfe00-2aae-11df-837a-5e0a49663a4f
Subject: FAIL Dist-Zilla-Plugin-CheckIssues-0.006 v5.12.5 GNU/Linux
Date: 2014-11-22T03:52:51Z

This distribution has been tested as part of the CPAN Testers
project, supporting the Perl programming language.  See
http://wiki.cpantesters.org/ for more information or email
questions to cpan-testers-discuss@perl.org


--
Dear Karen Etheridge,

This is a computer-generated report for Dist-Zilla-Plugin-CheckIssues-0.006
on perl 5.12.5, created by CPAN-Reporter-1.2011.

Thank you for uploading your work to CPAN.  However, there was a problem
testing your distribution.

If you think this report is invalid, please consult the CPAN Testers Wiki
for suggestions on how to avoid getting FAIL reports for missing library
or binary dependencies, unsupported operating systems, and so on:

http://wiki.cpantesters.org/wiki/CPANAuthorNotes

Sections of this report:

    * Tester comments
    * Program output
    * Prerequisites
    * Environment and other context

------------------------------
TESTER COMMENTS
------------------------------

Additional comments from tester:

this report is from an automated smoke testing program
and was not reviewed by a human for accuracy

------------------------------
PROGRAM OUTPUT
------------------------------

Output from './Build test':


# Versions for all modules listed in MYMETA.json (including optional ones):
# 
# === Configure Requires ===
# 
#     Module               Want  Have
#     ------------------- ----- -----
#     Module::Build::Tiny 0.039 0.039
# 
# === Test Requires ===
# 
#     Module                          Want         Have
#     ------------------------------- ---- ------------
#     Dist::Zilla::App::Tester         any        5.025
#     Dist::Zilla::Role::MetaProvider  any        5.025
#     ExtUtils::MakeMaker              any      7.03_01
#     File::Spec                       any         3.47
#     File::pushd                      any        1.009
#     Moose::Util                      any       2.1402
#     Path::Tiny                       any        0.061
#     Test::DZil                       any        5.025
#     Test::Deep                       any        0.113
#     Test::Fatal                      any        0.013
#     Test::More                       any 1.301001_075
#     if                               any         0.05
#     lib                              any         0.62
# 
# === Test Recommends ===
# 
#     Module         Want     Have
#     ---------- -------- --------
#     CPAN::Meta 2.120900 2.143240
# 
# === Runtime Requires ===
# 
#     Module                           Want     Have
#     -------------------------------- ---- --------
#     Dist::Zilla::App                  any    5.025
#     Dist::Zilla::Role::BeforeRelease  any    5.025
#     Encode                            any     2.64
#     HTTP::Headers                     any     6.05
#     HTTP::Tiny                        any    0.051
#     JSON::MaybeXS                     any 1.003002
#     List::Util                       1.33     1.41
#     Moose                             any   2.1402
#     Term::ANSIColor                   any     4.03
#     namespace::autoclean              any     0.22
#     strict                            any     1.04
#     warnings                          any     1.09
# 
t/00-report-prereqs.t .. ok
t/01-basic.t ........... ok
t/02-no-rt.t ........... ok
t/03-no-repo.t ......... ok
'Dist::Zilla::Role::Git::Remote::Branch' requires the method 'remote_name' to be implemented by 'Dist::Zilla::Util::Git::Bundle' at /home/sand/src/perl/repoperls/installed-perls/perl/v5.12.5/127e/lib/site_perl/5.12.5/x86_64-linux-ld/Moose/Exporter.pm line 418
	Moose::with('Dist::Zilla::Role::Git::Remote::Branch') called at /home/sand/src/perl/repoperls/installed-perls/perl/v5.12.5/127e/lib/site_perl/5.12.5/Dist/Zilla/Util/Git/Bundle.pm line 57
	require Dist/Zilla/Util/Git/Bundle.pm at /home/sand/src/perl/repoperls/installed-perls/perl/v5.12.5/127e/lib/site_perl/5.12.5/Dist/Zilla/App/CommandHelper/ChainSmoking.pm line 12
	Dist::Zilla::App::CommandHelper::ChainSmoking::BEGIN at /home/sand/src/perl/repoperls/installed-perls/perl/v5.12.5/127e/lib/site_perl/5.12.5/Dist/Zilla/Util/Git/Bundle.pm line 0
	eval {...} at /home/sand/src/perl/repoperls/installed-perls/perl/v5.12.5/127e/lib/site_perl/5.12.5/Dist/Zilla/Util/Git/Bundle.pm line 0
	require Dist/Zilla/App/CommandHelper/ChainSmoking.pm at /home/sand/src/perl/repoperls/installed-perls/perl/v5.12.5/127e/lib/site_perl/5.12.5/Dist/Zilla/App/Command/chainsmoke.pm line 10
	Dist::Zilla::App::Command::chainsmoke::BEGIN at /home/sand/src/perl/repoperls/installed-perls/perl/v5.12.5/127e/lib/site_perl/5.12.5/Dist/Zilla/Util/Git/Bundle.pm line 0
	eval {...} at /home/sand/src/perl/repoperls/installed-perls/perl/v5.12.5/127e/lib/site_perl/5.12.5/Dist/Zilla/Util/Git/Bundle.pm line 0
	require Dist/Zilla/App/Command/chainsmoke.pm at /home/sand/src/perl/repoperls/installed-perls/perl/v5.12.5/127e/lib/site_perl/5.12.5/Module/Runtime.pm line 317
	Module::Runtime::require_module('Dist::Zilla::App::Command::chainsmoke') called at /home/sand/src/perl/repoperls/installed-perls/perl/v5.12.5/127e/lib/site_perl/5.12.5/Class/Load.pm line 180
	Class::Load::try {...}  at /home/sand/src/perl/repoperls/installed-perls/perl/v5.12.5/127e/lib/site_perl/5.12.5/Try/Tiny.pm line 76
	eval {...} at /home/sand/src/perl/repoperls/installed-perls/perl/v5.12.5/127e/lib/site_perl/5.12.5/Try/Tiny.pm line 72
	Try::Tiny::try('CODE(0x4233b70)', 'Try::Tiny::Catch=REF(0x42423c0)') called at /home/sand/src/perl/repoperls/installed-perls/perl/v5.12.5/127e/lib/site_perl/5.12.5/Class/Load.pm line 186
	Class::Load::try_load_class('Dist::Zilla::App::Command::chainsmoke', undef) called at /home/sand/src/perl/repoperls/installed-perls/perl/v5.12.5/127e/lib/site_perl/5.12.5/Class/Load.pm line 41
	Class::Load::load_class('Dist::Zilla::App::Command::chainsmoke') called at /home/sand/src/perl/repoperls/installed-perls/perl/v5.12.5/127e/lib/site_perl/5.12.5/App/Cmd.pm line 185
	App::Cmd::_command('Dist::Zilla::App', undef) called at /home/sand/src/perl/repoperls/installed-perls/perl/v5.12.5/127e/lib/site_perl/5.12.5/App/Cmd.pm line 159
	App::Cmd::new('Dist::Zilla::App') called at /home/sand/src/perl/repoperls/installed-perls/perl/v5.12.5/127e/lib/site_perl/5.12.5/App/Cmd/Tester.pm line 84
	App::Cmd::Tester::test_app('Dist::Zilla::App::Tester', 'Dist::Zilla::App', 'ARRAY(0x41f67d8)') called at /home/sand/src/perl/repoperls/installed-perls/perl/v5.12.5/127e/lib/site_perl/5.12.5/Dist/Zilla/App/Tester.pm line 38
	Dist::Zilla::App::Tester::test_dzil('Dist::Zilla::App::Tester', ., 'ARRAY(0x41f67d8)') called at /home/sand/src/perl/repoperls/installed-perls/perl/v5.12.5/127e/lib/site_perl/5.12.5/Sub/Exporter/Util.pm line 18
	Sub::Exporter::Util::__ANON__(., 'ARRAY(0x41f67d8)') called at t/04-command.t line 60
Compilation failed in require at /home/sand/src/perl/repoperls/installed-perls/perl/v5.12.5/127e/lib/site_perl/5.12.5/Dist/Zilla/App/CommandHelper/ChainSmoking.pm line 12.
BEGIN failed--compilation aborted at /home/sand/src/perl/repoperls/installed-perls/perl/v5.12.5/127e/lib/site_perl/5.12.5/Dist/Zilla/App/CommandHelper/ChainSmoking.pm line 12.
Compilation failed in require at /home/sand/src/perl/repoperls/installed-perls/perl/v5.12.5/127e/lib/site_perl/5.12.5/Dist/Zilla/App/Command/chainsmoke.pm line 10.
BEGIN failed--compilation aborted at /home/sand/src/perl/repoperls/installed-perls/perl/v5.12.5/127e/lib/site_perl/5.12.5/Dist/Zilla/App/Command/chainsmoke.pm line 10.
Compilation failed in require at /home/sand/src/perl/repoperls/installed-perls/perl/v5.12.5/127e/lib/site_perl/5.12.5/Sub/Exporter/Util.pm line 18.
t/04-command.t ......... 
Dubious, test returned 255 (wstat 65280, 0xff00)
No subtests run 

Test Summary Report
-------------------
t/04-command.t       (Wstat: 65280 Tests: 0 Failed: 0)
  Non-zero exit status: 255
  Parse errors: No plan found in TAP output
Files=5, Tests=7,  9 wallclock secs ( 0.02 usr  0.01 sys +  4.95 cusr  0.30 csys =  5.28 CPU)
Result: FAIL

------------------------------
PREREQUISITES
------------------------------

Prerequisite modules loaded:

requires:

    Module                           Need  Have        
    -------------------------------- ----- ------------
    Dist::Zilla::App                 0     5.025       
    Dist::Zilla::Role::BeforeRelease 0     5.025       
    Encode                           0     2.64        
    HTTP::Headers                    0     6.05        
    HTTP::Tiny                       0     0.051       
    JSON::MaybeXS                    0     1.003002    
    List::Util                       1.33  1.41        
    Moose                            0     2.1402      
    namespace::autoclean             0     0.22        
    perl                             5.006 5.012005    
    strict                           0     1.04        
    Term::ANSIColor                  0     4.03        
    warnings                         0     1.09        

build_requires:

    Module                           Need  Have        
    -------------------------------- ----- ------------
    Dist::Zilla::App::Tester         0     5.025       
    Dist::Zilla::Role::MetaProvider  0     5.025       
    ExtUtils::MakeMaker              0     7.03_01     
    File::pushd                      0     1.009       
    File::Spec                       0     3.47        
    if                               0     0.05        
    lib                              0     0.62        
    Moose::Util                      0     2.1402      
    Path::Tiny                       0     0.061       
    perl                             5.006 5.012005    
    Test::Deep                       0     0.113       
    Test::DZil                       0     5.025       
    Test::Fatal                      0     0.013       
    Test::More                       0     1.301001_075

configure_requires:

    Module                           Need  Have        
    -------------------------------- ----- ------------
    Module::Build::Tiny              0.039 0.039       
    perl                             5.006 5.012005    


------------------------------
ENVIRONMENT AND OTHER CONTEXT
------------------------------

Environment variables:

    AUTOMATED_TESTING = 1
    LANG = en_US.UTF-8
    LANGUAGE = en_US:en
    PATH = /home/sand/bin:/usr/local/bin:/usr/bin:/bin:/usr/games:/usr/local/perl/bin:/usr/X11/bin:/sbin:/usr/sbin
    PERL5LIB = 
    PERL5OPT = 
    PERL5_CPANPLUS_IS_RUNNING = 27831
    PERL5_CPAN_IS_RUNNING = 27831
    PERL_MM_USE_DEFAULT = 1
    SHELL = /usr/bin/zsh
    TERM = screen

Perl special variables (and OS-specific diagnostics, for MSWin32):

    $^X = /home/sand/src/perl/repoperls/installed-perls/perl/v5.12.5/127e/bin/perl
    $UID/$EUID = 1005 / 1005
    $GID = 1005 1005
    $EGID = 1005 1005

Perl module toolchain versions installed:

    Module              Have        
    ------------------- ------------
    CPAN                2.05        
    CPAN::Meta          2.143240    
    Cwd                 3.47        
    ExtUtils::CBuilder  0.280220    
    ExtUtils::Command   1.16        
    ExtUtils::Install   1.55        
    ExtUtils::MakeMaker 7.03_01     
    ExtUtils::Manifest  1.68        
    ExtUtils::ParseXS   3.24        
    File::Spec          3.47        
    JSON                2.90        
    JSON::PP            2.27203     
    Module::Build       0.4210      
    Module::Signature   0.73        
    Parse::CPAN::Meta   1.4414      
    Test::Harness       3.34        
    Test::More          1.301001_075
    YAML                1.13        
    YAML::Syck          1.27        
    version             0.9909      


--

Summary of my perl5 (revision 5 version 12 subversion 5) configuration:
  Commit id: 9a9cbd715960a905dcbc9166349a73a64a007e4e
  Platform:
    osname=linux, osvers=3.16-2-amd64, archname=x86_64-linux-ld
    uname='linux k83 3.16-2-amd64 #1 smp debian 3.16.3-2 (2014-09-20) x86_64 gnulinux '
    config_args='-Dprefix=/home/sand/src/perl/repoperls/installed-perls/perl/v5.12.5/127e -Dmyhostname=k83 -Dinstallusrbinperl=n -Uversiononly -Dusedevel -des -Ui_db -Uuseithreads -Duselongdouble -DDEBUGGING=-g'
    hint=recommended, useposix=true, d_sigaction=define
    useithreads=undef, usemultiplicity=undef
    useperlio=define, d_sfio=undef, uselargefiles=define, usesocks=undef
    use64bitint=define, use64bitall=define, uselongdouble=define
    usemymalloc=n, bincompat5005=undef
  Compiler:
    cc='cc', ccflags ='-fno-strict-aliasing -pipe -fstack-protector -I/usr/local/include -D_LARGEFILE_SOURCE -D_FILE_OFFSET_BITS=64',
    optimize='-O2 -g',
    cppflags='-fno-strict-aliasing -pipe -fstack-protector -I/usr/local/include'
    ccversion='', gccversion='4.9.1', gccosandvers=''
    intsize=4, longsize=8, ptrsize=8, doublesize=8, byteorder=12345678
    d_longlong=define, longlongsize=8, d_longdbl=define, longdblsize=16
    ivtype='long', ivsize=8, nvtype='long double', nvsize=16, Off_t='off_t', lseeksize=8
    alignbytes=16, prototype=define
  Linker and Libraries:
    ld='cc', ldflags =' -fstack-protector -L/usr/local/lib'
    libpth=/usr/local/lib /lib/x86_64-linux-gnu /lib/../lib /usr/lib/x86_64-linux-gnu /usr/lib/../lib /lib /usr/lib
    libs=-lnsl -lgdbm -ldb -ldl -lm -lcrypt -lutil -lc -lgdbm_compat
    perllibs=-lnsl -ldl -lm -lcrypt -lutil -lc
    libc=, so=so, useshrplib=false, libperl=libperl.a
    gnulibc_version='2.19'
  Dynamic Linking:
    dlsrc=dl_dlopen.xs, dlext=so, d_dlsymun=undef, ccdlflags='-Wl,-E'
    cccdlflags='-fPIC', lddlflags='-shared -O2 -g -L/usr/local/lib -fstack-protector'


Characteristics of this binary (from libperl): 
  Compile-time options: PERL_DONT_CREATE_GVSV PERL_MALLOC_WRAP PERL_USE_DEVEL
                        USE_64_BIT_ALL USE_64_BIT_INT USE_LARGE_FILES
                        USE_LONG_DOUBLE USE_PERLIO USE_PERL_ATOF
  Built under linux
  Compiled at Oct 17 2014 12:25:34
  %ENV:
    PERL5LIB=""
    PERL5OPT=""
    PERL5_CPANPLUS_IS_RUNNING="27831"
    PERL5_CPAN_IS_RUNNING="27831"
    PERL_MM_USE_DEFAULT="1"
  @INC:
    /home/sand/src/perl/repoperls/installed-perls/perl/v5.12.5/127e/lib/site_perl/5.12.5/x86_64-linux-ld
    /home/sand/src/perl/repoperls/installed-perls/perl/v5.12.5/127e/lib/site_perl/5.12.5
    /home/sand/src/perl/repoperls/installed-perls/perl/v5.12.5/127e/lib/5.12.5/x86_64-linux-ld
    /home/sand/src/perl/repoperls/installed-perls/perl/v5.12.5/127e/lib/5.12.5
    .