Report for Module-Info-0.35

Back
From: metabase:user:68a9c4ac-1ec7-11e0-bf29-9c4bfeb2ac3f
Subject: FAIL Module-Info-0.35 v5.21.9 GNU/Linux
Date: 2015-02-25T03:04:37Z

This distribution has been tested as part of the CPAN Testers
project, supporting the Perl programming language.  See
http://wiki.cpantesters.org/ for more information or email
questions to cpan-testers-discuss@perl.org


--
Dear Mattia Barbon,

This is a computer-generated report for Module-Info-0.35
on perl 5.21.9, created by CPAN-Reporter-1.2011.

Thank you for uploading your work to CPAN.  However, there was a problem
testing your distribution.

If you think this report is invalid, please consult the CPAN Testers Wiki
for suggestions on how to avoid getting FAIL reports for missing library
or binary dependencies, unsupported operating systems, and so on:

http://wiki.cpantesters.org/wiki/CPANAuthorNotes

Sections of this report:

    * Tester comments
    * Program output
    * Prerequisites
    * Environment and other context

------------------------------
TESTER COMMENTS
------------------------------

Additional comments from tester:

none provided

------------------------------
PROGRAM OUTPUT
------------------------------

Output from './Build test':

#     Failed test (t/Module-Info.t at line 82)
#          got: '4'
#     expected: '3'
#     Failed test (t/Module-Info.t at line 83)
#     Structures begin differing at:
#          $got->[3] = 'Subroutine B::OP::parent redefined at blib/lib/B/BUtils.pm line 217.'
#     $expected->[3] = Does not exist
#     Failed test (t/Module-Info.t at line 88)
#          got: '4'
#     expected: '3'
#     Failed test (t/Module-Info.t at line 89)
#          got: undef
#     expected: '0.35'
#     Failed test (t/Module-Info.t at line 185)
#          got: '3'
#     expected: '2'
#     Failed test (t/Module-Info.t at line 186)
#     Failed test (t/Module-Info.t at line 189)
#          got: '3'
#     expected: '2'
#     Failed test (t/Module-Info.t at line 190)
#          got: 'Illegal division by zero at -e line 1.'
#     expected: '7.254'
B::Module::Info,subs_called use failed with 255 saying:
Subroutine B::OP::parent redefined at blib/lib/B/BUtils.pm line 217.

function call to wibble at "/home/rando/.cpan/build/Module-Info-0.35-VdIm_n/t/lib/Foo.pm" line 25

function call using symbolic ref at "/home/rando/.cpan/build/Module-Info-0.35-VdIm_n/t/lib/Foo.pm" line 26

Can't locate object method "PV" via package "B::SPECIAL" at blib/lib/B/Module/Info.pm line 388.

CHECK failed--call queue aborted.
#     Failed test (t/Module-Info.t at line 296)
#     Structures begin differing at:
#          $got->[0] = Does not exist
#     $expected->[0] = 'HASH(0x23c8aa0)'
B::Module::Info,subs_called use failed with 255 saying:
Subroutine B::OP::parent redefined at blib/lib/B/BUtils.pm line 217.

function call to wibble at "/home/rando/.cpan/build/Module-Info-0.35-VdIm_n/t/lib/Foo.pm" line 25

function call using symbolic ref at "/home/rando/.cpan/build/Module-Info-0.35-VdIm_n/t/lib/Foo.pm" line 26

Can't locate object method "PV" via package "B::SPECIAL" at blib/lib/B/Module/Info.pm line 388.

CHECK failed--call queue aborted.
#     Failed test (t/Module-Info.t at line 298)
#     Structures begin differing at:
#          $got->[0] = Does not exist
#     $expected->[0] = 'HASH(0x23c8dd0)'
# Looks like you failed 10 tests of 59.
t/Module-Info.t .......... 
Dubious, test returned 10 (wstat 2560, 0xa00)
Failed 10/59 subtests 
t/n0_die_on_error.t ...... ok
#     Failed test (t/n1_modules_required.t at line 17)
#     Structures begin differing at:
#          $got->[0] = Does not exist
#     $expected->[0] = '1'
# Looks like you failed 1 tests of 3.
t/n1_modules_required.t .. 
Dubious, test returned 1 (wstat 256, 0x100)
Failed 1/3 subtests 
t/n2_safe.t .............. ok
t/n3_version.t ........... ok

Test Summary Report
-------------------
t/Module-Info.t        (Wstat: 2560 Tests: 59 Failed: 10)
  Failed tests:  10-13, 43-46, 56-57
  Non-zero exit status: 10
t/n1_modules_required.t (Wstat: 256 Tests: 3 Failed: 1)
  Failed test:  2
  Non-zero exit status: 1
Files=5, Tests=88,  2 wallclock secs ( 0.05 usr  0.01 sys +  1.56 cusr  0.08 csys =  1.70 CPU)
Result: FAIL
Failed 2/5 test programs. 11/88 subtests failed.

------------------------------
PREREQUISITES
------------------------------

Prerequisite modules loaded:

requires:

    Module        Need Have  
    ------------- ---- ------
    File::Spec    0.08 3.53  

configure_requires:

    Module        Need Have  
    ------------- ---- ------
    Module::Build 0.40 0.4211


------------------------------
ENVIRONMENT AND OTHER CONTEXT
------------------------------

Environment variables:

    HARNESS_SUBCLASS = TAP::Harness::Restricted
    LANG = en_US.UTF-8
    LANGUAGE = en_US.UTF-8
    LC_ALL = en_US.UTF-8
    LC_CTYPE = en_US.UTF-8
    PATH = /home/rando/perl5/perlbrew/bin:/home/rando/perl5/perlbrew/perls/21.9/bin:/home/rando/data/devel/linux:/home/rando/scala/sbt/bin:/home/rando/scala/local/bin:/home/rando/.rvm/gems/ruby-1.9.3-p286/bin:/home/rando/.rvm/gems/ruby-1.9.3-p286@global/bin:/home/rando/.rvm/rubies/ruby-1.9.3-p286/bin:/home/rando/.rvm/bin:/home/rando/python/venv/2.7.3/bin:/home/rando/perl5/perlbrew/bin:/home/rando/perl5/perlbrew/perls/local/bin:/home/rando/node/global/bin:/home/rando/usr/iojs/bin:/home/rando/java/jdk1.7.0_11/bin:/home/rando/gopath/bin:/home/rando/go/bin:/home/rando/bin:/home/rando/usr/bin:/usr/lib/lightdm/lightdm:/usr/local/sbin:/usr/local/bin:/usr/sbin:/usr/bin:/sbin:/bin:/usr/games
    PERL5LIB = 
    PERL5OPT = 
    PERL5_CPANPLUS_IS_RUNNING = 9725
    PERL5_CPAN_IS_RUNNING = 9725
    PERLBREW_BASHRC_VERSION = 0.73
    PERLBREW_HOME = /home/rando/.perlbrew
    PERLBREW_LIB = 
    PERLBREW_MANPATH = /home/rando/perl5/perlbrew/perls/21.9/man
    PERLBREW_PATH = /home/rando/perl5/perlbrew/bin:/home/rando/perl5/perlbrew/perls/21.9/bin
    PERLBREW_PERL = 21.9
    PERLBREW_ROOT = /home/rando/perl5/perlbrew
    PERLBREW_VERSION = 0.73
    PERL_LOCAL_LIB_ROOT = 
    SHELL = /usr/bin/zsh
    TERM = screen-256color

Perl special variables (and OS-specific diagnostics, for MSWin32):

    $^X = /home/rando/perl5/perlbrew/perls/21.9/bin/perl5.21.9
    $UID/$EUID = 1000 / 1000
    $GID = 1000 4 24 27 30 46 105 110 123 127 1000 1002
    $EGID = 1000 4 24 27 30 46 105 110 123 127 1000 1002

Perl module toolchain versions installed:

    Module              Have        
    ------------------- ------------
    CPAN                2.05        
    CPAN::Meta          2.143240    
    Cwd                 3.54        
    ExtUtils::CBuilder  0.280221    
    ExtUtils::Command   1.20        
    ExtUtils::Install   2.04        
    ExtUtils::MakeMaker 7.04        
    ExtUtils::Manifest  1.70        
    ExtUtils::ParseXS   3.27        
    File::Spec          3.53        
    JSON                2.90        
    JSON::PP            2.27300     
    Module::Build       0.4211      
    Module::Signature   0.73        
    Parse::CPAN::Meta   1.4414      
    Test::Harness       3.35        
    Test::More          1.301001_098
    YAML                1.14        
    YAML::Syck          1.29        
    version             0.9912      


--

Summary of my perl5 (revision 5 version 21 subversion 9) configuration:
   
  Platform:
    osname=linux, osvers=3.2.0-76-generic, archname=x86_64-linux
    uname='linux raptor 3.2.0-76-generic #111-ubuntu smp tue jan 13 22:16:09 utc 2015 x86_64 x86_64 x86_64 gnulinux '
    config_args='-de -Dprefix=/home/rando/perl5/perlbrew/perls/21.9 -Dman1dir=none -Dman3dir=none -Dusedevel -Aeval:scriptdir=/home/rando/perl5/perlbrew/perls/21.9/bin'
    hint=recommended, useposix=true, d_sigaction=define
    useithreads=undef, usemultiplicity=undef
    use64bitint=define, use64bitall=define, uselongdouble=undef
    usemymalloc=n, bincompat5005=undef
  Compiler:
    cc='cc', ccflags ='-fwrapv -fno-strict-aliasing -pipe -fstack-protector -I/usr/local/include -D_LARGEFILE_SOURCE -D_FILE_OFFSET_BITS=64',
    optimize='-O2',
    cppflags='-fwrapv -fno-strict-aliasing -pipe -fstack-protector -I/usr/local/include'
    ccversion='', gccversion='4.6.3', gccosandvers=''
    intsize=4, longsize=8, ptrsize=8, doublesize=8, byteorder=12345678, doublekind=3
    d_longlong=define, longlongsize=8, d_longdbl=define, longdblsize=16, longdblkind=3
    ivtype='long', ivsize=8, nvtype='double', nvsize=8, Off_t='off_t', lseeksize=8
    alignbytes=8, prototype=define
  Linker and Libraries:
    ld='cc', ldflags =' -fstack-protector -L/usr/local/lib'
    libpth=/usr/local/lib /usr/lib/gcc/x86_64-linux-gnu/4.6/include-fixed /usr/include/x86_64-linux-gnu /usr/lib /lib/x86_64-linux-gnu /lib/../lib /usr/lib/x86_64-linux-gnu /usr/lib/../lib /lib
    libs=-lpthread -lnsl -ldl -lm -lcrypt -lutil -lc
    perllibs=-lpthread -lnsl -ldl -lm -lcrypt -lutil -lc
    libc=, so=so, useshrplib=false, libperl=libperl.a
    gnulibc_version='2.15'
  Dynamic Linking:
    dlsrc=dl_dlopen.xs, dlext=so, d_dlsymun=undef, ccdlflags='-Wl,-E'
    cccdlflags='-fPIC', lddlflags='-shared -O2 -L/usr/local/lib -fstack-protector'


Characteristics of this binary (from libperl): 
  Compile-time options: HAS_TIMES PERLIO_LAYERS PERL_DONT_CREATE_GVSV
                        PERL_HASH_FUNC_ONE_AT_A_TIME_HARD PERL_MALLOC_WRAP
                        PERL_NEW_COPY_ON_WRITE PERL_PRESERVE_IVUV
                        PERL_USE_DEVEL USE_64_BIT_ALL USE_64_BIT_INT
                        USE_LARGE_FILES USE_LOCALE USE_LOCALE_COLLATE
                        USE_LOCALE_CTYPE USE_LOCALE_NUMERIC USE_LOCALE_TIME
                        USE_PERLIO USE_PERL_ATOF
  Built under linux
  Compiled at Feb 24 2015 19:23:03
  %ENV:
    PERL5LIB=""
    PERL5OPT=""
    PERL5_CPANPLUS_IS_RUNNING="9725"
    PERL5_CPAN_IS_RUNNING="9725"
    PERLBREW_BASHRC_VERSION="0.73"
    PERLBREW_HOME="/home/rando/.perlbrew"
    PERLBREW_LIB=""
    PERLBREW_MANPATH="/home/rando/perl5/perlbrew/perls/21.9/man"
    PERLBREW_PATH="/home/rando/perl5/perlbrew/bin:/home/rando/perl5/perlbrew/perls/21.9/bin"
    PERLBREW_PERL="21.9"
    PERLBREW_ROOT="/home/rando/perl5/perlbrew"
    PERLBREW_VERSION="0.73"
    PERL_LOCAL_LIB_ROOT=""
  @INC:
    /home/rando/perl5/perlbrew/perls/21.9/lib/site_perl/5.21.9/x86_64-linux
    /home/rando/perl5/perlbrew/perls/21.9/lib/site_perl/5.21.9
    /home/rando/perl5/perlbrew/perls/21.9/lib/5.21.9/x86_64-linux
    /home/rando/perl5/perlbrew/perls/21.9/lib/5.21.9
    .