Inline-CPP v0.80 Perl 5 v5.41.3 amd64-midnightbsd-thread-multi
- Status
- Fail
- From
- Carlos Guevara
- Dist
-
Inline-CPP v0.80
- Platform
- Perl 5 v5.41.3 amd64-midnightbsd-thread-multi
- Date
- 2024-08-19 07:45:41
- ID
- 08b27af4-5dff-11ef-bccc-958af3cc2a11
This distribution has been tested as part of the CPAN Testers
project, supporting the Perl programming language. See
http://wiki.cpantesters.org/ for more information or email
questions to cpan-testers-discuss@perl.org
--
Dear David J. Oswald,
This is a computer-generated report for Inline-CPP-0.80
on perl 5.41.3, created by CPAN-Reporter-1.2020.
Thank you for uploading your work to CPAN. However, there was a problem
testing your distribution.
If you think this report is invalid, please consult the CPAN Testers Wiki
for suggestions on how to avoid getting FAIL reports for missing library
or binary dependencies, unsupported operating systems, and so on:
http://wiki.cpantesters.org/wiki/CPANAuthorNotes
Sections of this report:
* Tester comments
* Program output
* Prerequisites
* Environment and other context
------------------------------
TESTER COMMENTS
------------------------------
Additional comments from tester:
this report is from an automated smoke testing program
and was not reviewed by a human for accuracy
------------------------------
PROGRAM OUTPUT
------------------------------
Output from '/usr/bin/make test':
PERL_DL_NONLAZY=1 "/usr/home/cpan/bin/perl/bin/perl5.41.3" "-MExtUtils::Command::MM" "-MTest::Harness" "-e" "undef *Test::Harness::Switches; test_harness(0, 'blib/lib', 'blib/arch')" t/*.t t/*/*.t
# $Config{osname}: midnightbsd
# $Config{cc}: cc
# $Config{gccversion}: MidnightBSD Clang 13.0.0 (git@github.com:llvm/llvm-project.git llvmorg-13.0.0-0-gd7b669b3a303)
t/00load_prereqs.t .................... ok
t/01fn_cans.t ......................... ok
Had problems bootstrapping Inline module '_02basic_t_bc90'
Can't load '/usr/home/cpan/.cpan/build/Inline-CPP-0.80-0/_Inline/lib/auto/_02basic_t_bc90/_02basic_t_bc90.so' for module _02basic_t_bc90: /usr/home/cpan/.cpan/build/Inline-CPP-0.80-0/_Inline/lib/auto/_02basic_t_bc90/_02basic_t_bc90.so: Undefined symbol "__gxx_personality_v0" at /home/cpan/bin/perl/lib/5.41.3/amd64-midnightbsd-thread-multi/DynaLoader.pm line 206.
at /home/cpan/bin/perl/lib/site_perl/5.41.3/Inline.pm line 541.
at t/02basic.t line 37.
BEGIN failed--compilation aborted at t/02basic.t line 37.
# Looks like your test exited with 2 before it could output anything.
t/02basic.t ...........................
Dubious, test returned 2 (wstat 512, 0x200)
Failed 12/12 subtests
Had problems bootstrapping Inline module '_03prefix_t_4c6f'
Can't load '/usr/home/cpan/.cpan/build/Inline-CPP-0.80-0/_Inline/lib/auto/_03prefix_t_4c6f/_03prefix_t_4c6f.so' for module _03prefix_t_4c6f: /usr/home/cpan/.cpan/build/Inline-CPP-0.80-0/_Inline/lib/auto/_03prefix_t_4c6f/_03prefix_t_4c6f.so: Undefined symbol "_Znwm" at /home/cpan/bin/perl/lib/5.41.3/amd64-midnightbsd-thread-multi/DynaLoader.pm line 206.
at /home/cpan/bin/perl/lib/site_perl/5.41.3/Inline.pm line 541.
at t/03prefix.t line 0.
INIT failed--call queue aborted.
# Looks like your test exited with 2 before it could output anything.
t/03prefix.t ..........................
Dubious, test returned 2 (wstat 512, 0x200)
Failed 4/4 subtests
Had problems bootstrapping Inline module '_04charptr_t_fa7d'
Can't load '/usr/home/cpan/.cpan/build/Inline-CPP-0.80-0/_Inline/lib/auto/_04charptr_t_fa7d/_04charptr_t_fa7d.so' for module _04charptr_t_fa7d: /usr/home/cpan/.cpan/build/Inline-CPP-0.80-0/_Inline/lib/auto/_04charptr_t_fa7d/_04charptr_t_fa7d.so: Undefined symbol "__gxx_personality_v0" at /home/cpan/bin/perl/lib/5.41.3/amd64-midnightbsd-thread-multi/DynaLoader.pm line 206.
at /home/cpan/bin/perl/lib/site_perl/5.41.3/Inline.pm line 541.
at t/04charptr.t line 0.
INIT failed--call queue aborted.
# Looks like your test exited with 2 before it could output anything.
t/04charptr.t .........................
Dubious, test returned 2 (wstat 512, 0x200)
Failed 2/2 subtests
t/06fn_regress.t ...................... ok
#
# Compiler guesses:
# EU::CppGuess: [clang++ -DHAS_FPSETMASK -DHAS_FLOATINGPOINT_H -fno-strict-aliasing -pipe -fstack-protector-strong -I/usr/local/include -xc++ -Wno-reserved-user-defined-literal],
# Old Makefile.PL: [g++].
# Linker guesses:
# EU::CppGuess: [-lstdc++],
# Old Makefile.PL: [-lstdc++].
t/08cppguess.t ........................ ok
t/12custom_libs.t ..................... ok
t/15config_case.t ..................... ok
<-----------------------Information Section----------------------------------->
Information about the processing of your Inline CPP code:
Your source code needs to be compiled. I'll use this build directory:
/usr/home/cpan/.cpan/build/Inline-CPP-0.80-0/_Inline/build/_16info_t_2ec0
and I'll install the executable as:
/usr/home/cpan/.cpan/build/Inline-CPP-0.80-0/_Inline/lib/auto/_16info_t_2ec0/_16info_t_2ec0.so
The following Inline CPP function(s) have been successfully bound to Perl:
int add(int x, int y)
The following functions have been bound to Perl:
int add(int x, int y);
<-----------------------End of Information Section---------------------------->
t/16info.t ............................ ok
Had problems bootstrapping Inline module '_01empty_ns_is_main_t_ba00'
Can't load '/usr/home/cpan/.cpan/build/Inline-CPP-0.80-0/_Inline/lib/auto/_01empty_ns_is_main_t_ba00/_01empty_ns_is_main_t_ba00.so' for module _01empty_ns_is_main_t_ba00: /usr/home/cpan/.cpan/build/Inline-CPP-0.80-0/_Inline/lib/auto/_01empty_ns_is_main_t_ba00/_01empty_ns_is_main_t_ba00.so: Undefined symbol "_Znwm" at /home/cpan/bin/perl/lib/5.41.3/amd64-midnightbsd-thread-multi/DynaLoader.pm line 206.
at /home/cpan/bin/perl/lib/site_perl/5.41.3/Inline.pm line 541.
at t/classes/01empty_ns_is_main.t line 11.
BEGIN failed--compilation aborted at t/classes/01empty_ns_is_main.t line 11.
t/classes/01empty_ns_is_main.t ........
Dubious, test returned 2 (wstat 512, 0x200)
No subtests run
Had problems bootstrapping Inline module '_02main_ns_is_main_t_ba00'
Can't load '/usr/home/cpan/.cpan/build/Inline-CPP-0.80-0/_Inline/lib/auto/_02main_ns_is_main_t_ba00/_02main_ns_is_main_t_ba00.so' for module _02main_ns_is_main_t_ba00: /usr/home/cpan/.cpan/build/Inline-CPP-0.80-0/_Inline/lib/auto/_02main_ns_is_main_t_ba00/_02main_ns_is_main_t_ba00.so: Undefined symbol "_Znwm" at /home/cpan/bin/perl/lib/5.41.3/amd64-midnightbsd-thread-multi/DynaLoader.pm line 206.
at /home/cpan/bin/perl/lib/site_perl/5.41.3/Inline.pm line 541.
at t/classes/02main_ns_is_main.t line 11.
BEGIN failed--compilation aborted at t/classes/02main_ns_is_main.t line 11.
t/classes/02main_ns_is_main.t .........
Dubious, test returned 2 (wstat 512, 0x200)
No subtests run
Had problems bootstrapping Inline module 'Ball_ba00'
Can't load '/usr/home/cpan/.cpan/build/Inline-CPP-0.80-0/_Inline/lib/auto/Ball_ba00/Ball_ba00.so' for module Ball_ba00: /usr/home/cpan/.cpan/build/Inline-CPP-0.80-0/_Inline/lib/auto/Ball_ba00/Ball_ba00.so: Undefined symbol "_Znwm" at /home/cpan/bin/perl/lib/5.41.3/amd64-midnightbsd-thread-multi/DynaLoader.pm line 206.
at /home/cpan/bin/perl/lib/site_perl/5.41.3/Inline.pm line 541.
at t/classes/03baz_ns_is_baz.t line 11.
BEGIN failed--compilation aborted at t/classes/03baz_ns_is_baz.t line 11.
t/classes/03baz_ns_is_baz.t ...........
Dubious, test returned 2 (wstat 512, 0x200)
No subtests run
Had problems bootstrapping Inline module 'Bur_bf81'
Can't load '/usr/home/cpan/.cpan/build/Inline-CPP-0.80-0/_Inline/lib/auto/Bur_bf81/Bur_bf81.so' for module Bur_bf81: /usr/home/cpan/.cpan/build/Inline-CPP-0.80-0/_Inline/lib/auto/Bur_bf81/Bur_bf81.so: Undefined symbol "_Znwm" at /home/cpan/bin/perl/lib/5.41.3/amd64-midnightbsd-thread-multi/DynaLoader.pm line 206.
at /home/cpan/bin/perl/lib/site_perl/5.41.3/Inline.pm line 541.
at t/classes/04invoke_from_non_main.t line 9.
BEGIN failed--compilation aborted at t/classes/04invoke_from_non_main.t line 9.
t/classes/04invoke_from_non_main.t ....
Dubious, test returned 2 (wstat 512, 0x200)
No subtests run
t/classes/05invalid_classes.t ......... ok
Had problems bootstrapping Inline module 'Fuu_f03d'
Can't load '/usr/home/cpan/.cpan/build/Inline-CPP-0.80-0/_Inline/lib/auto/Fuu_f03d/Fuu_f03d.so' for module Fuu_f03d: /usr/home/cpan/.cpan/build/Inline-CPP-0.80-0/_Inline/lib/auto/Fuu_f03d/Fuu_f03d.so: Undefined symbol "_Znwm" at /home/cpan/bin/perl/lib/5.41.3/amd64-midnightbsd-thread-multi/DynaLoader.pm line 206.
at /home/cpan/bin/perl/lib/site_perl/5.41.3/Inline.pm line 541.
at t/classes/06inherit.t line 11.
BEGIN failed--compilation aborted at t/classes/06inherit.t line 11.
t/classes/06inherit.t .................
Dubious, test returned 2 (wstat 512, 0x200)
No subtests run
# Failed test 'Foo::Bar::MyClass->can('new')'
# at t/classes/07conflict_avoid.t line 75.
# Foo::Bar::MyClass->can('new') failed
# Failed test 'Foo::Bar::MyClass->new() died'
# at t/classes/07conflict_avoid.t line 77.
# Error was: Can't locate object method "new" via package "Foo::Bar::MyClass" (perhaps you forgot to load "Foo::Bar::MyClass"?) at /home/cpan/bin/perl/lib/5.41.3/Test/More.pm line 741.
# Failed test 'Our "MyClass" is a "Foo::Bar::MyClass"'
# at t/classes/07conflict_avoid.t line 79.
# got: ''
# expected: 'Foo::Bar::MyClass'
# Failed test 'Foo::Qux::MyClass->can('new')'
# at t/classes/07conflict_avoid.t line 81.
# Foo::Qux::MyClass->can('new') failed
# Failed test 'Foo::Qux::MyClass->new() died'
# at t/classes/07conflict_avoid.t line 83.
# Error was: Can't locate object method "new" via package "Foo::Qux::MyClass" (perhaps you forgot to load "Foo::Qux::MyClass"?) at /home/cpan/bin/perl/lib/5.41.3/Test/More.pm line 741.
# Failed test 'Our "MyClass" is a "Foo::Qux::MyClass"'
# at t/classes/07conflict_avoid.t line 85.
# got: ''
# expected: 'Foo::Qux::MyClass'
Can't call method "fetch" on an undefined value at t/classes/07conflict_avoid.t line 87.
# Tests were run but no plan was declared and done_testing() was not seen.
# Looks like your test exited with 2 just after 6.
t/classes/07conflict_avoid.t ..........
Dubious, test returned 2 (wstat 512, 0x200)
Failed 6/6 subtests
Had problems bootstrapping Inline module 'Ball_c67b'
Can't load '/usr/home/cpan/.cpan/build/Inline-CPP-0.80-0/_Inline/lib/auto/Ball_c67b/Ball_c67b.so' for module Ball_c67b: /usr/home/cpan/.cpan/build/Inline-CPP-0.80-0/_Inline/lib/auto/Ball_c67b/Ball_c67b.so: Undefined symbol "_Znwm" at /home/cpan/bin/perl/lib/5.41.3/amd64-midnightbsd-thread-multi/DynaLoader.pm line 206.
at /home/cpan/bin/perl/lib/site_perl/5.41.3/Inline.pm line 541.
at t/classes/08auto.t line 9.
BEGIN failed--compilation aborted at t/classes/08auto.t line 9.
t/classes/08auto.t ....................
Dubious, test returned 2 (wstat 512, 0x200)
No subtests run
Had problems bootstrapping Inline module '_09auto_mixed_t_78d9'
Can't load '/usr/home/cpan/.cpan/build/Inline-CPP-0.80-0/_Inline/lib/auto/_09auto_mixed_t_78d9/_09auto_mixed_t_78d9.so' for module _09auto_mixed_t_78d9: /usr/home/cpan/.cpan/build/Inline-CPP-0.80-0/_Inline/lib/auto/_09auto_mixed_t_78d9/_09auto_mixed_t_78d9.so: Undefined symbol "_Znwm" at /home/cpan/bin/perl/lib/5.41.3/amd64-midnightbsd-thread-multi/DynaLoader.pm line 206.
at /home/cpan/bin/perl/lib/site_perl/5.41.3/Inline.pm line 541.
at t/classes/09auto_mixed.t line 0.
INIT failed--call queue aborted.
# Looks like your test exited with 2 before it could output anything.
t/classes/09auto_mixed.t ..............
Dubious, test returned 2 (wstat 512, 0x200)
Failed 5/5 subtests
Had problems bootstrapping Inline module '_10auto_inherit_t_9e1d'
Can't load '/usr/home/cpan/.cpan/build/Inline-CPP-0.80-0/_Inline/lib/auto/_10auto_inherit_t_9e1d/_10auto_inherit_t_9e1d.so' for module _10auto_inherit_t_9e1d: /usr/home/cpan/.cpan/build/Inline-CPP-0.80-0/_Inline/lib/auto/_10auto_inherit_t_9e1d/_10auto_inherit_t_9e1d.so: Undefined symbol "_Znwm" at /home/cpan/bin/perl/lib/5.41.3/amd64-midnightbsd-thread-multi/DynaLoader.pm line 206.
at /home/cpan/bin/perl/lib/site_perl/5.41.3/Inline.pm line 541.
at t/classes/10auto_inherit.t line 0.
INIT failed--call queue aborted.
# Looks like your test exited with 2 before it could output anything.
t/classes/10auto_inherit.t ............
Dubious, test returned 2 (wstat 512, 0x200)
Failed 28/28 subtests
Had problems bootstrapping Inline module '_01nherit_t_388c'
Can't load '/usr/home/cpan/.cpan/build/Inline-CPP-0.80-0/_Inline/lib/auto/_01nherit_t_388c/_01nherit_t_388c.so' for module _01nherit_t_388c: /usr/home/cpan/.cpan/build/Inline-CPP-0.80-0/_Inline/lib/auto/_01nherit_t_388c/_01nherit_t_388c.so: Undefined symbol "_Znwm" at /home/cpan/bin/perl/lib/5.41.3/amd64-midnightbsd-thread-multi/DynaLoader.pm line 206.
at /home/cpan/bin/perl/lib/site_perl/5.41.3/Inline.pm line 541.
at t/grammar/01nherit.t line 10.
BEGIN failed--compilation aborted at t/grammar/01nherit.t line 10.
t/grammar/01nherit.t ..................
Dubious, test returned 2 (wstat 512, 0x200)
No subtests run
Had problems bootstrapping Inline module '_02scope_t_2493'
Can't load '/usr/home/cpan/.cpan/build/Inline-CPP-0.80-0/_Inline/lib/auto/_02scope_t_2493/_02scope_t_2493.so' for module _02scope_t_2493: /usr/home/cpan/.cpan/build/Inline-CPP-0.80-0/_Inline/lib/auto/_02scope_t_2493/_02scope_t_2493.so: Undefined symbol "_Znwm" at /home/cpan/bin/perl/lib/5.41.3/amd64-midnightbsd-thread-multi/DynaLoader.pm line 206.
at /home/cpan/bin/perl/lib/site_perl/5.41.3/Inline.pm line 541.
at t/grammar/02scope.t line 10.
BEGIN failed--compilation aborted at t/grammar/02scope.t line 10.
t/grammar/02scope.t ...................
Dubious, test returned 2 (wstat 512, 0x200)
No subtests run
Had problems bootstrapping Inline module '_03inline_t_8d50'
Can't load '/usr/home/cpan/.cpan/build/Inline-CPP-0.80-0/_Inline/lib/auto/_03inline_t_8d50/_03inline_t_8d50.so' for module _03inline_t_8d50: /usr/home/cpan/.cpan/build/Inline-CPP-0.80-0/_Inline/lib/auto/_03inline_t_8d50/_03inline_t_8d50.so: Undefined symbol "_Znwm" at /home/cpan/bin/perl/lib/5.41.3/amd64-midnightbsd-thread-multi/DynaLoader.pm line 206.
at /home/cpan/bin/perl/lib/site_perl/5.41.3/Inline.pm line 541.
at t/grammar/03inline.t line 0.
INIT failed--call queue aborted.
t/grammar/03inline.t ..................
Dubious, test returned 2 (wstat 512, 0x200)
No subtests run
Had problems bootstrapping Inline module '_04const_t_6dfb'
Can't load '/usr/home/cpan/.cpan/build/Inline-CPP-0.80-0/_Inline/lib/auto/_04const_t_6dfb/_04const_t_6dfb.so' for module _04const_t_6dfb: /usr/home/cpan/.cpan/build/Inline-CPP-0.80-0/_Inline/lib/auto/_04const_t_6dfb/_04const_t_6dfb.so: Undefined symbol "_Znwm" at /home/cpan/bin/perl/lib/5.41.3/amd64-midnightbsd-thread-multi/DynaLoader.pm line 206.
at /home/cpan/bin/perl/lib/site_perl/5.41.3/Inline.pm line 541.
at t/grammar/04const.t line 8.
BEGIN failed--compilation aborted at t/grammar/04const.t line 8.
t/grammar/04const.t ...................
Dubious, test returned 2 (wstat 512, 0x200)
No subtests run
Had problems bootstrapping Inline module '_05virt_t_b068'
Can't load '/usr/home/cpan/.cpan/build/Inline-CPP-0.80-0/_Inline/lib/auto/_05virt_t_b068/_05virt_t_b068.so' for module _05virt_t_b068: /usr/home/cpan/.cpan/build/Inline-CPP-0.80-0/_Inline/lib/auto/_05virt_t_b068/_05virt_t_b068.so: Undefined symbol "_ZTVN10__cxxabiv117__class_type_infoE" at /home/cpan/bin/perl/lib/5.41.3/amd64-midnightbsd-thread-multi/DynaLoader.pm line 206.
at /home/cpan/bin/perl/lib/site_perl/5.41.3/Inline.pm line 541.
at t/grammar/05virt.t line 9.
BEGIN failed--compilation aborted at t/grammar/05virt.t line 9.
t/grammar/05virt.t ....................
Dubious, test returned 2 (wstat 512, 0x200)
No subtests run
Had problems bootstrapping Inline module '_06deflt_t_ec34'
Can't load '/usr/home/cpan/.cpan/build/Inline-CPP-0.80-0/_Inline/lib/auto/_06deflt_t_ec34/_06deflt_t_ec34.so' for module _06deflt_t_ec34: /usr/home/cpan/.cpan/build/Inline-CPP-0.80-0/_Inline/lib/auto/_06deflt_t_ec34/_06deflt_t_ec34.so: Undefined symbol "_Znwm" at /home/cpan/bin/perl/lib/5.41.3/amd64-midnightbsd-thread-multi/DynaLoader.pm line 206.
at /home/cpan/bin/perl/lib/site_perl/5.41.3/Inline.pm line 541.
at t/grammar/06deflt.t line 8.
BEGIN failed--compilation aborted at t/grammar/06deflt.t line 8.
t/grammar/06deflt.t ...................
Dubious, test returned 2 (wstat 512, 0x200)
No subtests run
Had problems bootstrapping Inline module '_07static_t_c23f'
Can't load '/usr/home/cpan/.cpan/build/Inline-CPP-0.80-0/_Inline/lib/auto/_07static_t_c23f/_07static_t_c23f.so' for module _07static_t_c23f: /usr/home/cpan/.cpan/build/Inline-CPP-0.80-0/_Inline/lib/auto/_07static_t_c23f/_07static_t_c23f.so: Undefined symbol "_Znwm" at /home/cpan/bin/perl/lib/5.41.3/amd64-midnightbsd-thread-multi/DynaLoader.pm line 206.
at /home/cpan/bin/perl/lib/site_perl/5.41.3/Inline.pm line 541.
at t/grammar/07static.t line 8.
BEGIN failed--compilation aborted at t/grammar/07static.t line 8.
t/grammar/07static.t ..................
Dubious, test returned 2 (wstat 512, 0x200)
No subtests run
Had problems bootstrapping Inline module '_08anon_t_4f1e'
Can't load '/usr/home/cpan/.cpan/build/Inline-CPP-0.80-0/_Inline/lib/auto/_08anon_t_4f1e/_08anon_t_4f1e.so' for module _08anon_t_4f1e: /usr/home/cpan/.cpan/build/Inline-CPP-0.80-0/_Inline/lib/auto/_08anon_t_4f1e/_08anon_t_4f1e.so: Undefined symbol "_Znwm" at /home/cpan/bin/perl/lib/5.41.3/amd64-midnightbsd-thread-multi/DynaLoader.pm line 206.
at /home/cpan/bin/perl/lib/site_perl/5.41.3/Inline.pm line 541.
at t/grammar/08anon.t line 8.
BEGIN failed--compilation aborted at t/grammar/08anon.t line 8.
t/grammar/08anon.t ....................
Dubious, test returned 2 (wstat 512, 0x200)
No subtests run
Had problems bootstrapping Inline module '_09purevt_t_9f07'
Can't load '/usr/home/cpan/.cpan/build/Inline-CPP-0.80-0/_Inline/lib/auto/_09purevt_t_9f07/_09purevt_t_9f07.so' for module _09purevt_t_9f07: /usr/home/cpan/.cpan/build/Inline-CPP-0.80-0/_Inline/lib/auto/_09purevt_t_9f07/_09purevt_t_9f07.so: Undefined symbol "_ZTVN10__cxxabiv117__class_type_infoE" at /home/cpan/bin/perl/lib/5.41.3/amd64-midnightbsd-thread-multi/DynaLoader.pm line 206.
at /home/cpan/bin/perl/lib/site_perl/5.41.3/Inline.pm line 541.
at t/grammar/09purevt.t line 12.
BEGIN failed--compilation aborted at t/grammar/09purevt.t line 12.
t/grammar/09purevt.t ..................
Dubious, test returned 2 (wstat 512, 0x200)
No subtests run
Had problems bootstrapping Inline module '_10struct_t_09e9'
Can't load '/usr/home/cpan/.cpan/build/Inline-CPP-0.80-0/_Inline/lib/auto/_10struct_t_09e9/_10struct_t_09e9.so' for module _10struct_t_09e9: /usr/home/cpan/.cpan/build/Inline-CPP-0.80-0/_Inline/lib/auto/_10struct_t_09e9/_10struct_t_09e9.so: Undefined symbol "_Znwm" at /home/cpan/bin/perl/lib/5.41.3/amd64-midnightbsd-thread-multi/DynaLoader.pm line 206.
at /home/cpan/bin/perl/lib/site_perl/5.41.3/Inline.pm line 541.
at t/grammar/10struct.t line 8.
BEGIN failed--compilation aborted at t/grammar/10struct.t line 8.
t/grammar/10struct.t ..................
Dubious, test returned 2 (wstat 512, 0x200)
No subtests run
Had problems bootstrapping Inline module '_11minhrt_t_45c8'
Can't load '/usr/home/cpan/.cpan/build/Inline-CPP-0.80-0/_Inline/lib/auto/_11minhrt_t_45c8/_11minhrt_t_45c8.so' for module _11minhrt_t_45c8: /usr/home/cpan/.cpan/build/Inline-CPP-0.80-0/_Inline/lib/auto/_11minhrt_t_45c8/_11minhrt_t_45c8.so: Undefined symbol "_ZTVN10__cxxabiv117__class_type_infoE" at /home/cpan/bin/perl/lib/5.41.3/amd64-midnightbsd-thread-multi/DynaLoader.pm line 206.
at /home/cpan/bin/perl/lib/site_perl/5.41.3/Inline.pm line 541.
at t/grammar/11minhrt.t line 0.
INIT failed--call queue aborted.
# Looks like your test exited with 2 before it could output anything.
t/grammar/11minhrt.t ..................
Dubious, test returned 2 (wstat 512, 0x200)
Failed 38/38 subtests
t/grammar/12retlst.t .................. ok
t/grammar/13vararg.t .................. ok
Had problems bootstrapping Inline module '_14const_t_294b'
Can't load '/usr/home/cpan/.cpan/build/Inline-CPP-0.80-0/_Inline/lib/auto/_14const_t_294b/_14const_t_294b.so' for module _14const_t_294b: /usr/home/cpan/.cpan/build/Inline-CPP-0.80-0/_Inline/lib/auto/_14const_t_294b/_14const_t_294b.so: Undefined symbol "_Znwm" at /home/cpan/bin/perl/lib/5.41.3/amd64-midnightbsd-thread-multi/DynaLoader.pm line 206.
at /home/cpan/bin/perl/lib/site_perl/5.41.3/Inline.pm line 541.
at t/grammar/14const.t line 8.
BEGIN failed--compilation aborted at t/grammar/14const.t line 8.
t/grammar/14const.t ...................
Dubious, test returned 2 (wstat 512, 0x200)
No subtests run
Had problems bootstrapping Inline module '_15stvar_t_1f89'
Can't load '/usr/home/cpan/.cpan/build/Inline-CPP-0.80-0/_Inline/lib/auto/_15stvar_t_1f89/_15stvar_t_1f89.so' for module _15stvar_t_1f89: /usr/home/cpan/.cpan/build/Inline-CPP-0.80-0/_Inline/lib/auto/_15stvar_t_1f89/_15stvar_t_1f89.so: Undefined symbol "_Znwm" at /home/cpan/bin/perl/lib/5.41.3/amd64-midnightbsd-thread-multi/DynaLoader.pm line 206.
at /home/cpan/bin/perl/lib/site_perl/5.41.3/Inline.pm line 541.
at t/grammar/15stvar.t line 9.
BEGIN failed--compilation aborted at t/grammar/15stvar.t line 9.
t/grammar/15stvar.t ...................
Dubious, test returned 2 (wstat 512, 0x200)
No subtests run
Had problems bootstrapping Inline module '_16varlst_t_0d77'
Can't load '/usr/home/cpan/.cpan/build/Inline-CPP-0.80-0/_Inline/lib/auto/_16varlst_t_0d77/_16varlst_t_0d77.so' for module _16varlst_t_0d77: /usr/home/cpan/.cpan/build/Inline-CPP-0.80-0/_Inline/lib/auto/_16varlst_t_0d77/_16varlst_t_0d77.so: Undefined symbol "_Znwm" at /home/cpan/bin/perl/lib/5.41.3/amd64-midnightbsd-thread-multi/DynaLoader.pm line 206.
at /home/cpan/bin/perl/lib/site_perl/5.41.3/Inline.pm line 541.
at t/grammar/16varlst.t line 9.
BEGIN failed--compilation aborted at t/grammar/16varlst.t line 9.
t/grammar/16varlst.t ..................
Dubious, test returned 2 (wstat 512, 0x200)
No subtests run
Had problems bootstrapping Inline module '_17memberarray_t_8805'
Can't load '/usr/home/cpan/.cpan/build/Inline-CPP-0.80-0/_Inline/lib/auto/_17memberarray_t_8805/_17memberarray_t_8805.so' for module _17memberarray_t_8805: /usr/home/cpan/.cpan/build/Inline-CPP-0.80-0/_Inline/lib/auto/_17memberarray_t_8805/_17memberarray_t_8805.so: Undefined symbol "_Znwm" at /home/cpan/bin/perl/lib/5.41.3/amd64-midnightbsd-thread-multi/DynaLoader.pm line 206.
at /home/cpan/bin/perl/lib/site_perl/5.41.3/Inline.pm line 541.
at t/grammar/17memberarray.t line 0.
INIT failed--call queue aborted.
t/grammar/17memberarray.t .............
Dubious, test returned 2 (wstat 512, 0x200)
No subtests run
t/grammar/18namespace.t ............... ok
t/grammar/19multidimarray.t ........... ok
Had problems bootstrapping Inline module '_01empty_ns_is_main_t_7c4d'
Can't load '/usr/home/cpan/.cpan/build/Inline-CPP-0.80-0/_Inline/lib/auto/_01empty_ns_is_main_t_7c4d/_01empty_ns_is_main_t_7c4d.so' for module _01empty_ns_is_main_t_7c4d: /usr/home/cpan/.cpan/build/Inline-CPP-0.80-0/_Inline/lib/auto/_01empty_ns_is_main_t_7c4d/_01empty_ns_is_main_t_7c4d.so: Undefined symbol "_Znwm" at /home/cpan/bin/perl/lib/5.41.3/amd64-midnightbsd-thread-multi/DynaLoader.pm line 206.
at /home/cpan/bin/perl/lib/site_perl/5.41.3/Inline.pm line 541.
at t/namespace/01empty_ns_is_main.t line 10.
BEGIN failed--compilation aborted at t/namespace/01empty_ns_is_main.t line 10.
t/namespace/01empty_ns_is_main.t ......
Dubious, test returned 2 (wstat 512, 0x200)
No subtests run
Had problems bootstrapping Inline module '_02main_ns_is_main_t_7c4d'
Can't load '/usr/home/cpan/.cpan/build/Inline-CPP-0.80-0/_Inline/lib/auto/_02main_ns_is_main_t_7c4d/_02main_ns_is_main_t_7c4d.so' for module _02main_ns_is_main_t_7c4d: /usr/home/cpan/.cpan/build/Inline-CPP-0.80-0/_Inline/lib/auto/_02main_ns_is_main_t_7c4d/_02main_ns_is_main_t_7c4d.so: Undefined symbol "_Znwm" at /home/cpan/bin/perl/lib/5.41.3/amd64-midnightbsd-thread-multi/DynaLoader.pm line 206.
at /home/cpan/bin/perl/lib/site_perl/5.41.3/Inline.pm line 541.
at t/namespace/02main_ns_is_main.t line 10.
BEGIN failed--compilation aborted at t/namespace/02main_ns_is_main.t line 10.
t/namespace/02main_ns_is_main.t .......
Dubious, test returned 2 (wstat 512, 0x200)
No subtests run
Had problems bootstrapping Inline module 'Ball_7c4d'
Can't load '/usr/home/cpan/.cpan/build/Inline-CPP-0.80-0/_Inline/lib/auto/Ball_7c4d/Ball_7c4d.so' for module Ball_7c4d: /usr/home/cpan/.cpan/build/Inline-CPP-0.80-0/_Inline/lib/auto/Ball_7c4d/Ball_7c4d.so: Undefined symbol "_Znwm" at /home/cpan/bin/perl/lib/5.41.3/amd64-midnightbsd-thread-multi/DynaLoader.pm line 206.
at /home/cpan/bin/perl/lib/site_perl/5.41.3/Inline.pm line 541.
at t/namespace/03baz_ns_is_baz.t line 10.
BEGIN failed--compilation aborted at t/namespace/03baz_ns_is_baz.t line 10.
t/namespace/03baz_ns_is_baz.t .........
Dubious, test returned 2 (wstat 512, 0x200)
No subtests run
Had problems bootstrapping Inline module 'Bar_7c4d'
Can't load '/usr/home/cpan/.cpan/build/Inline-CPP-0.80-0/_Inline/lib/auto/Bar_7c4d/Bar_7c4d.so' for module Bar_7c4d: /usr/home/cpan/.cpan/build/Inline-CPP-0.80-0/_Inline/lib/auto/Bar_7c4d/Bar_7c4d.so: Undefined symbol "_Znwm" at /home/cpan/bin/perl/lib/5.41.3/amd64-midnightbsd-thread-multi/DynaLoader.pm line 206.
at /home/cpan/bin/perl/lib/site_perl/5.41.3/Inline.pm line 541.
at t/namespace/04invoke_from_non_main.t line 10.
BEGIN failed--compilation aborted at t/namespace/04invoke_from_non_main.t line 10.
t/namespace/04invoke_from_non_main.t ..
Dubious, test returned 2 (wstat 512, 0x200)
No subtests run
t/namespace/05invalid_ns.t ............ ok
Had problems bootstrapping Inline module 'Foo_7c4d'
Can't load '/usr/home/cpan/.cpan/build/Inline-CPP-0.80-0/_Inline/lib/auto/Foo_7c4d/Foo_7c4d.so' for module Foo_7c4d: /usr/home/cpan/.cpan/build/Inline-CPP-0.80-0/_Inline/lib/auto/Foo_7c4d/Foo_7c4d.so: Undefined symbol "_Znwm" at /home/cpan/bin/perl/lib/5.41.3/amd64-midnightbsd-thread-multi/DynaLoader.pm line 206.
at /home/cpan/bin/perl/lib/site_perl/5.41.3/Inline.pm line 541.
at t/namespace/06inherit.t line 12.
BEGIN failed--compilation aborted at t/namespace/06inherit.t line 12.
t/namespace/06inherit.t ...............
Dubious, test returned 2 (wstat 512, 0x200)
No subtests run
Test Summary Report
-------------------
t/02basic.t (Wstat: 512 (exited 2) Tests: 0 Failed: 0)
Non-zero exit status: 2
Parse errors: Bad plan. You planned 12 tests but ran 0.
t/03prefix.t (Wstat: 512 (exited 2) Tests: 0 Failed: 0)
Non-zero exit status: 2
Parse errors: Bad plan. You planned 4 tests but ran 0.
t/04charptr.t (Wstat: 512 (exited 2) Tests: 0 Failed: 0)
Non-zero exit status: 2
Parse errors: Bad plan. You planned 2 tests but ran 0.
t/08cppguess.t (Wstat: 0 Tests: 2 Failed: 0)
TODO passed: 2
t/classes/01empty_ns_is_main.t (Wstat: 512 (exited 2) Tests: 0 Failed: 0)
Non-zero exit status: 2
Parse errors: No plan found in TAP output
t/classes/02main_ns_is_main.t (Wstat: 512 (exited 2) Tests: 0 Failed: 0)
Non-zero exit status: 2
Parse errors: No plan found in TAP output
t/classes/03baz_ns_is_baz.t (Wstat: 512 (exited 2) Tests: 0 Failed: 0)
Non-zero exit status: 2
Parse errors: No plan found in TAP output
t/classes/04invoke_from_non_main.t (Wstat: 512 (exited 2) Tests: 0 Failed: 0)
Non-zero exit status: 2
Parse errors: No plan found in TAP output
t/classes/06inherit.t (Wstat: 512 (exited 2) Tests: 0 Failed: 0)
Non-zero exit status: 2
Parse errors: No plan found in TAP output
t/classes/07conflict_avoid.t (Wstat: 512 (exited 2) Tests: 6 Failed: 6)
Failed tests: 1-6
Non-zero exit status: 2
Parse errors: No plan found in TAP output
t/classes/08auto.t (Wstat: 512 (exited 2) Tests: 0 Failed: 0)
Non-zero exit status: 2
Parse errors: No plan found in TAP output
t/classes/09auto_mixed.t (Wstat: 512 (exited 2) Tests: 0 Failed: 0)
Non-zero exit status: 2
Parse errors: Bad plan. You planned 5 tests but ran 0.
t/classes/10auto_inherit.t (Wstat: 512 (exited 2) Tests: 0 Failed: 0)
Non-zero exit status: 2
Parse errors: Bad plan. You planned 28 tests but ran 0.
t/grammar/01nherit.t (Wstat: 512 (exited 2) Tests: 0 Failed: 0)
Non-zero exit status: 2
Parse errors: No plan found in TAP output
t/grammar/02scope.t (Wstat: 512 (exited 2) Tests: 0 Failed: 0)
Non-zero exit status: 2
Parse errors: No plan found in TAP output
t/grammar/03inline.t (Wstat: 512 (exited 2) Tests: 0 Failed: 0)
Non-zero exit status: 2
Parse errors: No plan found in TAP output
t/grammar/04const.t (Wstat: 512 (exited 2) Tests: 0 Failed: 0)
Non-zero exit status: 2
Parse errors: No plan found in TAP output
t/grammar/05virt.t (Wstat: 512 (exited 2) Tests: 0 Failed: 0)
Non-zero exit status: 2
Parse errors: No plan found in TAP output
t/grammar/06deflt.t (Wstat: 512 (exited 2) Tests: 0 Failed: 0)
Non-zero exit status: 2
Parse errors: No plan found in TAP output
t/grammar/07static.t (Wstat: 512 (exited 2) Tests: 0 Failed: 0)
Non-zero exit status: 2
Parse errors: No plan found in TAP output
t/grammar/08anon.t (Wstat: 512 (exited 2) Tests: 0 Failed: 0)
Non-zero exit status: 2
Parse errors: No plan found in TAP output
t/grammar/09purevt.t (Wstat: 512 (exited 2) Tests: 0 Failed: 0)
Non-zero exit status: 2
Parse errors: No plan found in TAP output
t/grammar/10struct.t (Wstat: 512 (exited 2) Tests: 0 Failed: 0)
Non-zero exit status: 2
Parse errors: No plan found in TAP output
t/grammar/11minhrt.t (Wstat: 512 (exited 2) Tests: 0 Failed: 0)
Non-zero exit status: 2
Parse errors: Bad plan. You planned 38 tests but ran 0.
t/grammar/14const.t (Wstat: 512 (exited 2) Tests: 0 Failed: 0)
Non-zero exit status: 2
Parse errors: No plan found in TAP output
t/grammar/15stvar.t (Wstat: 512 (exited 2) Tests: 0 Failed: 0)
Non-zero exit status: 2
Parse errors: No plan found in TAP output
t/grammar/16varlst.t (Wstat: 512 (exited 2) Tests: 0 Failed: 0)
Non-zero exit status: 2
Parse errors: No plan found in TAP output
t/grammar/17memberarray.t (Wstat: 512 (exited 2) Tests: 0 Failed: 0)
Non-zero exit status: 2
Parse errors: No plan found in TAP output
t/namespace/01empty_ns_is_main.t (Wstat: 512 (exited 2) Tests: 0 Failed: 0)
Non-zero exit status: 2
Parse errors: No plan found in TAP output
t/namespace/02main_ns_is_main.t (Wstat: 512 (exited 2) Tests: 0 Failed: 0)
Non-zero exit status: 2
Parse errors: No plan found in TAP output
t/namespace/03baz_ns_is_baz.t (Wstat: 512 (exited 2) Tests: 0 Failed: 0)
Non-zero exit status: 2
Parse errors: No plan found in TAP output
t/namespace/04invoke_from_non_main.t (Wstat: 512 (exited 2) Tests: 0 Failed: 0)
Non-zero exit status: 2
Parse errors: No plan found in TAP output
t/namespace/06inherit.t (Wstat: 512 (exited 2) Tests: 0 Failed: 0)
Non-zero exit status: 2
Parse errors: No plan found in TAP output
Files=45, Tests=46, 45 wallclock secs ( 0.08 usr 0.03 sys + 39.87 cusr 5.48 csys = 45.46 CPU)
Result: FAIL
Failed 32/45 test programs. 6/46 subtests failed.
*** Error code 2
Stop.
make: stopped in /usr/home/cpan/.cpan/build/Inline-CPP-0.80-0
------------------------------
PREREQUISITES
------------------------------
Prerequisite modules loaded:
requires:
Module Need Have
------------------- -------- --------
Carp 0 1.54
Config 0 5.041003
Inline 0.82 0.86
Inline::C 0.80 0.82
Parse::RecDescent 0 1.967015
perl 5.008001 5.041003
build_requires:
Module Need Have
------------------- -------- --------
ExtUtils::MakeMaker 0 7.70
File::Temp 0 0.2311
FindBin 0 1.54
Test::More 1.001009 1.302201
configure_requires:
Module Need Have
------------------- -------- --------
ExtUtils::CppGuess 0.15 0.27
ExtUtils::MakeMaker 7.04 7.70
------------------------------
ENVIRONMENT AND OTHER CONTEXT
------------------------------
Environment variables:
AUTOMATED_TESTING = 1
DATE_MANIP_TEST_DM5 = 1
LC_ALL = C
NONINTERACTIVE_TESTING = 1
NO_NETWORK_TESTING = 1
PATH = /home/cpan/bin/perl/bin:/home/cpan/bin:/sbin:/bin:/usr/sbin:/usr/bin:/usr/games:/usr/local/sbin:/usr/local/bin:/home/cpan/bin
PERL5LIB =
PERL5OPT =
PERL5_CPANPLUS_IS_RUNNING = 46010
PERL5_CPAN_IS_RUNNING = 46010
PERL_MM_USE_DEFAULT = 1
PERL_USE_UNSAFE_INC = 1
SHELL = /usr/local/bin/bash
TERM = screen
TMPDIR = /home/cpan/tmp
Perl special variables (and OS-specific diagnostics, for MSWin32):
$^X = /usr/home/cpan/bin/perl/bin/perl5.41.3
$UID/$EUID = 1002 / 1002
$GID = 1002 1002
$EGID = 1002 1002
Perl module toolchain versions installed:
Module Have
------------------- --------
CPAN 2.36
CPAN::Meta 2.150010
Cwd 3.92
ExtUtils::CBuilder 0.280240
ExtUtils::Command 7.70
ExtUtils::Install 2.22
ExtUtils::MakeMaker 7.70
ExtUtils::Manifest 1.75
ExtUtils::ParseXS 3.53
File::Spec 3.92
JSON 4.10
JSON::PP 4.16
Module::Build 0.4234
Module::Signature n/a
Parse::CPAN::Meta 2.150010
Test2 1.302201
Test::Harness 3.50
Test::More 1.302201
YAML 1.31
YAML::Syck 1.34
version 0.9930
--
Summary of my perl5 (revision 5 version 41 subversion 3) configuration:
Commit id: db77faf9d2be1d9f6366127eae85598a62792b2d
Platform:
osname=midnightbsd
osvers=3.1.3
archname=amd64-midnightbsd-thread-multi
uname='midnightbsd cjg-midnightbsd3 3.1.3 midnightbsd 3.1.3 #9n12826-9619ab86ba(stable3.1)-dirty: mon dec 25 14:57:58 est 2023 root@m3164:usrobjusrsrcamd64.amd64sysgeneric amd64 '
config_args='-des -Dprefix=/home/cpan/bin/perl -Dscriptdir=/home/cpan/bin/perl/bin -Dusedevel -Duse64bitall -Duseithreads'
hint=recommended
useposix=true
d_sigaction=define
useithreads=define
usemultiplicity=define
use64bitint=define
use64bitall=define
uselongdouble=undef
usemymalloc=n
default_inc_excludes_dot=define
Compiler:
cc='cc'
ccflags ='-DHAS_FPSETMASK -DHAS_FLOATINGPOINT_H -fno-strict-aliasing -pipe -fstack-protector-strong -I/usr/local/include'
optimize='-O'
cppflags='-DHAS_FPSETMASK -DHAS_FLOATINGPOINT_H -fno-strict-aliasing -pipe -fstack-protector-strong -I/usr/local/include'
ccversion=''
gccversion='MidnightBSD Clang 13.0.0 (git@github.com:llvm/llvm-project.git llvmorg-13.0.0-0-gd7b669b3a303)'
gccosandvers=''
intsize=4
longsize=8
ptrsize=8
doublesize=8
byteorder=12345678
doublekind=3
d_longlong=define
longlongsize=8
d_longdbl=define
longdblsize=16
longdblkind=3
ivtype='long'
ivsize=8
nvtype='double'
nvsize=8
Off_t='off_t'
lseeksize=8
alignbytes=8
prototype=define
Linker and Libraries:
ld='cc'
ldflags ='-pthread -Wl,-E -fstack-protector-strong -L/usr/local/lib'
libpth=/usr/lib /usr/local/lib /usr/lib/clang/13.0.0/lib
libs=-lpthread -lgdbm -ldl -lm -lcrypt
perllibs=-lpthread -ldl -lm -lcrypt
libc=
so=so
useshrplib=false
libperl=libperl.a
gnulibc_version=''
Dynamic Linking:
dlsrc=dl_dlopen.xs
dlext=so
d_dlsymun=undef
ccdlflags=' '
cccdlflags='-DPIC -fPIC'
lddlflags='-shared -L/usr/local/lib -fstack-protector-strong'
Characteristics of this binary (from libperl):
Compile-time options:
HAS_LONG_DOUBLE
HAS_STRTOLD
HAS_TIMES
MULTIPLICITY
PERLIO_LAYERS
PERL_COPY_ON_WRITE
PERL_DONT_CREATE_GVSV
PERL_HASH_FUNC_SIPHASH13
PERL_HASH_USE_SBOX32
PERL_MALLOC_WRAP
PERL_OP_PARENT
PERL_PRESERVE_IVUV
PERL_USE_DEVEL
PERL_USE_SAFE_PUTENV
USE_64_BIT_ALL
USE_64_BIT_INT
USE_ITHREADS
USE_LARGE_FILES
USE_LOCALE
USE_LOCALE_COLLATE
USE_LOCALE_CTYPE
USE_LOCALE_NUMERIC
USE_LOCALE_TIME
USE_PERLIO
USE_PERL_ATOF
USE_REENTRANT_API
USE_THREAD_SAFE_LOCALE
Built under midnightbsd
Compiled at Aug 18 2024 18:12:47
%ENV:
PERL5LIB=""
PERL5OPT=""
PERL5_CPANPLUS_IS_RUNNING="46010"
PERL5_CPAN_IS_RUNNING="46010"
PERL_MM_USE_DEFAULT="1"
PERL_USE_UNSAFE_INC="1"
@INC:
/home/cpan/bin/perl/lib/site_perl/5.41.3/amd64-midnightbsd-thread-multi
/home/cpan/bin/perl/lib/site_perl/5.41.3
/home/cpan/bin/perl/lib/5.41.3/amd64-midnightbsd-thread-multi
/home/cpan/bin/perl/lib/5.41.3
.