Report for App-GitHubWebhooks2Ikachan-0.10

Back
From: metabase:user:a0e144f2-373b-11e6-8edd-c6848980b093
Subject: FAIL App-GitHubWebhooks2Ikachan-0.10 v5.24.1 RC4 GNU/Linux
Date: 2016-10-18T10:38:40Z

This distribution has been tested as part of the CPAN Testers
project, supporting the Perl programming language.  See
http://wiki.cpantesters.org/ for more information or email
questions to cpan-testers-discuss@perl.org


--
Dear Taiki Kawakami,

This is a computer-generated report for App-GitHubWebhooks2Ikachan-0.10
on perl 5.24.1, created by CPAN-Reporter-1.2018.

Thank you for uploading your work to CPAN.  However, there was a problem
testing your distribution.

If you think this report is invalid, please consult the CPAN Testers Wiki
for suggestions on how to avoid getting FAIL reports for missing library
or binary dependencies, unsupported operating systems, and so on:

http://wiki.cpantesters.org/wiki/CPANAuthorNotes

Sections of this report:

    * Tester comments
    * Program output
    * Prerequisites
    * Environment and other context

------------------------------
TESTER COMMENTS
------------------------------

Additional comments from tester:

this report is from an automated smoke testing program
and was not reviewed by a human for accuracy

------------------------------
PROGRAM OUTPUT
------------------------------

Output from './Build test':


    #   Failed test at t/02_issue_comment.t line 35.
    #                   ''
    #     doesn't match '(?^:POST foo, \00303\[comment \(#13\)\] foobar \(\@moznion\)\17 https://github\.com/moznion/sandbox/issues/13#issuecomment-37093289)'
    # Looks like you failed 1 test of 1.

#   Failed test 'comment created'
#   at t/02_issue_comment.t line 36.
# Looks like you failed 1 test of 1.
t/02_issue_comment.t ... 
Dubious, test returned 1 (wstat 256, 0x100)
Failed 1/1 subtests 

    #   Failed test at t/03_pull_request.t line 36.
    #                   ''
    #     doesn't match '(?^:\[INFO\] POST foo, \00303\[pull request opened \(#15\)\] New Pull Request \(\@moznion\)\17 https://github.com/moznion/sandbox/pull/15)'
    # Looks like you failed 1 test of 1.

#   Failed test 'pull request opened'
#   at t/03_pull_request.t line 37.

    #   Failed test at t/03_pull_request.t line 54.
    #                   ''
    #     doesn't match '(?^:\[INFO\] POST foo, \00303\[pull request closed \(#15\)\] New Pull Request \(\@moznion\)\17 https://github.com/moznion/sandbox/pull/15)'
    # Looks like you failed 1 test of 1.

#   Failed test 'pull request closed'
#   at t/03_pull_request.t line 55.

    #   Failed test at t/03_pull_request.t line 72.
    #                   ''
    #     doesn't match '(?^:\[INFO\] POST foo, \00303\[pull request reopened \(#15\)\] New Pull Request \(\@moznion\)\17 https://github.com/moznion/sandbox/pull/15)'
    # Looks like you failed 1 test of 1.

#   Failed test 'issue reopened'
#   at t/03_pull_request.t line 73.

    #   Failed test at t/03_pull_request.t line 90.
    #                   ''
    #     doesn't match '(?^:\[INFO\] POST foo, \00303\[pull request synchronize \(#15\)\] New Pull Request \(\@moznion\)\17 https://github.com/moznion/sandbox/pull/15)'

    #   Failed test at t/01_issues.t line 36.
    #                   ''
    #     doesn't match '(?^:\[INFO\] POST foo, \00303\[issue opened \(#13\)\] This is new issue \(\@moznion\)\17 https://github.com/moznion/sandbox/issues/13)'
    # Looks like you failed 1 test of 1.

#   Failed test 'issue opened'
#   at t/01_issues.t line 37.

    #   Failed test at t/01_issues.t line 54.
    #                   ''
    #     doesn't match '(?^:\[INFO\] POST foo, \00303\[issue closed \(#13\)\] This is new issue \(\@moznion\)\17 https://github.com/moznion/sandbox/issues/13)'
    # Looks like you failed 1 test of 1.

#   Failed test 'issue closed'
#   at t/01_issues.t line 55.

    #   Failed test at t/01_issues.t line 72.
    #                   ''
    #     doesn't match '(?^:\[INFO\] POST foo, \00303\[issue reopened \(#13\)\] This is new issue \(\@moznion\)\17 https://github.com/moznion/sandbox/issues/13)'
    # Looks like you failed 1 test of 1.

#   Failed test 'issue reopened'
#   at t/01_issues.t line 73.

    #   Failed test at t/01_issues.t line 89.
    #                   ''
    #     doesn't match '(?^:\[INFO\] POST foo, \00303\[issue opened \(#13\)\] This is new issue \(\@moznion\)\17 https://github.com/moznion/sandbox/issues/13)'
    # Looks like you failed 1 test of 1.

#   Failed test 'subscribe all actions'
#   at t/01_issues.t line 90.
# Looks like you failed 4 tests of 5.
t/01_issues.t .......... 
Dubious, test returned 4 (wstat 1024, 0x400)
Failed 4/5 subtests 
    # Looks like you failed 1 test of 1.

#   Failed test 'issue synchronize'
#   at t/03_pull_request.t line 91.

    #   Failed test at t/03_pull_request.t line 106.
    #                   ''
    #     doesn't match '(?^:\[INFO\] POST foo, \00303\[pull request opened \(#15\)\] New Pull Request \(\@moznion\)\17 https://github.com/moznion/sandbox/pull/15)'
    # Looks like you failed 1 test of 1.

#   Failed test 'subscribe all actions'
#   at t/03_pull_request.t line 107.
# Looks like you failed 5 tests of 6.
t/03_pull_request.t .... 
Dubious, test returned 5 (wstat 1280, 0x500)
Failed 5/6 subtests 

    #   Failed test at t/04_push.t line 37.
    #                   undef
    #     doesn't match '(?^:POST foo, \00303\[push to master\] Commit1 \(\@moznion\)\17 https://github\.com/moznion/sandbox/commit/b4da12df1bc19d2b20d7ab8a11fe9a4413ddf509)'

    #   Failed test at t/04_push.t line 38.
    #                   undef
    #     doesn't match '(?^:POST foo, \00303\[push to master\] Commit2 \(\@moznion\)\17 https://github\.com/moznion/sandbox/commit/e2e64cea713dbfb574f1ace80a4be6c55f98433d)'
    # Looks like you failed 2 tests of 2.

#   Failed test 'commits'
#   at t/04_push.t line 39.

    #   Failed test at t/04_push.t line 55.
    #                   ''
    #     doesn't match '(?^:POST foo, \00303\[push to master\] Merge pull request #15 from moznion/new_pull_request \(\@moznion\)\17 https://github\.com/moznion/sandbox/commit/d2427a9b4ffbf5277cfe4229f22b0337146b77d3)'
    # Looks like you failed 1 test of 1.

#   Failed test 'merge commit'
#   at t/04_push.t line 56.
# Looks like you failed 2 tests of 2.
t/04_push.t ............ 
Dubious, test returned 2 (wstat 512, 0x200)
Failed 2/2 subtests 
t/00_compile.t ......... ok

    #   Failed test at t/05_commit_comment.t line 37.
    #                   undef
    #     doesn't match '(?^:POST foo, \00303\[comment \(adfb4f5\)\] Hello! \(\@moznion\)\17 https://github\.com/moznion/sandbox/commit/adfb4f5fa983e4fc5d5559d6b653284ca03f296d#commitcomment-5920929)'
    # Looks like you failed 1 test of 1.

#   Failed test 'commit comment'
#   at t/05_commit_comment.t line 38.
# Looks like you failed 1 test of 1.
t/05_commit_comment.t .. 
Dubious, test returned 1 (wstat 256, 0x100)
Failed 1/1 subtests 

    #   Failed test at t/06_review_comment.t line 37.
    #                   undef
    #     doesn't match '(?^:POST foo, \00303\[review comment \(#18\)\] Hello \(\@moznion\)\17 https://github\.com/moznion/sandbox/pull/18#discussion_r11326210)'
    # Looks like you failed 1 test of 1.

#   Failed test 'commit comment'
#   at t/06_review_comment.t line 38.
# Looks like you failed 1 test of 1.
t/06_review_comment.t .. 
Dubious, test returned 1 (wstat 256, 0x100)
Failed 1/1 subtests 

    #   Failed test at t/10_subscribe.t line 34.
    #                   ''
    #     doesn't match '(?^:\[INFO\] POST foo, \00303\[issue opened \(#13\)\] This is new issue \(\@moznion\)\17 https://github\.com/moznion/sandbox/issues/13)'
    # Looks like you failed 1 test of 1.

#   Failed test 'subscribe all events'
#   at t/10_subscribe.t line 35.
# Looks like you failed 1 test of 2.
t/10_subscribe.t ....... 
Dubious, test returned 1 (wstat 256, 0x100)
Failed 1/2 subtests 
t/20_error_handling.t .. ok

Test Summary Report
-------------------
t/02_issue_comment.t (Wstat: 256 Tests: 1 Failed: 1)
  Failed test:  1
  Non-zero exit status: 1
t/01_issues.t        (Wstat: 1024 Tests: 5 Failed: 4)
  Failed tests:  1-4
  Non-zero exit status: 4
t/03_pull_request.t  (Wstat: 1280 Tests: 6 Failed: 5)
  Failed tests:  1-5
  Non-zero exit status: 5
t/04_push.t          (Wstat: 512 Tests: 2 Failed: 2)
  Failed tests:  1-2
  Non-zero exit status: 2
t/05_commit_comment.t (Wstat: 256 Tests: 1 Failed: 1)
  Failed test:  1
  Non-zero exit status: 1
t/06_review_comment.t (Wstat: 256 Tests: 1 Failed: 1)
  Failed test:  1
  Non-zero exit status: 1
t/10_subscribe.t     (Wstat: 256 Tests: 2 Failed: 1)
  Failed test:  1
  Non-zero exit status: 1
Files=9, Tests=26,  1 wallclock secs ( 0.07 usr  0.01 sys +  3.13 cusr  0.23 csys =  3.44 CPU)
Result: FAIL
Failed 7/9 test programs. 15/26 subtests failed.

------------------------------
PREREQUISITES
------------------------------

Prerequisite modules loaded:

requires:

    Module                Need     Have    
    --------------------- -------- --------
    Class::Accessor::Lite 0        0.08    
    Encode                0        2.86    
    Getopt::Long          2.42     2.49    
    JSON                  0        2.90    
    Log::Minimal          0        0.19    
    LWP::UserAgent        0        6.15    
    perl                  5.008005 5.024001
    Plack                 0        1.0042  
    Pod::Usage            0        1.69    
    String::IRC           0        0.04    

build_requires:

    Module                Need     Have    
    --------------------- -------- --------
    Capture::Tiny         0        0.44    
    ExtUtils::CBuilder    0        0.280224
    Hash::MultiValue      0        0.16    
    Test::More            0.98     1.302061

configure_requires:

    Module                Need     Have    
    --------------------- -------- --------
    CPAN::Meta            0        2.150010
    CPAN::Meta::Prereqs   0        2.150010
    Module::Build         0.38     0.4220  


------------------------------
ENVIRONMENT AND OTHER CONTEXT
------------------------------

Environment variables:

    AUTOMATED_TESTING = 1
    HARNESS_OPTIONS = j5
    LANG = en_US.UTF-8
    PATH = /usr/local/bin:/usr/bin:/bin:/usr/local/games:/usr/games
    PERL5LIB = 
    PERL5OPT = 
    PERL5_CPANPLUS_IS_RUNNING = 16716
    PERL5_CPAN_IS_RUNNING = 16716
    PERL5_CPAN_IS_RUNNING_IN_RECURSION = 31291,16716
    PERLBREW_BASHRC_VERSION = 0.76
    PERLBREW_HOME = /home/dcollins/.perlbrew
    PERLBREW_ROOT = /home/dcollins/toolchain/perl5
    PERL_CR_SMOKER_CURRENT = App-GitHubWebhooks2Ikachan-0.10
    PERL_CR_SMOKER_RUNONCE = 1
    PERL_EXTUTILS_AUTOINSTALL = --defaultdeps
    PERL_MM_USE_DEFAULT = 1
    SHELL = /bin/bash
    TERM = putty

Perl special variables (and OS-specific diagnostics, for MSWin32):

    $^X = /home/cpan4/install/bin/perl
    $UID/$EUID = 1005 / 1005
    $GID = 1005 1005
    $EGID = 1005 1005

Perl module toolchain versions installed:

    Module              Have    
    ------------------- --------
    CPAN                2.14    
    CPAN::Meta          2.150010
    Cwd                 3.62    
    ExtUtils::CBuilder  0.280224
    ExtUtils::Command   7.24    
    ExtUtils::Install   2.04    
    ExtUtils::MakeMaker 7.24    
    ExtUtils::Manifest  1.70    
    ExtUtils::ParseXS   3.30    
    File::Spec          3.62    
    JSON                2.90    
    JSON::PP            2.27400 
    Module::Build       0.4220  
    Module::Signature   0.81    
    Parse::CPAN::Meta   2.150010
    Test::Harness       3.36_01 
    Test::More          1.302061
    YAML                1.18    
    YAML::Syck          1.29    
    version             0.9917  


--

Summary of my perl5 (revision 5 version 24 subversion 1) configuration:
   
  Platform:
    osname=linux, osvers=3.16.0-4-amd64, archname=x86_64-linux-thread-multi
    uname='linux digitalis 3.16.0-4-amd64 #1 smp debian 3.16.36-1+deb8u1 (2016-09-03) x86_64 gnulinux '
    config_args='-Dusedevel -DDEBUGGING -Dusethreads -Dprefix=/home/cpan4/install -Uversiononly -des'
    hint=recommended, useposix=true, d_sigaction=define
    useithreads=define, usemultiplicity=define
    use64bitint=define, use64bitall=define, uselongdouble=undef
    usemymalloc=n, bincompat5005=undef
  Compiler:
    cc='cc', ccflags ='-D_REENTRANT -D_GNU_SOURCE -fwrapv -DDEBUGGING -fno-strict-aliasing -pipe -fstack-protector-strong -I/usr/local/include -D_LARGEFILE_SOURCE -D_FILE_OFFSET_BITS=64 -D_FORTIFY_SOURCE=2',
    optimize='-O2 -g',
    cppflags='-D_REENTRANT -D_GNU_SOURCE -fwrapv -DDEBUGGING -fno-strict-aliasing -pipe -fstack-protector-strong -I/usr/local/include'
    ccversion='', gccversion='4.9.2', gccosandvers=''
    intsize=4, longsize=8, ptrsize=8, doublesize=8, byteorder=12345678, doublekind=3
    d_longlong=define, longlongsize=8, d_longdbl=define, longdblsize=16, longdblkind=3
    ivtype='long', ivsize=8, nvtype='double', nvsize=8, Off_t='off_t', lseeksize=8
    alignbytes=8, prototype=define
  Linker and Libraries:
    ld='cc', ldflags =' -fstack-protector-strong -L/usr/local/lib'
    libpth=/usr/local/lib /usr/lib/gcc/x86_64-linux-gnu/4.9/include-fixed /usr/include/x86_64-linux-gnu /usr/lib /lib/x86_64-linux-gnu /lib/../lib /usr/lib/x86_64-linux-gnu /usr/lib/../lib /lib
    libs=-lpthread -lnsl -ldl -lm -lcrypt -lutil -lc
    perllibs=-lpthread -lnsl -ldl -lm -lcrypt -lutil -lc
    libc=libc-2.19.so, so=so, useshrplib=false, libperl=libperl.a
    gnulibc_version='2.19'
  Dynamic Linking:
    dlsrc=dl_dlopen.xs, dlext=so, d_dlsymun=undef, ccdlflags='-Wl,-E'
    cccdlflags='-fPIC', lddlflags='-shared -O2 -g -L/usr/local/lib -fstack-protector-strong'


Characteristics of this binary (from libperl): 
  Compile-time options: DEBUGGING HAS_TIMES MULTIPLICITY PERLIO_LAYERS
                        PERL_COPY_ON_WRITE PERL_DONT_CREATE_GVSV
                        PERL_HASH_FUNC_ONE_AT_A_TIME_HARD
                        PERL_IMPLICIT_CONTEXT PERL_MALLOC_WRAP
                        PERL_PRESERVE_IVUV PERL_TRACK_MEMPOOL PERL_USE_DEVEL
                        USE_64_BIT_ALL USE_64_BIT_INT USE_ITHREADS
                        USE_LARGE_FILES USE_LOCALE USE_LOCALE_COLLATE
                        USE_LOCALE_CTYPE USE_LOCALE_NUMERIC USE_LOCALE_TIME
                        USE_PERLIO USE_PERL_ATOF USE_REENTRANT_API
  Locally applied patches:
	RC4
  Built under linux
  Compiled at Oct 12 2016 18:25:36
  %ENV:
    PERL5LIB=""
    PERL5OPT=""
    PERL5_CPANPLUS_IS_RUNNING="16716"
    PERL5_CPAN_IS_RUNNING="16716"
    PERL5_CPAN_IS_RUNNING_IN_RECURSION="31291,16716"
    PERLBREW_BASHRC_VERSION="0.76"
    PERLBREW_HOME="/home/dcollins/.perlbrew"
    PERLBREW_ROOT="/home/dcollins/toolchain/perl5"
    PERL_CR_SMOKER_CURRENT="App-GitHubWebhooks2Ikachan-0.10"
    PERL_CR_SMOKER_RUNONCE="1"
    PERL_EXTUTILS_AUTOINSTALL="--defaultdeps"
    PERL_MM_USE_DEFAULT="1"
  @INC:
    /home/cpan4/install/lib/perl5/site_perl/5.24.1/x86_64-linux-thread-multi
    /home/cpan4/install/lib/perl5/site_perl/5.24.1
    /home/cpan4/install/lib/perl5/5.24.1/x86_64-linux-thread-multi
    /home/cpan4/install/lib/perl5/5.24.1
    .