Report for RDF-AllegroGraph-Easy-0.08

Back
From: metabase:user:30977d10-2aae-11df-837a-5e0a49663a4f
Subject: FAIL RDF-AllegroGraph-Easy-0.08 v5.8.9 GNU/Linux
Date: 2011-08-12T00:57:21Z

This distribution has been tested as part of the CPAN Testers
project, supporting the Perl programming language.  See
http://wiki.cpantesters.org/ for more information or email
questions to cpan-testers-discuss@perl.org


--
Dear Robert Barta,

This is a computer-generated report for RDF-AllegroGraph-Easy-0.08
on perl 5.8.9, created by CPAN-Reporter-1.2001.

Thank you for uploading your work to CPAN.  However, there was a problem
testing your distribution.

If you think this report is invalid, please consult the CPAN Testers Wiki
for suggestions on how to avoid getting FAIL reports for missing library
or binary dependencies, unsupported operating systems, and so on:

http://wiki.cpantesters.org/wiki/CPANAuthorNotes

Sections of this report:

    * Tester comments
    * Program output
    * Prerequisites
    * Environment and other context

------------------------------
TESTER COMMENTS
------------------------------

Additional comments from tester:

this report is from an automated smoke testing program
and was not reviewed by a human for accuracy

------------------------------
PROGRAM OUTPUT
------------------------------

Output from '/usr/bin/make test':

PERL_DL_NONLAZY=1 /home/trushel/perl/perl589th/bin/perl "-MExtUtils::Command::MM" "-e" "test_harness(0, 'blib/lib', 'blib/arch')" t/*.t

#   Failed test 'use RDF::AllegroGraph::Server;'
#   at t/01_server.t line 6.
#     Tried to use 'RDF::AllegroGraph::Server'.
#     Error:  Can't locate feature.pm in @INC (@INC contains: /home/trushel/cpan/build/5.8.9-th/RDF-AllegroGraph-Easy-0.08-zEngnI/blib/lib /home/trushel/cpan/build/5.8.9-th/RDF-AllegroGraph-Easy-0.08-zEngnI/blib/arch /home/trushel/perl/perl589th/lib/5.8.9/x86_64-linux-thread-multi /home/trushel/perl/perl589th/lib/5.8.9 /home/trushel/perl/perl589th/lib/site_perl/5.8.9/x86_64-linux-thread-multi /home/trushel/perl/perl589th/lib/site_perl/5.8.9 .) at /home/trushel/cpan/build/5.8.9-th/RDF-AllegroGraph-Easy-0.08-zEngnI/blib/lib/RDF/AllegroGraph/Server.pm line 44.
# BEGIN failed--compilation aborted at /home/trushel/cpan/build/5.8.9-th/RDF-AllegroGraph-Easy-0.08-zEngnI/blib/lib/RDF/AllegroGraph/Server.pm line 44.
# Compilation failed in require at (eval 6) line 2.
# BEGIN failed--compilation aborted at (eval 6) line 2.
# Looks like you failed 1 test of 2.
t/01_server.t .......... 
Dubious, test returned 1 (wstat 256, 0x100)
Failed 1/2 subtests 
t/pod-coverage.t ....... ok
t/pod.t ................ ok
Can't locate feature.pm in @INC (@INC contains: /home/trushel/cpan/build/5.8.9-th/RDF-AllegroGraph-Easy-0.08-zEngnI/blib/lib /home/trushel/cpan/build/5.8.9-th/RDF-AllegroGraph-Easy-0.08-zEngnI/blib/arch /home/trushel/perl/perl589th/lib/5.8.9/x86_64-linux-thread-multi /home/trushel/perl/perl589th/lib/5.8.9 /home/trushel/perl/perl589th/lib/site_perl/5.8.9/x86_64-linux-thread-multi /home/trushel/perl/perl589th/lib/site_perl/5.8.9 .) at /home/trushel/cpan/build/5.8.9-th/RDF-AllegroGraph-Easy-0.08-zEngnI/blib/lib/RDF/AllegroGraph/Server.pm line 44.
BEGIN failed--compilation aborted at /home/trushel/cpan/build/5.8.9-th/RDF-AllegroGraph-Easy-0.08-zEngnI/blib/lib/RDF/AllegroGraph/Server.pm line 44.
Compilation failed in require at (eval 6) line 3.
	...propagated at /home/trushel/perl/perl589th/lib/5.8.9/base.pm line 94.
BEGIN failed--compilation aborted at /home/trushel/cpan/build/5.8.9-th/RDF-AllegroGraph-Easy-0.08-zEngnI/blib/lib/RDF/AllegroGraph/Server3.pm line 6.
Compilation failed in require at t/v3_01_catalog.t line 15.
BEGIN failed--compilation aborted at t/v3_01_catalog.t line 15.
# Looks like your test exited with 2 before it could output anything.
t/v3_01_catalog.t ...... 
Dubious, test returned 2 (wstat 512, 0x200)
No subtests run 
Can't locate feature.pm in @INC (@INC contains: /home/trushel/cpan/build/5.8.9-th/RDF-AllegroGraph-Easy-0.08-zEngnI/blib/lib /home/trushel/cpan/build/5.8.9-th/RDF-AllegroGraph-Easy-0.08-zEngnI/blib/arch /home/trushel/perl/perl589th/lib/5.8.9/x86_64-linux-thread-multi /home/trushel/perl/perl589th/lib/5.8.9 /home/trushel/perl/perl589th/lib/site_perl/5.8.9/x86_64-linux-thread-multi /home/trushel/perl/perl589th/lib/site_perl/5.8.9 .) at /home/trushel/cpan/build/5.8.9-th/RDF-AllegroGraph-Easy-0.08-zEngnI/blib/lib/RDF/AllegroGraph/Server.pm line 44.
BEGIN failed--compilation aborted at /home/trushel/cpan/build/5.8.9-th/RDF-AllegroGraph-Easy-0.08-zEngnI/blib/lib/RDF/AllegroGraph/Server.pm line 44.
Compilation failed in require at (eval 6) line 3.
	...propagated at /home/trushel/perl/perl589th/lib/5.8.9/base.pm line 94.
BEGIN failed--compilation aborted at /home/trushel/cpan/build/5.8.9-th/RDF-AllegroGraph-Easy-0.08-zEngnI/blib/lib/RDF/AllegroGraph/Server3.pm line 6.
Compilation failed in require at t/v3_02_repos.t line 15.
BEGIN failed--compilation aborted at t/v3_02_repos.t line 15.
# Looks like your test exited with 2 before it could output anything.
t/v3_02_repos.t ........ 
Dubious, test returned 2 (wstat 512, 0x200)
No subtests run 

#   Failed test 'use RDF::AllegroGraph::Easy;'
#   at t/v3_03_geo.t line 6.
#     Tried to use 'RDF::AllegroGraph::Easy'.
#     Error:  Can't locate feature.pm in @INC (@INC contains: /home/trushel/cpan/build/5.8.9-th/RDF-AllegroGraph-Easy-0.08-zEngnI/blib/lib /home/trushel/cpan/build/5.8.9-th/RDF-AllegroGraph-Easy-0.08-zEngnI/blib/arch /home/trushel/perl/perl589th/lib/5.8.9/x86_64-linux-thread-multi /home/trushel/perl/perl589th/lib/5.8.9 /home/trushel/perl/perl589th/lib/site_perl/5.8.9/x86_64-linux-thread-multi /home/trushel/perl/perl589th/lib/site_perl/5.8.9 .) at /home/trushel/cpan/build/5.8.9-th/RDF-AllegroGraph-Easy-0.08-zEngnI/blib/lib/RDF/AllegroGraph/Server.pm line 44.
# BEGIN failed--compilation aborted at /home/trushel/cpan/build/5.8.9-th/RDF-AllegroGraph-Easy-0.08-zEngnI/blib/lib/RDF/AllegroGraph/Server.pm line 44.
# Compilation failed in require at /home/trushel/cpan/build/5.8.9-th/RDF-AllegroGraph-Easy-0.08-zEngnI/blib/lib/RDF/AllegroGraph/Easy.pm line 63.
# BEGIN failed--compilation aborted at /home/trushel/cpan/build/5.8.9-th/RDF-AllegroGraph-Easy-0.08-zEngnI/blib/lib/RDF/AllegroGraph/Easy.pm line 63.
# Compilation failed in require at (eval 6) line 2.
# BEGIN failed--compilation aborted at (eval 6) line 2.
# Looks like you failed 1 test of 2.
t/v3_03_geo.t .......... 
Dubious, test returned 1 (wstat 256, 0x100)
Failed 1/2 subtests 

#   Failed test 'use RDF::AllegroGraph::Easy;'
#   at t/v3_03_namespaces.t line 6.
#     Tried to use 'RDF::AllegroGraph::Easy'.
#     Error:  Can't locate feature.pm in @INC (@INC contains: /home/trushel/cpan/build/5.8.9-th/RDF-AllegroGraph-Easy-0.08-zEngnI/blib/lib /home/trushel/cpan/build/5.8.9-th/RDF-AllegroGraph-Easy-0.08-zEngnI/blib/arch /home/trushel/perl/perl589th/lib/5.8.9/x86_64-linux-thread-multi /home/trushel/perl/perl589th/lib/5.8.9 /home/trushel/perl/perl589th/lib/site_perl/5.8.9/x86_64-linux-thread-multi /home/trushel/perl/perl589th/lib/site_perl/5.8.9 .) at /home/trushel/cpan/build/5.8.9-th/RDF-AllegroGraph-Easy-0.08-zEngnI/blib/lib/RDF/AllegroGraph/Server.pm line 44.
# BEGIN failed--compilation aborted at /home/trushel/cpan/build/5.8.9-th/RDF-AllegroGraph-Easy-0.08-zEngnI/blib/lib/RDF/AllegroGraph/Server.pm line 44.
# Compilation failed in require at /home/trushel/cpan/build/5.8.9-th/RDF-AllegroGraph-Easy-0.08-zEngnI/blib/lib/RDF/AllegroGraph/Easy.pm line 63.
# BEGIN failed--compilation aborted at /home/trushel/cpan/build/5.8.9-th/RDF-AllegroGraph-Easy-0.08-zEngnI/blib/lib/RDF/AllegroGraph/Easy.pm line 63.
# Compilation failed in require at (eval 6) line 2.
# BEGIN failed--compilation aborted at (eval 6) line 2.
# Looks like you failed 1 test of 2.
t/v3_03_namespaces.t ... 
Dubious, test returned 1 (wstat 256, 0x100)
Failed 1/2 subtests 

#   Failed test 'use RDF::AllegroGraph::Easy;'
#   at t/v3_04_easy.t line 6.
#     Tried to use 'RDF::AllegroGraph::Easy'.
#     Error:  Can't locate feature.pm in @INC (@INC contains: /home/trushel/cpan/build/5.8.9-th/RDF-AllegroGraph-Easy-0.08-zEngnI/blib/lib /home/trushel/cpan/build/5.8.9-th/RDF-AllegroGraph-Easy-0.08-zEngnI/blib/arch /home/trushel/perl/perl589th/lib/5.8.9/x86_64-linux-thread-multi /home/trushel/perl/perl589th/lib/5.8.9 /home/trushel/perl/perl589th/lib/site_perl/5.8.9/x86_64-linux-thread-multi /home/trushel/perl/perl589th/lib/site_perl/5.8.9 .) at /home/trushel/cpan/build/5.8.9-th/RDF-AllegroGraph-Easy-0.08-zEngnI/blib/lib/RDF/AllegroGraph/Server.pm line 44.
# BEGIN failed--compilation aborted at /home/trushel/cpan/build/5.8.9-th/RDF-AllegroGraph-Easy-0.08-zEngnI/blib/lib/RDF/AllegroGraph/Server.pm line 44.
# Compilation failed in require at /home/trushel/cpan/build/5.8.9-th/RDF-AllegroGraph-Easy-0.08-zEngnI/blib/lib/RDF/AllegroGraph/Easy.pm line 63.
# BEGIN failed--compilation aborted at /home/trushel/cpan/build/5.8.9-th/RDF-AllegroGraph-Easy-0.08-zEngnI/blib/lib/RDF/AllegroGraph/Easy.pm line 63.
# Compilation failed in require at (eval 6) line 2.
# BEGIN failed--compilation aborted at (eval 6) line 2.
# Looks like you failed 1 test of 2.
t/v3_04_easy.t ......... 
Dubious, test returned 1 (wstat 256, 0x100)
Failed 1/2 subtests 
Can't locate feature.pm in @INC (@INC contains: /home/trushel/cpan/build/5.8.9-th/RDF-AllegroGraph-Easy-0.08-zEngnI/blib/lib /home/trushel/cpan/build/5.8.9-th/RDF-AllegroGraph-Easy-0.08-zEngnI/blib/arch /home/trushel/perl/perl589th/lib/5.8.9/x86_64-linux-thread-multi /home/trushel/perl/perl589th/lib/5.8.9 /home/trushel/perl/perl589th/lib/site_perl/5.8.9/x86_64-linux-thread-multi /home/trushel/perl/perl589th/lib/site_perl/5.8.9 .) at /home/trushel/cpan/build/5.8.9-th/RDF-AllegroGraph-Easy-0.08-zEngnI/blib/lib/RDF/AllegroGraph/Server.pm line 44.
BEGIN failed--compilation aborted at /home/trushel/cpan/build/5.8.9-th/RDF-AllegroGraph-Easy-0.08-zEngnI/blib/lib/RDF/AllegroGraph/Server.pm line 44.
Compilation failed in require at t/v4_01_catalog.t line 17.
BEGIN failed--compilation aborted at t/v4_01_catalog.t line 17.
# Looks like your test exited with 2 before it could output anything.
t/v4_01_catalog.t ...... 
Dubious, test returned 2 (wstat 512, 0x200)
No subtests run 
Can't locate feature.pm in @INC (@INC contains: /home/trushel/cpan/build/5.8.9-th/RDF-AllegroGraph-Easy-0.08-zEngnI/blib/lib /home/trushel/cpan/build/5.8.9-th/RDF-AllegroGraph-Easy-0.08-zEngnI/blib/arch /home/trushel/perl/perl589th/lib/5.8.9/x86_64-linux-thread-multi /home/trushel/perl/perl589th/lib/5.8.9 /home/trushel/perl/perl589th/lib/site_perl/5.8.9/x86_64-linux-thread-multi /home/trushel/perl/perl589th/lib/site_perl/5.8.9 .) at /home/trushel/cpan/build/5.8.9-th/RDF-AllegroGraph-Easy-0.08-zEngnI/blib/lib/RDF/AllegroGraph/Server.pm line 44.
BEGIN failed--compilation aborted at /home/trushel/cpan/build/5.8.9-th/RDF-AllegroGraph-Easy-0.08-zEngnI/blib/lib/RDF/AllegroGraph/Server.pm line 44.
Compilation failed in require at t/v4_02_repos.t line 15.
BEGIN failed--compilation aborted at t/v4_02_repos.t line 15.
# Looks like your test exited with 2 before it could output anything.
t/v4_02_repos.t ........ 
Dubious, test returned 2 (wstat 512, 0x200)
No subtests run 
Can't locate feature.pm in @INC (@INC contains: /home/trushel/cpan/build/5.8.9-th/RDF-AllegroGraph-Easy-0.08-zEngnI/blib/lib /home/trushel/cpan/build/5.8.9-th/RDF-AllegroGraph-Easy-0.08-zEngnI/blib/arch /home/trushel/perl/perl589th/lib/5.8.9/x86_64-linux-thread-multi /home/trushel/perl/perl589th/lib/5.8.9 /home/trushel/perl/perl589th/lib/site_perl/5.8.9/x86_64-linux-thread-multi /home/trushel/perl/perl589th/lib/site_perl/5.8.9 .) at /home/trushel/cpan/build/5.8.9-th/RDF-AllegroGraph-Easy-0.08-zEngnI/blib/lib/RDF/AllegroGraph/Server.pm line 44.
BEGIN failed--compilation aborted at /home/trushel/cpan/build/5.8.9-th/RDF-AllegroGraph-Easy-0.08-zEngnI/blib/lib/RDF/AllegroGraph/Server.pm line 44.
Compilation failed in require at t/v4_02_session.t line 15.
BEGIN failed--compilation aborted at t/v4_02_session.t line 15.
# Looks like your test exited with 2 before it could output anything.
t/v4_02_session.t ...... 
Dubious, test returned 2 (wstat 512, 0x200)
No subtests run 
Can't locate feature.pm in @INC (@INC contains: /home/trushel/cpan/build/5.8.9-th/RDF-AllegroGraph-Easy-0.08-zEngnI/blib/lib /home/trushel/cpan/build/5.8.9-th/RDF-AllegroGraph-Easy-0.08-zEngnI/blib/arch /home/trushel/perl/perl589th/lib/5.8.9/x86_64-linux-thread-multi /home/trushel/perl/perl589th/lib/5.8.9 /home/trushel/perl/perl589th/lib/site_perl/5.8.9/x86_64-linux-thread-multi /home/trushel/perl/perl589th/lib/site_perl/5.8.9 .) at /home/trushel/cpan/build/5.8.9-th/RDF-AllegroGraph-Easy-0.08-zEngnI/blib/lib/RDF/AllegroGraph/Server.pm line 44.
BEGIN failed--compilation aborted at /home/trushel/cpan/build/5.8.9-th/RDF-AllegroGraph-Easy-0.08-zEngnI/blib/lib/RDF/AllegroGraph/Server.pm line 44.
Compilation failed in require at t/v4_02_transaction.t line 15.
BEGIN failed--compilation aborted at t/v4_02_transaction.t line 15.
# Looks like your test exited with 2 before it could output anything.
t/v4_02_transaction.t .. 
Dubious, test returned 2 (wstat 512, 0x200)
No subtests run 
Can't locate feature.pm in @INC (@INC contains: /home/trushel/cpan/build/5.8.9-th/RDF-AllegroGraph-Easy-0.08-zEngnI/blib/lib /home/trushel/cpan/build/5.8.9-th/RDF-AllegroGraph-Easy-0.08-zEngnI/blib/arch /home/trushel/perl/perl589th/lib/5.8.9/x86_64-linux-thread-multi /home/trushel/perl/perl589th/lib/5.8.9 /home/trushel/perl/perl589th/lib/site_perl/5.8.9/x86_64-linux-thread-multi /home/trushel/perl/perl589th/lib/site_perl/5.8.9 .) at /home/trushel/cpan/build/5.8.9-th/RDF-AllegroGraph-Easy-0.08-zEngnI/blib/lib/RDF/AllegroGraph/Server.pm line 44.
BEGIN failed--compilation aborted at /home/trushel/cpan/build/5.8.9-th/RDF-AllegroGraph-Easy-0.08-zEngnI/blib/lib/RDF/AllegroGraph/Server.pm line 44.
Compilation failed in require at t/v4_03_geo.t line 17.
BEGIN failed--compilation aborted at t/v4_03_geo.t line 17.
# Looks like your test exited with 2 before it could output anything.
t/v4_03_geo.t .......... 
Dubious, test returned 2 (wstat 512, 0x200)
No subtests run 
Can't locate feature.pm in @INC (@INC contains: /home/trushel/cpan/build/5.8.9-th/RDF-AllegroGraph-Easy-0.08-zEngnI/blib/lib /home/trushel/cpan/build/5.8.9-th/RDF-AllegroGraph-Easy-0.08-zEngnI/blib/arch /home/trushel/perl/perl589th/lib/5.8.9/x86_64-linux-thread-multi /home/trushel/perl/perl589th/lib/5.8.9 /home/trushel/perl/perl589th/lib/site_perl/5.8.9/x86_64-linux-thread-multi /home/trushel/perl/perl589th/lib/site_perl/5.8.9 .) at /home/trushel/cpan/build/5.8.9-th/RDF-AllegroGraph-Easy-0.08-zEngnI/blib/lib/RDF/AllegroGraph/Server.pm line 44.
BEGIN failed--compilation aborted at /home/trushel/cpan/build/5.8.9-th/RDF-AllegroGraph-Easy-0.08-zEngnI/blib/lib/RDF/AllegroGraph/Server.pm line 44.
Compilation failed in require at t/v4_03_namespaces.t line 18.
BEGIN failed--compilation aborted at t/v4_03_namespaces.t line 18.
# Looks like your test exited with 2 before it could output anything.
t/v4_03_namespaces.t ... 
Dubious, test returned 2 (wstat 512, 0x200)
No subtests run 
Can't locate feature.pm in @INC (@INC contains: /home/trushel/cpan/build/5.8.9-th/RDF-AllegroGraph-Easy-0.08-zEngnI/blib/lib /home/trushel/cpan/build/5.8.9-th/RDF-AllegroGraph-Easy-0.08-zEngnI/blib/arch /home/trushel/perl/perl589th/lib/5.8.9/x86_64-linux-thread-multi /home/trushel/perl/perl589th/lib/5.8.9 /home/trushel/perl/perl589th/lib/site_perl/5.8.9/x86_64-linux-thread-multi /home/trushel/perl/perl589th/lib/site_perl/5.8.9 .) at /home/trushel/cpan/build/5.8.9-th/RDF-AllegroGraph-Easy-0.08-zEngnI/blib/lib/RDF/AllegroGraph/Server.pm line 44.
BEGIN failed--compilation aborted at /home/trushel/cpan/build/5.8.9-th/RDF-AllegroGraph-Easy-0.08-zEngnI/blib/lib/RDF/AllegroGraph/Server.pm line 44.
Compilation failed in require at t/v4_03_sna.t line 15.
BEGIN failed--compilation aborted at t/v4_03_sna.t line 15.
# Looks like your test exited with 2 before it could output anything.
t/v4_03_sna.t .......... 
Dubious, test returned 2 (wstat 512, 0x200)
No subtests run 

#   Failed test 'use RDF::AllegroGraph::Easy;'
#   at t/v4_04_easy.t line 6.
#     Tried to use 'RDF::AllegroGraph::Easy'.
#     Error:  Can't locate feature.pm in @INC (@INC contains: /home/trushel/cpan/build/5.8.9-th/RDF-AllegroGraph-Easy-0.08-zEngnI/blib/lib /home/trushel/cpan/build/5.8.9-th/RDF-AllegroGraph-Easy-0.08-zEngnI/blib/arch /home/trushel/perl/perl589th/lib/5.8.9/x86_64-linux-thread-multi /home/trushel/perl/perl589th/lib/5.8.9 /home/trushel/perl/perl589th/lib/site_perl/5.8.9/x86_64-linux-thread-multi /home/trushel/perl/perl589th/lib/site_perl/5.8.9 .) at /home/trushel/cpan/build/5.8.9-th/RDF-AllegroGraph-Easy-0.08-zEngnI/blib/lib/RDF/AllegroGraph/Server.pm line 44.
# BEGIN failed--compilation aborted at /home/trushel/cpan/build/5.8.9-th/RDF-AllegroGraph-Easy-0.08-zEngnI/blib/lib/RDF/AllegroGraph/Server.pm line 44.
# Compilation failed in require at /home/trushel/cpan/build/5.8.9-th/RDF-AllegroGraph-Easy-0.08-zEngnI/blib/lib/RDF/AllegroGraph/Easy.pm line 63.
# BEGIN failed--compilation aborted at /home/trushel/cpan/build/5.8.9-th/RDF-AllegroGraph-Easy-0.08-zEngnI/blib/lib/RDF/AllegroGraph/Easy.pm line 63.
# Compilation failed in require at (eval 6) line 2.
# BEGIN failed--compilation aborted at (eval 6) line 2.
# Looks like you failed 1 test of 2.
t/v4_04_easy.t ......... 
Dubious, test returned 1 (wstat 256, 0x100)
Failed 1/2 subtests 

Test Summary Report
-------------------
t/01_server.t        (Wstat: 256 Tests: 2 Failed: 1)
  Failed test:  1
  Non-zero exit status: 1
t/v3_01_catalog.t    (Wstat: 512 Tests: 0 Failed: 0)
  Non-zero exit status: 2
  Parse errors: No plan found in TAP output
t/v3_02_repos.t      (Wstat: 512 Tests: 0 Failed: 0)
  Non-zero exit status: 2
  Parse errors: No plan found in TAP output
t/v3_03_geo.t        (Wstat: 256 Tests: 2 Failed: 1)
  Failed test:  1
  Non-zero exit status: 1
t/v3_03_namespaces.t (Wstat: 256 Tests: 2 Failed: 1)
  Failed test:  1
  Non-zero exit status: 1
t/v3_04_easy.t       (Wstat: 256 Tests: 2 Failed: 1)
  Failed test:  1
  Non-zero exit status: 1
t/v4_01_catalog.t    (Wstat: 512 Tests: 0 Failed: 0)
  Non-zero exit status: 2
  Parse errors: No plan found in TAP output
t/v4_02_repos.t      (Wstat: 512 Tests: 0 Failed: 0)
  Non-zero exit status: 2
  Parse errors: No plan found in TAP output
t/v4_02_session.t    (Wstat: 512 Tests: 0 Failed: 0)
  Non-zero exit status: 2
  Parse errors: No plan found in TAP output
t/v4_02_transaction.t (Wstat: 512 Tests: 0 Failed: 0)
  Non-zero exit status: 2
  Parse errors: No plan found in TAP output
t/v4_03_geo.t        (Wstat: 512 Tests: 0 Failed: 0)
  Non-zero exit status: 2
  Parse errors: No plan found in TAP output
t/v4_03_namespaces.t (Wstat: 512 Tests: 0 Failed: 0)
  Non-zero exit status: 2
  Parse errors: No plan found in TAP output
t/v4_03_sna.t        (Wstat: 512 Tests: 0 Failed: 0)
  Non-zero exit status: 2
  Parse errors: No plan found in TAP output
t/v4_04_easy.t       (Wstat: 256 Tests: 2 Failed: 1)
  Failed test:  1
  Non-zero exit status: 1
Files=16, Tests=34,  4 wallclock secs ( 0.07 usr  0.03 sys +  0.98 cusr  0.15 csys =  1.23 CPU)
Result: FAIL
Failed 14/16 test programs. 5/34 subtests failed.
make: *** [test_dynamic] Error 1

------------------------------
PREREQUISITES
------------------------------

Prerequisite modules loaded:

requires:

    Module              Need     Have      
    ------------------- -------- ----------
    DateTime            0        0.70      
    JSON                0        2.53      
    LWP                 0        6.02      
    Regexp::Common      0        2011041701
    Test::Exception     0        0.31      
    Test::More          0        0.98      
    Test::Pod::Coverage 0        1.08      
    Time::HiRes         0        1.9715    
    URI::Escape         0        3.30      

build_requires:

    Module              Need     Have      
    ------------------- -------- ----------
    ExtUtils::MakeMaker 0        6.59      

configure_requires:

    Module              Need     Have      
    ------------------- -------- ----------
    Module::Build       0.340201 0.39_01   


------------------------------
ENVIRONMENT AND OTHER CONTEXT
------------------------------

Environment variables:

    AUTOMATED_TESTING = 1
    LANG = en_US.UTF-8
    LANGUAGE = en
    LC_COLLATE = C
    LC_MONETARY = C
    LC_NUMERIC = C
    LC_TIME = C
    PATH = /usr/local/sbin:/usr/local/bin:/usr/sbin:/usr/bin:/sbin:/bin
    PERL5LIB = 
    PERL5OPT = 
    PERL5_CPANPLUS_IS_RUNNING = 11430
    PERL5_CPAN_IS_RUNNING = 11430
    PERL5_CPAN_IS_RUNNING_IN_RECURSION = 21295,11430
    PERL_CR_SMOKER_CURRENT = RDF-Trine-AllegroGraph-0.01
    PERL_EXTUTILS_AUTOINSTALL = --defaultdeps
    PERL_MM_USE_DEFAULT = 1
    SHELL = /bin/bash
    TERM = xterm

Perl special variables (and OS-specific diagnostics, for MSWin32):

    $^X = /home/trushel/perl/perl589th/bin/perl
    $UID/$EUID = 138375 / 138375
    $GID = 5762 4 20 21 24 25 26 30 44 46 104 105 119 122 431 5762
    $EGID = 5762 4 20 21 24 25 26 30 44 46 104 105 119 122 431 5762

Perl module toolchain versions installed:

    Module              Have    
    ------------------- --------
    CPAN                1.9800  
    CPAN::Meta          2.112150
    Cwd                 3.33    
    ExtUtils::CBuilder  0.280202
    ExtUtils::Command   1.16    
    ExtUtils::Install   1.54    
    ExtUtils::MakeMaker 6.59    
    ExtUtils::Manifest  1.58    
    ExtUtils::ParseXS   3.02    
    File::Spec          3.33    
    JSON                2.53    
    JSON::PP            2.27200 
    Module::Build       0.39_01 
    Module::Signature   n/a     
    Parse::CPAN::Meta   1.4401  
    Test::Harness       3.23    
    Test::More          0.98    
    YAML                0.73    
    YAML::Syck          1.17    
    version             0.93    


--

Summary of my perl5 (revision 5 version 8 subversion 9) configuration:
  Platform:
    osname=linux, osvers=2.6.32-33-generic, archname=x86_64-linux-thread-multi
    uname='linux trushel-glaptop 2.6.32-33-generic #70-ubuntu smp thu jul 7 21:13:52 utc 2011 x86_64 gnulinux '
    config_args=''
    hint=recommended, useposix=true, d_sigaction=define
    usethreads=define use5005threads=undef useithreads=define usemultiplicity=define
    useperlio=define d_sfio=undef uselargefiles=define usesocks=undef
    use64bitint=define use64bitall=define uselongdouble=undef
    usemymalloc=n, bincompat5005=undef
  Compiler:
    cc='cc', ccflags ='-D_REENTRANT -D_GNU_SOURCE -DTHREADS_HAVE_PIDS -fno-strict-aliasing -pipe -I/usr/local/include -D_LARGEFILE_SOURCE -D_FILE_OFFSET_BITS=64',
    optimize='-O2',
    cppflags='-D_REENTRANT -D_GNU_SOURCE -DTHREADS_HAVE_PIDS -fno-strict-aliasing -pipe -I/usr/local/include'
    ccversion='', gccversion='4.4.3', gccosandvers=''
    intsize=4, longsize=8, ptrsize=8, doublesize=8, byteorder=12345678
    d_longlong=define, longlongsize=8, d_longdbl=define, longdblsize=16
    ivtype='long', ivsize=8, nvtype='double', nvsize=8, Off_t='off_t', lseeksize=8
    alignbytes=8, prototype=define
  Linker and Libraries:
    ld='cc', ldflags =' -L/usr/local/lib'
    libpth=/usr/local/lib /lib /usr/lib /lib64 /usr/lib64
    libs=-lnsl -ldb -ldl -lm -lcrypt -lutil -lpthread -lc
    perllibs=-lnsl -ldl -lm -lcrypt -lutil -lpthread -lc
    libc=/lib/libc-2.11.1.so, so=so, useshrplib=false, libperl=libperl.a
    gnulibc_version='2.11.1'
  Dynamic Linking:
    dlsrc=dl_dlopen.xs, dlext=so, d_dlsymun=undef, ccdlflags='-Wl,-E'
    cccdlflags='-fPIC', lddlflags='-shared -O2 -L/usr/local/lib'


Characteristics of this binary (from libperl): 
  Compile-time options: MULTIPLICITY PERL_IMPLICIT_CONTEXT PERL_MALLOC_WRAP
                        THREADS_HAVE_PIDS USE_64_BIT_ALL USE_64_BIT_INT
                        USE_FAST_STDIO USE_ITHREADS USE_LARGE_FILES
                        USE_PERLIO USE_REENTRANT_API
  Built under linux
  Compiled at Aug  1 2011 07:25:20
  %ENV:
    PERL5LIB=""
    PERL5OPT=""
    PERL5_CPANPLUS_IS_RUNNING="11430"
    PERL5_CPAN_IS_RUNNING="11430"
    PERL5_CPAN_IS_RUNNING_IN_RECURSION="21295,11430"
    PERL_CR_SMOKER_CURRENT="RDF-Trine-AllegroGraph-0.01"
    PERL_EXTUTILS_AUTOINSTALL="--defaultdeps"
    PERL_MM_USE_DEFAULT="1"
  @INC:
    /home/trushel/perl/perl589th/lib/5.8.9/x86_64-linux-thread-multi
    /home/trushel/perl/perl589th/lib/5.8.9
    /home/trushel/perl/perl589th/lib/site_perl/5.8.9/x86_64-linux-thread-multi
    /home/trushel/perl/perl589th/lib/site_perl/5.8.9
    .