ETL-Yertl v0.044 Perl 5 v5.22.1 MSWin32-x86-multi-thread-64int

Status
Fail
From
Alexandr Ciornii (CHORNY)
Dist
ETL-Yertl v0.044
Platform
Perl 5 v5.22.1 MSWin32-x86-multi-thread-64int
Date
2020-07-28 10:39:33
ID
0924dc14-6bf6-1014-88f2-54cd03d54acf
This distribution has been tested as part of the CPAN Testers
project, supporting the Perl programming language.  See
http://wiki.cpantesters.org/ for more information or email
questions to cpan-testers-discuss@perl.org


--
Dear Doug Bell,

This is a computer-generated report for ETL-Yertl-0.044
on perl 5.22.1, created by CPAN-Reporter-1.2018_01.

Thank you for uploading your work to CPAN.  However, there was a problem
testing your distribution.

If you think this report is invalid, please consult the CPAN Testers Wiki
for suggestions on how to avoid getting FAIL reports for missing library
or binary dependencies, unsupported operating systems, and so on:

http://wiki.cpantesters.org/wiki/CPANAuthorNotes

Sections of this report:

    * Tester comments
    * Program output
    * Prerequisites
    * Environment and other context

------------------------------
TESTER COMMENTS
------------------------------

Additional comments from tester:

this report is from an automated smoke testing program
and was not reviewed by a human for accuracy

------------------------------
PROGRAM OUTPUT
------------------------------

Output from 'C:\STRAWB~1\c\bin\dmake.exe test':

"C:\Strawberry221\perl\bin\perl.exe" "-MExtUtils::Command::MM" "-MTest::Harness" "-e" "undef *Test::Harness::Switches; test_harness(0, 'blib\lib', 'blib\arch')" t/*.t t/adapter/*.t t/bin/*.t t/command/ygrok/*.t t/command/ygrok/pattern/*.t t/command/yq/*.t t/format/*.t t/integration/*.t
Use of uninitialized value in subroutine entry at C:\STRAWB~1\cpan\build\IO-Async-0.77-ioI01e/blib/lib/IO/Async/OS.pm line 39.
Use of uninitialized value in subroutine entry at C:\STRAWB~1\cpan\build\IO-Async-0.77-ioI01e/blib/lib/IO/Async/OS.pm line 39.
Use of uninitialized value in subroutine entry at C:\STRAWB~1\cpan\build\IO-Async-0.77-ioI01e/blib/lib/IO/Async/OS.pm line 39.
Use of uninitialized value in subroutine entry at C:\STRAWB~1\cpan\build\IO-Async-0.77-ioI01e/blib/lib/IO/Async/OS.pm line 39.
Use of uninitialized value in subroutine entry at C:\STRAWB~1\cpan\build\IO-Async-0.77-ioI01e/blib/lib/IO/Async/OS.pm line 39.
Use of uninitialized value in subroutine entry at C:\STRAWB~1\cpan\build\IO-Async-0.77-ioI01e/blib/lib/IO/Async/OS.pm line 39.
Use of uninitialized value in subroutine entry at C:\STRAWB~1\cpan\build\IO-Async-0.77-ioI01e/blib/lib/IO/Async/OS.pm line 39.
Use of uninitialized value in subroutine entry at C:\STRAWB~1\cpan\build\IO-Async-0.77-ioI01e/blib/lib/IO/Async/OS.pm line 39.
Use of uninitialized value in subroutine entry at C:\STRAWB~1\cpan\build\IO-Async-0.77-ioI01e/blib/lib/IO/Async/OS.pm line 39.
Use of uninitialized value in subroutine entry at C:\STRAWB~1\cpan\build\IO-Async-0.77-ioI01e/blib/lib/IO/Async/OS.pm line 39.
Use of uninitialized value in subroutine entry at C:\STRAWB~1\cpan\build\IO-Async-0.77-ioI01e/blib/lib/IO/Async/OS.pm line 39.
Use of uninitialized value in subroutine entry at C:\STRAWB~1\cpan\build\IO-Async-0.77-ioI01e/blib/lib/IO/Async/OS.pm line 39.
Use of uninitialized value in subroutine entry at C:\STRAWB~1\cpan\build\IO-Async-0.77-ioI01e/blib/lib/IO/Async/OS.pm line 39.
Use of uninitialized value in subroutine entry at C:\STRAWB~1\cpan\build\IO-Async-0.77-ioI01e/blib/lib/IO/Async/OS.pm line 39.
Use of uninitialized value in subroutine entry at C:\STRAWB~1\cpan\build\IO-Async-0.77-ioI01e/blib/lib/IO/Async/OS.pm line 39.
Use of uninitialized value in subroutine entry at C:\STRAWB~1\cpan\build\IO-Async-0.77-ioI01e/blib/lib/IO/Async/OS.pm line 39.
t/00-compile.t ........................... ok
# 
# Versions for all modules listed in MYMETA.json (including optional ones):
# 
# === Configure Requires ===
# 
#     Module              Want Have
#     ------------------- ---- ----
#     ExtUtils::MakeMaker  any 7.10
# 
# === Build Requires ===
# 
#     Module              Want Have
#     ------------------- ---- ----
#     ExtUtils::MakeMaker  any 7.10
# 
# === Test Requires ===
# 
#     Module                  Want     Have
#     ------------------- -------- --------
#     Capture::Tiny            any     0.36
#     Dir::Self                any     0.11
#     ExtUtils::MakeMaker      any     7.10
#     File::Spec               any     3.62
#     Future                   any     0.33
#     IO::Handle               any     1.35
#     IPC::Open3               any     1.18
#     JSON::PP                 any  2.27300
#     Mock::MonkeyPatch        any     0.04
#     Test::Deep               any    1.120
#     Test::Differences        any     0.64
#     Test::Exception          any     0.43
#     Test::Lib                any    0.002
#     Test::More          1.001005 1.001014
# 
# === Test Recommends ===
# 
#     Module         Want     Have
#     ---------- -------- --------
#     CPAN::Meta 2.120900 2.150005
# 
# === Runtime Requires ===
# 
#     Module                    Want       Have
#     ------------------- ---------- ----------
#     File::HomeDir              any       1.00
#     File::Spec                 any       3.62
#     Getopt::Long              2.36       2.48
#     Hash::Merge::Simple        any      0.051
#     IO::Async                 0.77       0.77
#     IO::Interactive            any      1.021
#     Import::Base             0.010      1.004
#     JSON::MaybeXS              any   1.003005
#     List::Util                 any       1.45
#     Module::Runtime            any      0.014
#     Net::Async::HTTP           any       0.47
#     Path::Tiny               0.072      0.084
#     Pod::Usage::Return         any      0.003
#     Regexp::Common      2013031301 2016020301
#     SQL::Abstract              any       1.81
#     Time::Local                any     1.2300
#     Time::Piece                any       1.31
#     URI                        any       1.71
#     YAML::Tiny                 any       1.69
#     boolean                    any       0.45
# 
# === Runtime Recommends ===
# 
#     Module       Want    Have
#     ------------ ---- -------
#     DBD::SQLite   any    1.50
#     DBI           any   1.634
#     JSON::PP      any 2.27300
#     JSON::XS      any    3.02
#     Text::CSV     any    1.33
#     Text::CSV_XS  any    1.23
#     YAML::Syck    any    1.29
#     YAML::XS      any    0.62
# 
t/00-report-prereqs.t .................... ok
Use of uninitialized value in subroutine entry at C:\STRAWB~1\cpan\build\IO-Async-0.77-ioI01e/blib/lib/IO/Async/OS.pm line 39.
t/adapter/graphite.t ..................... ok
Use of uninitialized value in subroutine entry at C:\STRAWB~1\cpan\build\IO-Async-0.77-ioI01e/blib/lib/IO/Async/OS.pm line 39.
t/adapter/influxdb.t ..................... ok
Use of uninitialized value in subroutine entry at C:\STRAWB~1\cpan\build\IO-Async-0.77-ioI01e/blib/lib/IO/Async/OS.pm line 39.
        # Child (filename) exited without calling finalize()
    
    #   Failed test 'filename'
    #   at C:/Strawberry221/perl/lib/Test/Builder.pm line 279.
Your vendor has not defined Fcntl macro F_GETFL, used at C:\STRAWB~1\cpan\build\ETL-Yertl-0.044-jJrSF7\blib\lib/ETL/Yertl/FormatStream.pm line 65
    # Child (JSON -> DOC) exited without calling finalize()

#   Failed test 'JSON -> DOC'
#   at C:/Strawberry221/perl/lib/Test/Builder.pm line 279.
# Tests were run but no plan was declared and done_testing() was not seen.
# Looks like your test exited with 255 just after 2.
t/bin/yfrom.t ............................ 
Dubious, test returned 255 (wstat 65280, 0xff00)
Failed 1/2 subtests 
Use of uninitialized value in subroutine entry at C:\STRAWB~1\cpan\build\IO-Async-0.77-ioI01e/blib/lib/IO/Async/OS.pm line 39.
        
        #   Failed test 'exit 0'
        #   at t/bin/ygrok.t line 26.
        #          got: '2'
        #     expected: '0'
        
        #   Failed test 'nothing on stderr'
        #   at t/bin/ygrok.t line 27.
        # ERROR: Your vendor has not defined Fcntl macro F_GETFL, used at C:\STRAWB~1\cpan\build\ETL-Yertl-0.044-jJrSF7\blib\lib/ETL/Yertl/FormatStream.pm line 65
        # 
        # Usage:
        #         ygrok [-l|--loose] <pattern> [<file>...]
        #         ygrok --pattern [<pattern_name> [<pattern>]]
        #         yfrom -h|--help|--version
        # 
        
        #   Failed test at t/bin/ygrok.t line 29.
        # Compared array length of $data
        #    got : array with 0 element(s)
        # expect : array with 3 element(s)
        # []
        # Looks like you failed 3 tests of 3.
    
    #   Failed test 'filename'
    #   at t/bin/ygrok.t line 30.
        
        #   Failed test 'exit 0'
        #   at t/bin/ygrok.t line 35.
        #          got: '2'
        #     expected: '0'
        
        #   Failed test 'nothing on stderr'
        #   at t/bin/ygrok.t line 36.
        # ERROR: Your vendor has not defined Fcntl macro F_GETFL, used at C:\STRAWB~1\cpan\build\ETL-Yertl-0.044-jJrSF7\blib\lib/ETL/Yertl/FormatStream.pm line 65
        # 
        # Usage:
        #         ygrok [-l|--loose] <pattern> [<file>...]
        #         ygrok --pattern [<pattern_name> [<pattern>]]
        #         yfrom -h|--help|--version
        # 
        
        #   Failed test at t/bin/ygrok.t line 38.
        # Compared array length of $data
        #    got : array with 0 element(s)
        # expect : array with 3 element(s)
        # []
        # Looks like you failed 3 tests of 3.
    
    #   Failed test 'stdin'
    #   at t/bin/ygrok.t line 39.
            
            #   Failed test 'exit 0'
            #   at t/bin/ygrok.t line 26.
            #          got: '2'
            #     expected: '0'
            
            #   Failed test 'nothing on stderr'
            #   at t/bin/ygrok.t line 27.
            # ERROR: Your vendor has not defined Fcntl macro F_GETFL, used at C:\STRAWB~1\cpan\build\ETL-Yertl-0.044-jJrSF7\blib\lib/ETL/Yertl/FormatStream.pm line 65
            # 
            # Usage:
            #         ygrok [-l|--loose] <pattern> [<file>...]
            #         ygrok --pattern [<pattern_name> [<pattern>]]
            #         yfrom -h|--help|--version
            # 
            
            #   Failed test at t/bin/ygrok.t line 29.
            # Compared array length of $data
            #    got : array with 0 element(s)
            # expect : array with 3 element(s)
            # []
            # Looks like you failed 3 tests of 3.
        
        #   Failed test 'filename'
        #   at t/bin/ygrok.t line 30.
            
            #   Failed test 'exit 0'
            #   at t/bin/ygrok.t line 35.
            #          got: '2'
            #     expected: '0'
            
            #   Failed test 'nothing on stderr'
            #   at t/bin/ygrok.t line 36.
            # ERROR: Your vendor has not defined Fcntl macro F_GETFL, used at C:\STRAWB~1\cpan\build\ETL-Yertl-0.044-jJrSF7\blib\lib/ETL/Yertl/FormatStream.pm line 65
            # 
            # Usage:
            #         ygrok [-l|--loose] <pattern> [<file>...]
            #         ygrok --pattern [<pattern_name> [<pattern>]]
            #         yfrom -h|--help|--version
            # 
            
            #   Failed test at t/bin/ygrok.t line 38.
            # Compared array length of $data
            #    got : array with 0 element(s)
            # expect : array with 3 element(s)
            # []
            # Looks like you failed 3 tests of 3.
        
        #   Failed test 'stdin'
        #   at t/bin/ygrok.t line 39.
        # Looks like you failed 2 tests of 2.
    
    #   Failed test 'loose parsing'
    #   at t/bin/ygrok.t line 84.
    # Looks like you failed 3 tests of 3.

#   Failed test 'parse lines'
#   at t/bin/ygrok.t line 85.
# Looks like you failed 1 test of 2.
t/bin/ygrok.t ............................ 
Dubious, test returned 1 (wstat 256, 0x100)
Failed 1/2 subtests 
Use of uninitialized value in subroutine entry at C:\STRAWB~1\cpan\build\IO-Async-0.77-ioI01e/blib/lib/IO/Async/OS.pm line 39.
Your vendor has not defined Fcntl macro F_GETFL, used at C:\STRAWB~1\cpan\build\ETL-Yertl-0.044-jJrSF7\blib\lib/ETL/Yertl/FormatStream.pm line 65
    # Child (empty does not print) exited without calling finalize()

#   Failed test 'empty does not print'
#   at C:/Strawberry221/perl/lib/Test/Builder.pm line 279.
# Tests were run but no plan was declared and done_testing() was not seen.
# Looks like your test exited with 255 just after 3.
t/bin/yq.t ............................... 
Dubious, test returned 255 (wstat 65280, 0xff00)
Failed 1/3 subtests 
Use of uninitialized value in subroutine entry at C:\STRAWB~1\cpan\build\IO-Async-0.77-ioI01e/blib/lib/IO/Async/OS.pm line 39.
cannot unlink file for C:\DOCUME~1\c\LOCALS~1\Temp\ml5AR_xy66\test.db: Permission denied at C:/Strawberry221/perl/lib/File/Temp.pm line 1616.
cannot remove directory for C:\DOCUME~1\c\LOCALS~1\Temp\ml5AR_xy66: Directory not empty at C:/Strawberry221/perl/lib/File/Temp.pm line 1616.
cannot unlink file for C:\DOCUME~1\c\LOCALS~1\Temp\mmRaFZnW2d\test.db: Permission denied at C:/Strawberry221/perl/lib/File/Temp.pm line 1616.
cannot remove directory for C:\DOCUME~1\c\LOCALS~1\Temp\mmRaFZnW2d: Directory not empty at C:/Strawberry221/perl/lib/File/Temp.pm line 1616.
cannot unlink file for C:\DOCUME~1\c\LOCALS~1\Temp\UJjdqJdLqe\test.db: Permission denied at C:/Strawberry221/perl/lib/File/Temp.pm line 1616.
cannot remove directory for C:\DOCUME~1\c\LOCALS~1\Temp\UJjdqJdLqe: Directory not empty at C:/Strawberry221/perl/lib/File/Temp.pm line 1616.
cannot unlink file for C:\DOCUME~1\c\LOCALS~1\Temp\4m1TaSV2nM\test.db: Permission denied at C:/Strawberry221/perl/lib/File/Temp.pm line 1616.
cannot remove directory for C:\DOCUME~1\c\LOCALS~1\Temp\4m1TaSV2nM: Directory not empty at C:/Strawberry221/perl/lib/File/Temp.pm line 1616.
cannot unlink file for C:\DOCUME~1\c\LOCALS~1\Temp\AIae23Acgm\test.db: Permission denied at C:/Strawberry221/perl/lib/File/Temp.pm line 1616.
cannot remove directory for C:\DOCUME~1\c\LOCALS~1\Temp\AIae23Acgm: Directory not empty at C:/Strawberry221/perl/lib/File/Temp.pm line 1616.
t/bin/ysql.t ............................. ok
Use of uninitialized value in subroutine entry at C:\STRAWB~1\cpan\build\IO-Async-0.77-ioI01e/blib/lib/IO/Async/OS.pm line 39.
        # Child (filename) exited without calling finalize()
    
    #   Failed test 'filename'
    #   at C:/Strawberry221/perl/lib/Test/Builder.pm line 279.
Your vendor has not defined Fcntl macro F_GETFL, used at C:\STRAWB~1\cpan\build\ETL-Yertl-0.044-jJrSF7\blib\lib/ETL/Yertl/FormatStream.pm line 65
    # Child (DOC -> JSON) exited without calling finalize()

#   Failed test 'DOC -> JSON'
#   at C:/Strawberry221/perl/lib/Test/Builder.pm line 279.
# Tests were run but no plan was declared and done_testing() was not seen.
# Looks like your test exited with 255 just after 2.
t/bin/yto.t .............................. 
Dubious, test returned 255 (wstat 65280, 0xff00)
Failed 1/2 subtests 
Use of uninitialized value in subroutine entry at C:\STRAWB~1\cpan\build\IO-Async-0.77-ioI01e/blib/lib/IO/Async/OS.pm line 39.
t/bin/yts.t .............................. ok
Use of uninitialized value in subroutine entry at C:\STRAWB~1\cpan\build\IO-Async-0.77-ioI01e/blib/lib/IO/Async/OS.pm line 39.
            # Child (filename) exited without calling finalize()
        
        #   Failed test 'filename'
        #   at C:/Strawberry221/perl/lib/Test/Builder.pm line 279.
        # Child (use pattern) exited without calling finalize()
    
    #   Failed test 'use pattern'
    #   at C:/Strawberry221/perl/lib/Test/Builder.pm line 279.
Your vendor has not defined Fcntl macro F_GETFL, used at C:\STRAWB~1\cpan\build\ETL-Yertl-0.044-jJrSF7\blib\lib/ETL/Yertl/FormatStream.pm line 65
    # Child (plain pattern) exited without calling finalize()

#   Failed test 'plain pattern'
#   at C:/Strawberry221/perl/lib/Test/Builder.pm line 279.
# Tests were run but no plan was declared and done_testing() was not seen.
# Looks like your test exited with 255 just after 1.
t/command/ygrok/edit_patterns.t .......... 
Dubious, test returned 255 (wstat 65280, 0xff00)
Failed 1/1 subtests 
Use of uninitialized value in subroutine entry at C:\STRAWB~1\cpan\build\IO-Async-0.77-ioI01e/blib/lib/IO/Async/OS.pm line 39.
        # Child (filename) exited without calling finalize()
    
    #   Failed test 'filename'
    #   at C:/Strawberry221/perl/lib/Test/Builder.pm line 279.
Your vendor has not defined Fcntl macro F_GETFL, used at C:\STRAWB~1\cpan\build\ETL-Yertl-0.044-jJrSF7\blib\lib/ETL/Yertl/FormatStream.pm line 65
    # Child (http combined log format) exited without calling finalize()

#   Failed test 'http combined log format'
#   at C:/Strawberry221/perl/lib/Test/Builder.pm line 279.
# Tests were run but no plan was declared and done_testing() was not seen.
# Looks like your test exited with 255 just after 1.
t/command/ygrok/pattern/http_combined.t .. 
Dubious, test returned 255 (wstat 65280, 0xff00)
Failed 1/1 subtests 
Use of uninitialized value in subroutine entry at C:\STRAWB~1\cpan\build\IO-Async-0.77-ioI01e/blib/lib/IO/Async/OS.pm line 39.
        # Child (filename) exited without calling finalize()
    
    #   Failed test 'filename'
    #   at C:/Strawberry221/perl/lib/Test/Builder.pm line 279.
Your vendor has not defined Fcntl macro F_GETFL, used at C:\STRAWB~1\cpan\build\ETL-Yertl-0.044-jJrSF7\blib\lib/ETL/Yertl/FormatStream.pm line 65
    # Child (http common log format) exited without calling finalize()

#   Failed test 'http common log format'
#   at C:/Strawberry221/perl/lib/Test/Builder.pm line 279.
# Tests were run but no plan was declared and done_testing() was not seen.
# Looks like your test exited with 255 just after 1.
t/command/ygrok/pattern/http_common.t .... 
Dubious, test returned 255 (wstat 65280, 0xff00)
Failed 1/1 subtests 
Use of uninitialized value in subroutine entry at C:\STRAWB~1\cpan\build\IO-Async-0.77-ioI01e/blib/lib/IO/Async/OS.pm line 39.
        # Child (filename) exited without calling finalize()
    
    #   Failed test 'filename'
    #   at C:/Strawberry221/perl/lib/Test/Builder.pm line 279.
Your vendor has not defined Fcntl macro F_GETFL, used at C:\STRAWB~1\cpan\build\ETL-Yertl-0.044-jJrSF7\blib\lib/ETL/Yertl/FormatStream.pm line 65
    # Child (/proc/loadavg) exited without calling finalize()

#   Failed test '/proc/loadavg'
#   at C:/Strawberry221/perl/lib/Test/Builder.pm line 279.
# Tests were run but no plan was declared and done_testing() was not seen.
# Looks like your test exited with 255 just after 1.
t/command/ygrok/pattern/linux_proc.t ..... 
Dubious, test returned 255 (wstat 65280, 0xff00)
Failed 1/1 subtests 
Use of uninitialized value in subroutine entry at C:\STRAWB~1\cpan\build\IO-Async-0.77-ioI01e/blib/lib/IO/Async/OS.pm line 39.
        # Child (filename) exited without calling finalize()
    
    #   Failed test 'filename'
    #   at C:/Strawberry221/perl/lib/Test/Builder.pm line 279.
Your vendor has not defined Fcntl macro F_GETFL, used at C:\STRAWB~1\cpan\build\ETL-Yertl-0.044-jJrSF7\blib\lib/ETL/Yertl/FormatStream.pm line 65
    # Child (ls -l) exited without calling finalize()

#   Failed test 'ls -l'
#   at C:/Strawberry221/perl/lib/Test/Builder.pm line 279.
# Tests were run but no plan was declared and done_testing() was not seen.
# Looks like your test exited with 255 just after 1.
t/command/ygrok/pattern/ls-l.t ........... 
Dubious, test returned 255 (wstat 65280, 0xff00)
Failed 1/1 subtests 
Use of uninitialized value in subroutine entry at C:\STRAWB~1\cpan\build\IO-Async-0.77-ioI01e/blib/lib/IO/Async/OS.pm line 39.
            # Child (filename) exited without calling finalize()
        
        #   Failed test 'filename'
        #   at C:/Strawberry221/perl/lib/Test/Builder.pm line 279.
        # Child (Mac OSX) exited without calling finalize()
    
    #   Failed test 'Mac OSX'
    #   at C:/Strawberry221/perl/lib/Test/Builder.pm line 279.
Your vendor has not defined Fcntl macro F_GETFL, used at C:\STRAWB~1\cpan\build\ETL-Yertl-0.044-jJrSF7\blib\lib/ETL/Yertl/FormatStream.pm line 65
    # Child (ps -u) exited without calling finalize()

#   Failed test 'ps -u'
#   at C:/Strawberry221/perl/lib/Test/Builder.pm line 279.
# Tests were run but no plan was declared and done_testing() was not seen.
# Looks like your test exited with 255 just after 1.
t/command/ygrok/pattern/ps-u.t ........... 
Dubious, test returned 255 (wstat 65280, 0xff00)
Failed 1/1 subtests 
Use of uninitialized value in subroutine entry at C:\STRAWB~1\cpan\build\IO-Async-0.77-ioI01e/blib/lib/IO/Async/OS.pm line 39.
            # Child (filename) exited without calling finalize()
        
        #   Failed test 'filename'
        #   at C:/Strawberry221/perl/lib/Test/Builder.pm line 279.
        # Child (Mac OSX) exited without calling finalize()
    
    #   Failed test 'Mac OSX'
    #   at C:/Strawberry221/perl/lib/Test/Builder.pm line 279.
Your vendor has not defined Fcntl macro F_GETFL, used at C:\STRAWB~1\cpan\build\ETL-Yertl-0.044-jJrSF7\blib\lib/ETL/Yertl/FormatStream.pm line 65
    # Child (ps -x) exited without calling finalize()

#   Failed test 'ps -x'
#   at C:/Strawberry221/perl/lib/Test/Builder.pm line 279.
# Tests were run but no plan was declared and done_testing() was not seen.
# Looks like your test exited with 255 just after 1.
t/command/ygrok/pattern/ps-x.t ........... 
Dubious, test returned 255 (wstat 65280, 0xff00)
Failed 1/1 subtests 
Use of uninitialized value in subroutine entry at C:\STRAWB~1\cpan\build\IO-Async-0.77-ioI01e/blib/lib/IO/Async/OS.pm line 39.
            # Child (filename) exited without calling finalize()
        
        #   Failed test 'filename'
        #   at C:/Strawberry221/perl/lib/Test/Builder.pm line 279.
        # Child (Mac OSX) exited without calling finalize()
    
    #   Failed test 'Mac OSX'
    #   at C:/Strawberry221/perl/lib/Test/Builder.pm line 279.
Your vendor has not defined Fcntl macro F_GETFL, used at C:\STRAWB~1\cpan\build\ETL-Yertl-0.044-jJrSF7\blib\lib/ETL/Yertl/FormatStream.pm line 65
    # Child (ps) exited without calling finalize()

#   Failed test 'ps'
#   at C:/Strawberry221/perl/lib/Test/Builder.pm line 279.
# Tests were run but no plan was declared and done_testing() was not seen.
# Looks like your test exited with 255 just after 1.
t/command/ygrok/pattern/ps.t ............. 
Dubious, test returned 255 (wstat 65280, 0xff00)
Failed 1/1 subtests 
Use of uninitialized value in subroutine entry at C:\STRAWB~1\cpan\build\IO-Async-0.77-ioI01e/blib/lib/IO/Async/OS.pm line 39.
        # Child (filename) exited without calling finalize()
    
    #   Failed test 'filename'
    #   at C:/Strawberry221/perl/lib/Test/Builder.pm line 279.
Your vendor has not defined Fcntl macro F_GETFL, used at C:\STRAWB~1\cpan\build\ETL-Yertl-0.044-jJrSF7\blib\lib/ETL/Yertl/FormatStream.pm line 65
    # Child (syslog) exited without calling finalize()

#   Failed test 'syslog'
#   at C:/Strawberry221/perl/lib/Test/Builder.pm line 279.
# Tests were run but no plan was declared and done_testing() was not seen.
# Looks like your test exited with 255 just after 1.
t/command/ygrok/pattern/syslog.t ......... 
Dubious, test returned 255 (wstat 65280, 0xff00)
Failed 1/1 subtests 
Use of uninitialized value in subroutine entry at C:\STRAWB~1\cpan\build\IO-Async-0.77-ioI01e/blib/lib/IO/Async/OS.pm line 39.
t/command/yq/combinator.t ................ ok
Use of uninitialized value in subroutine entry at C:\STRAWB~1\cpan\build\IO-Async-0.77-ioI01e/blib/lib/IO/Async/OS.pm line 39.
t/command/yq/comparison.t ................ ok
Use of uninitialized value in subroutine entry at C:\STRAWB~1\cpan\build\IO-Async-0.77-ioI01e/blib/lib/IO/Async/OS.pm line 39.
t/command/yq/conditional.t ............... ok
Use of uninitialized value in subroutine entry at C:\STRAWB~1\cpan\build\IO-Async-0.77-ioI01e/blib/lib/IO/Async/OS.pm line 39.
t/command/yq/filter.t .................... ok
Use of uninitialized value in subroutine entry at C:\STRAWB~1\cpan\build\IO-Async-0.77-ioI01e/blib/lib/IO/Async/OS.pm line 39.
t/command/yq/functions.t ................. ok
Use of uninitialized value in subroutine entry at C:\STRAWB~1\cpan\build\IO-Async-0.77-ioI01e/blib/lib/IO/Async/OS.pm line 39.
t/command/yq/regression.t ................ ok
Use of uninitialized value in subroutine entry at C:\STRAWB~1\cpan\build\IO-Async-0.77-ioI01e/blib/lib/IO/Async/OS.pm line 39.
t/command/yq/values.t .................... ok
Use of uninitialized value in subroutine entry at C:\STRAWB~1\cpan\build\IO-Async-0.77-ioI01e/blib/lib/IO/Async/OS.pm line 39.
t/format.t ............................... ok
Use of uninitialized value in subroutine entry at C:\STRAWB~1\cpan\build\IO-Async-0.77-ioI01e/blib/lib/IO/Async/OS.pm line 39.
t/format/csv.t ........................... ok
Use of uninitialized value in subroutine entry at C:\STRAWB~1\cpan\build\IO-Async-0.77-ioI01e/blib/lib/IO/Async/OS.pm line 39.
Prototype mismatch: sub main::decode_json ($) vs none at C:/Strawberry221/perl/lib/Exporter.pm line 66.
 at (eval 35) line 1.
t/format/json.t .......................... ok
Use of uninitialized value in subroutine entry at C:\STRAWB~1\cpan\build\IO-Async-0.77-ioI01e/blib/lib/IO/Async/OS.pm line 39.
t/format/yaml.t .......................... ok
Use of uninitialized value in subroutine entry at C:\STRAWB~1\cpan\build\IO-Async-0.77-ioI01e/blib/lib/IO/Async/OS.pm line 39.
        # Child (write_handle and write()) exited without calling finalize()
    
    #   Failed test 'write_handle and write()'
    #   at C:/Strawberry221/perl/lib/Test/Builder.pm line 279.
Your vendor has not defined Fcntl macro F_GETFL, used at C:\STRAWB~1\cpan\build\ETL-Yertl-0.044-jJrSF7\blib\lib/ETL/Yertl/FormatStream.pm line 65
    # Child (default format) exited without calling finalize()

#   Failed test 'default format'
#   at C:/Strawberry221/perl/lib/Test/Builder.pm line 279.
# Tests were run but no plan was declared and done_testing() was not seen.
# Looks like your test exited with 25 just after 1.
t/format_stream.t ........................ 
Dubious, test returned 25 (wstat 6400, 0x1900)
Failed 1/1 subtests 
Use of uninitialized value in subroutine entry at C:\STRAWB~1\cpan\build\IO-Async-0.77-ioI01e/blib/lib/IO/Async/OS.pm line 39.
Your vendor has not defined Fcntl macro F_GETFL, used at C:\STRAWB~1\cpan\build\ETL-Yertl-0.044-jJrSF7\blib\lib/ETL/Yertl/FormatStream.pm line 65
    # Child (stdout) exited without calling finalize()

#   Failed test 'stdout'
#   at C:/Strawberry221/perl/lib/Test/Builder.pm line 279.
# Tests were run but no plan was declared and done_testing() was not seen.
# Looks like your test exited with 25 just after 4.
t/helpers.t .............................. 
Dubious, test returned 25 (wstat 6400, 0x1900)
Failed 1/4 subtests 
Use of uninitialized value in subroutine entry at C:\STRAWB~1\cpan\build\IO-Async-0.77-ioI01e/blib/lib/IO/Async/OS.pm line 39.
t/input_series.t ......................... ok
Use of uninitialized value in subroutine entry at C:\STRAWB~1\cpan\build\IO-Async-0.77-ioI01e/blib/lib/IO/Async/OS.pm line 39.
Your vendor has not defined Fcntl macro F_GETFL, used at C:\STRAWB~1\cpan\build\ETL-Yertl-0.044-jJrSF7\blib\lib/ETL/Yertl/FormatStream.pm line 65
    # Child (1: parse apache log with ygrok) exited without calling finalize()

#   Failed test '1: parse apache log with ygrok'
#   at C:/Strawberry221/perl/lib/Test/Builder.pm line 279.
# Tests were run but no plan was declared and done_testing() was not seen.
# Looks like your test exited with 255 just after 1.
t/integration/parse_apache_log.t ......... 
Dubious, test returned 255 (wstat 65280, 0xff00)
Failed 1/1 subtests 
Use of uninitialized value in subroutine entry at C:\STRAWB~1\cpan\build\IO-Async-0.77-ioI01e/blib/lib/IO/Async/OS.pm line 39.
Your vendor has not defined Fcntl macro F_GETFL, used at C:\STRAWB~1\cpan\build\ETL-Yertl-0.044-jJrSF7\blib\lib/ETL/Yertl/FormatStream.pm line 65
    # Child (transform with output) exited without calling finalize()

#   Failed test 'transform with output'
#   at C:/Strawberry221/perl/lib/Test/Builder.pm line 279.
# Tests were run but no plan was declared and done_testing() was not seen.
# Looks like your test exited with 25 just after 3.
t/transform.t ............................ 
Dubious, test returned 25 (wstat 6400, 0x1900)
Failed 1/3 subtests 

Test Summary Report
-------------------
t/bin/yfrom.t                          (Wstat: 65280 Tests: 2 Failed: 1)
  Failed test:  2
  Non-zero exit status: 255
  Parse errors: No plan found in TAP output
t/bin/ygrok.t                          (Wstat: 256 Tests: 2 Failed: 1)
  Failed test:  2
  Non-zero exit status: 1
t/bin/yq.t                             (Wstat: 65280 Tests: 3 Failed: 1)
  Failed test:  3
  Non-zero exit status: 255
  Parse errors: No plan found in TAP output
t/bin/yto.t                            (Wstat: 65280 Tests: 2 Failed: 1)
  Failed test:  2
  Non-zero exit status: 255
  Parse errors: No plan found in TAP output
t/command/ygrok/edit_patterns.t        (Wstat: 65280 Tests: 1 Failed: 1)
  Failed test:  1
  Non-zero exit status: 255
  Parse errors: No plan found in TAP output
t/command/ygrok/pattern/http_combined.t (Wstat: 65280 Tests: 1 Failed: 1)
  Failed test:  1
  Non-zero exit status: 255
  Parse errors: No plan found in TAP output
t/command/ygrok/pattern/http_common.t  (Wstat: 65280 Tests: 1 Failed: 1)
  Failed test:  1
  Non-zero exit status: 255
  Parse errors: No plan found in TAP output
t/command/ygrok/pattern/linux_proc.t   (Wstat: 65280 Tests: 1 Failed: 1)
  Failed test:  1
  Non-zero exit status: 255
  Parse errors: No plan found in TAP output
t/command/ygrok/pattern/ls-l.t         (Wstat: 65280 Tests: 1 Failed: 1)
  Failed test:  1
  Non-zero exit status: 255
  Parse errors: No plan found in TAP output
t/command/ygrok/pattern/ps-u.t         (Wstat: 65280 Tests: 1 Failed: 1)
  Failed test:  1
  Non-zero exit status: 255
  Parse errors: No plan found in TAP output
t/command/ygrok/pattern/ps-x.t         (Wstat: 65280 Tests: 1 Failed: 1)
  Failed test:  1
  Non-zero exit status: 255
  Parse errors: No plan found in TAP output
t/command/ygrok/pattern/ps.t           (Wstat: 65280 Tests: 1 Failed: 1)
  Failed test:  1
  Non-zero exit status: 255
  Parse errors: No plan found in TAP output
t/command/ygrok/pattern/syslog.t       (Wstat: 65280 Tests: 1 Failed: 1)
  Failed test:  1
  Non-zero exit status: 255
  Parse errors: No plan found in TAP output
t/format_stream.t                      (Wstat: 6400 Tests: 1 Failed: 1)
  Failed test:  1
  Non-zero exit status: 25
  Parse errors: No plan found in TAP output
t/helpers.t                            (Wstat: 6400 Tests: 4 Failed: 1)
  Failed test:  4
  Non-zero exit status: 25
  Parse errors: No plan found in TAP output
t/integration/parse_apache_log.t       (Wstat: 65280 Tests: 1 Failed: 1)
  Failed test:  1
  Non-zero exit status: 255
  Parse errors: No plan found in TAP output
t/transform.t                          (Wstat: 6400 Tests: 3 Failed: 1)
  Failed test:  3
  Non-zero exit status: 25
  Parse errors: No plan found in TAP output
Files=35, Tests=105, 56 wallclock secs ( 0.23 usr +  0.24 sys =  0.47 CPU)
Result: FAIL
Failed 17/35 test programs. 17/105 subtests failed.
dmake.exe:  Error code 153, while making 'test_dynamic'

------------------------------
PREREQUISITES
------------------------------

Prerequisite modules loaded:

requires:

    Module              Need       Have      
    ------------------- ---------- ----------
    boolean             0          0.45      
    File::HomeDir       0          1.00      
    File::Spec          0          3.62      
    Getopt::Long        2.36       2.48      
    Hash::Merge::Simple 0          0.051     
    Import::Base        0.010      1.004     
    IO::Async           0.77       0.77      
    IO::Interactive     0          1.021     
    JSON::MaybeXS       0          1.003005  
    List::Util          0          1.45      
    Module::Runtime     0          0.014     
    Net::Async::HTTP    0          0.47      
    Path::Tiny          0.072      0.084     
    perl                5.010      5.022001  
    Pod::Usage::Return  0          0.003     
    Regexp::Common      2013031301 2016020301
    SQL::Abstract       0          1.81      
    Time::Local         0          1.2300    
    Time::Piece         0          1.31      
    URI                 0          1.71      
    YAML::Tiny          0          1.69      

build_requires:

    Module              Need       Have      
    ------------------- ---------- ----------
    Capture::Tiny       0          0.36      
    Dir::Self           0          0.11      
    ExtUtils::MakeMaker 0          7.10      
    File::Spec          0          3.62      
    Future              0          0.33      
    IO::Handle          0          1.35      
    IPC::Open3          0          1.18      
    JSON::PP            0          2.27300   
    Mock::MonkeyPatch   0          0.04      
    Test::Deep          0          1.120     
    Test::Differences   0          0.64      
    Test::Exception     0          0.43      
    Test::Lib           0          0.002     
    Test::More          1.001005   1.001014  

configure_requires:

    Module              Need       Have      
    ------------------- ---------- ----------
    ExtUtils::MakeMaker 0          7.10      


------------------------------
ENVIRONMENT AND OTHER CONTEXT
------------------------------

Environment variables:

    AUTOMATED_TESTING = 1
    COMSPEC = C:\WINDOWS\system32\cmd.exe
    NUMBER_OF_PROCESSORS = 1
    PATH = C:\WINDOWS\system32;C:\WINDOWS;C:\WINDOWS\System32\Wbem;C:\Strawberry221\c\bin;C:\Strawberry221\perl\site\bin;C:\Strawberry221\perl\bin;C:\Git\cmd
    PERL5LIB = C:\STRAWB~1\cpan\build\Pod-Usage-Return-0.003-yUeJw9/blib/arch;C:\STRAWB~1\cpan\build\Pod-Usage-Return-0.003-yUeJw9/blib/lib;C:\STRAWB~1\cpan\build\Net-Async-HTTP-0.47-Q50PVX/blib/arch;C:\STRAWB~1\cpan\build\Net-Async-HTTP-0.47-Q50PVX/blib/lib;C:\STRAWB~1\cpan\build\IO-Async-0.77-ioI01e/blib/arch;C:\STRAWB~1\cpan\build\IO-Async-0.77-ioI01e/blib/lib;C:\STRAWB~1\cpan\build\Test-Metrics-Any-0.01-V3BTzB/blib/arch;C:\STRAWB~1\cpan\build\Test-Metrics-Any-0.01-V3BTzB/blib/lib;C:\STRAWB~1\cpan\build\Metrics-Any-0.06-gs2Tnh/blib/arch;C:\STRAWB~1\cpan\build\Metrics-Any-0.06-gs2Tnh/blib/lib;C:\STRAWB~1\cpan\build\Test-Lib-0.002-EToatO/blib/arch;C:\STRAWB~1\cpan\build\Test-Lib-0.002-EToatO/blib/lib;C:\STRAWB~1\cpan\build\Import-Base-1.004-GeWvgh/blib/arch;C:\STRAWB~1\cpan\build\Import-Base-1.004-GeWvgh/blib/lib;C:\STRAWB~1\cpan\build\Mock-MonkeyPatch-0.04-Zmu8Hv/blib/arch;C:\STRAWB~1\cpan\build\Mock-MonkeyPatch-0.04-Zmu8Hv/blib/lib
    PERL5OPT = 
    PERL5_CPANPLUS_IS_RUNNING = 1188
    PERL5_CPAN_IS_RUNNING = 1188
    PERL5_CPAN_IS_RUNNING_IN_RECURSION = 880,1188
    PERL_CR_SMOKER_CURRENT = ETL-Yertl-0.044
    PERL_CR_SMOKER_RUNONCE = 1
    PERL_EXTUTILS_AUTOINSTALL = --defaultdeps
    PERL_HASH_SEED = 0x11111111
    PERL_MM_USE_DEFAULT = 1
    PROCESSOR_IDENTIFIER = x86 Family 16 Model 5 Stepping 3, AuthenticAMD
    TEMP = C:\DOCUME~1\c\LOCALS~1\Temp

Perl special variables (and OS-specific diagnostics, for MSWin32):

    $^X = C:\Strawberry221\perl\bin\perl.exe
    $UID/$EUID = 0 / 0
    $GID = 0
    $EGID = 0
    Win32::GetOSName = WinXP/.Net
    Win32::GetOSVersion = Service Pack 3, 5, 1, 2600, 2, 3, 0, 256, 1
    Win32::FsType = NTFS
    Win32::IsAdminUser = 1

Perl module toolchain versions installed:

    Module              Have    
    ------------------- --------
    CPAN                2.11    
    CPAN::Meta          2.150005
    Cwd                 3.62    
    ExtUtils::CBuilder  0.280224
    ExtUtils::Command   7.10    
    ExtUtils::Install   2.04    
    ExtUtils::MakeMaker 7.10    
    ExtUtils::Manifest  1.70    
    ExtUtils::ParseXS   3.30    
    File::Spec          3.62    
    JSON                2.90    
    JSON::PP            2.27300 
    Module::Build       0.4216  
    Module::Signature   0.79    
    Parse::CPAN::Meta   1.4417  
    Test::Harness       3.36    
    Test::More          1.001014
    YAML                1.15    
    YAML::Syck          1.29    
    version             0.9916  


--

Summary of my perl5 (revision 5 version 22 subversion 1) configuration:
   
  Platform:
    osname=MSWin32, osvers=4.0, archname=MSWin32-x86-multi-thread-64int
    uname='Win32 strawberry-perl 5.22.1.4 #1 Sat Mar 26 14:08:02 2016 i386'
    config_args='undef'
    hint=recommended, useposix=true, d_sigaction=undef
    useithreads=define, usemultiplicity=define
    use64bitint=define, use64bitall=undef, uselongdouble=undef
    usemymalloc=n, bincompat5005=undef
  Compiler:
    cc='gcc', ccflags =' -s -O2 -DWIN32  -DPERL_TEXTMODE_SCRIPTS -DPERL_IMPLICIT_CONTEXT -DPERL_IMPLICIT_SYS -fwrapv -fno-strict-aliasing -mms-bitfields',
    optimize='-s -O2',
    cppflags='-DWIN32'
    ccversion='', gccversion='4.9.2', gccosandvers=''
    intsize=4, longsize=4, ptrsize=4, doublesize=8, byteorder=12345678, doublekind=3
    d_longlong=define, longlongsize=8, d_longdbl=define, longdblsize=12, longdblkind=3
    ivtype='long long', ivsize=8, nvtype='double', nvsize=8, Off_t='long long', lseeksize=8
    alignbytes=8, prototype=define
  Linker and Libraries:
    ld='g++', ldflags ='-s -L"C:\STRAWB~1\perl\lib\CORE" -L"C:\STRAWB~1\c\lib"'
    libpth=C:\STRAWB~1\c\lib C:\STRAWB~1\c\i686-w64-mingw32\lib C:\STRAWB~1\c\lib\gcc\i686-w64-mingw32\4.9.2
    libs=-lmoldname -lkernel32 -luser32 -lgdi32 -lwinspool -lcomdlg32 -ladvapi32 -lshell32 -lole32 -loleaut32 -lnetapi32 -luuid -lws2_32 -lmpr -lwinmm -lversion -lodbc32 -lodbccp32 -lcomctl32
    perllibs=-lmoldname -lkernel32 -luser32 -lgdi32 -lwinspool -lcomdlg32 -ladvapi32 -lshell32 -lole32 -loleaut32 -lnetapi32 -luuid -lws2_32 -lmpr -lwinmm -lversion -lodbc32 -lodbccp32 -lcomctl32
    libc=, so=dll, useshrplib=true, libperl=libperl522.a
    gnulibc_version=''
  Dynamic Linking:
    dlsrc=dl_win32.xs, dlext=xs.dll, d_dlsymun=undef, ccdlflags=' '
    cccdlflags=' ', lddlflags='-mdll -s -L"C:\STRAWB~1\perl\lib\CORE" -L"C:\STRAWB~1\c\lib"'


Characteristics of this binary (from libperl): 
  Compile-time options: HAS_TIMES HAVE_INTERP_INTERN MULTIPLICITY
                        PERLIO_LAYERS PERL_DONT_CREATE_GVSV
                        PERL_HASH_FUNC_ONE_AT_A_TIME_HARD
                        PERL_IMPLICIT_CONTEXT PERL_IMPLICIT_SYS
                        PERL_MALLOC_WRAP PERL_NEW_COPY_ON_WRITE
                        PERL_PRESERVE_IVUV USE_64_BIT_INT USE_ITHREADS
                        USE_LARGE_FILES USE_LOCALE USE_LOCALE_COLLATE
                        USE_LOCALE_CTYPE USE_LOCALE_NUMERIC USE_LOCALE_TIME
                        USE_PERLIO USE_PERL_ATOF
  Built under MSWin32
  Compiled at Mar 26 2016 14:12:26
  %ENV:
    PERL5LIB="C:\STRAWB~1\cpan\build\Pod-Usage-Return-0.003-yUeJw9/blib/arch;C:\STRAWB~1\cpan\build\Pod-Usage-Return-0.003-yUeJw9/blib/lib;C:\STRAWB~1\cpan\build\Net-Async-HTTP-0.47-Q50PVX/blib/arch;C:\STRAWB~1\cpan\build\Net-Async-HTTP-0.47-Q50PVX/blib/lib;C:\STRAWB~1\cpan\build\IO-Async-0.77-ioI01e/blib/arch;C:\STRAWB~1\cpan\build\IO-Async-0.77-ioI01e/blib/lib;C:\STRAWB~1\cpan\build\Test-Metrics-Any-0.01-V3BTzB/blib/arch;C:\STRAWB~1\cpan\build\Test-Metrics-Any-0.01-V3BTzB/blib/lib;C:\STRAWB~1\cpan\build\Metrics-Any-0.06-gs2Tnh/blib/arch;C:\STRAWB~1\cpan\build\Metrics-Any-0.06-gs2Tnh/blib/lib;C:\STRAWB~1\cpan\build\Test-Lib-0.002-EToatO/blib/arch;C:\STRAWB~1\cpan\build\Test-Lib-0.002-EToatO/blib/lib;C:\STRAWB~1\cpan\build\Import-Base-1.004-GeWvgh/blib/arch;C:\STRAWB~1\cpan\build\Import-Base-1.004-GeWvgh/blib/lib;C:\STRAWB~1\cpan\build\Mock-MonkeyPatch-0.04-Zmu8Hv/blib/arch;C:\STRAWB~1\cpan\build\Mock-MonkeyPatch-0.04-Zmu8Hv/blib/lib"
    PERL5_CPANPLUS_IS_RUNNING="1188"
    PERL5_CPAN_IS_RUNNING="1188"
    PERL5_CPAN_IS_RUNNING_IN_RECURSION="880,1188"
    PERL_CR_SMOKER_CURRENT="ETL-Yertl-0.044"
    PERL_CR_SMOKER_RUNONCE="1"
    PERL_EXTUTILS_AUTOINSTALL="--defaultdeps"
    PERL_HASH_SEED="0x11111111"
    PERL_MM_USE_DEFAULT="1"
  @INC:
    C:\STRAWB~1\cpan\build\Pod-Usage-Return-0.003-yUeJw9/blib/arch
    C:\STRAWB~1\cpan\build\Pod-Usage-Return-0.003-yUeJw9/blib/lib
    C:\STRAWB~1\cpan\build\Net-Async-HTTP-0.47-Q50PVX/blib/arch
    C:\STRAWB~1\cpan\build\Net-Async-HTTP-0.47-Q50PVX/blib/lib
    C:\STRAWB~1\cpan\build\IO-Async-0.77-ioI01e/blib/arch
    C:\STRAWB~1\cpan\build\IO-Async-0.77-ioI01e/blib/lib
    C:\STRAWB~1\cpan\build\Test-Metrics-Any-0.01-V3BTzB/blib/arch
    C:\STRAWB~1\cpan\build\Test-Metrics-Any-0.01-V3BTzB/blib/lib
    C:\STRAWB~1\cpan\build\Metrics-Any-0.06-gs2Tnh/blib/arch
    C:\STRAWB~1\cpan\build\Metrics-Any-0.06-gs2Tnh/blib/lib
    C:\STRAWB~1\cpan\build\Test-Lib-0.002-EToatO/blib/arch
    C:\STRAWB~1\cpan\build\Test-Lib-0.002-EToatO/blib/lib
    C:\STRAWB~1\cpan\build\Import-Base-1.004-GeWvgh/blib/arch
    C:\STRAWB~1\cpan\build\Import-Base-1.004-GeWvgh/blib/lib
    C:\STRAWB~1\cpan\build\Mock-MonkeyPatch-0.04-Zmu8Hv/blib/arch
    C:\STRAWB~1\cpan\build\Mock-MonkeyPatch-0.04-Zmu8Hv/blib/lib
    C:/Strawberry221/perl/site/lib
    C:/Strawberry221/perl/vendor/lib
    C:/Strawberry221/perl/lib
    .