Report for Catalyst-Engine-Stomp-0.17

Back
From: metabase:user:d2c9f356-b46f-11df-9a90-20a83c0b7757
Subject: FAIL Catalyst-Engine-Stomp-0.17 v5.15.9 SunOS/Solaris
Date: 2012-04-17T22:31:12Z

This distribution has been tested as part of the CPAN Testers
project, supporting the Perl programming language.  See
http://wiki.cpantesters.org/ for more information or email
questions to cpan-testers-discuss@perl.org


--
Dear Paul Mooney,

This is a computer-generated report for Catalyst-Engine-Stomp-0.17
on perl 5.15.9, created by CPAN-Reporter-1.2006.

Thank you for uploading your work to CPAN.  However, there was a problem
testing your distribution.

If you think this report is invalid, please consult the CPAN Testers Wiki
for suggestions on how to avoid getting FAIL reports for missing library
or binary dependencies, unsupported operating systems, and so on:

http://wiki.cpantesters.org/wiki/CPANAuthorNotes

Sections of this report:

    * Tester comments
    * Program output
    * Prerequisites
    * Environment and other context

------------------------------
TESTER COMMENTS
------------------------------

Additional comments from tester:

this report is from an automated smoke testing program
and was not reviewed by a human for accuracy

------------------------------
PROGRAM OUTPUT
------------------------------

Output from '/usr/local/bin/make test':

PERL_DL_NONLAZY=1 /export/home/cpant4/perl5/perlbrew/perls/perl-5.15.9/bin/perl5.15.9 "-MExtUtils::Command::MM" "-e" "test_harness(0, 'inc', 'blib/lib', 'blib/arch')" t/00_use.t t/01_notabs.t t/02_pod.t t/03_pod_coverage.t t/10_good-message.t t/11_bad-action.t t/12_json-message.t t/13_message-driven-request.t t/14_message-catch-error.t t/15_utf8.t t/16_old_config.t t/17_new_style_subscriptions.t t/18_jmstype.t
t/00_use.t ...................... ok
t/01_notabs.t ................... skipped: NoTabs test only for developers.
t/02_pod.t ...................... skipped: set TEST_POD to enable this test
t/03_pod_coverage.t ............. skipped: set TEST_POD to enable this test
t/10_good-message.t ............. skipped: No ActiveMQ server installed by Alien::ActiveMQ, try running the "install-activemq" command
t/11_bad-action.t ............... skipped: No ActiveMQ server installed by Alien::ActiveMQ, try running the "install-activemq" command
t/12_json-message.t ............. skipped: No ActiveMQ server installed by Alien::ActiveMQ, try running the "install-activemq" command
Use of uninitialized value in string eq at /export/home/cpant4/perl5/perlbrew/perls/perl-5.15.9/lib/site_perl/5.15.9/Catalyst/Request.pm line 244.
Use of uninitialized value in string eq at /export/home/cpant4/perl5/perlbrew/perls/perl-5.15.9/lib/site_perl/5.15.9/Catalyst.pm line 1817.
[error] exception in deserialize: can't open temp file 0 at /export/home/cpant4/.cpan/build/Catalyst-Engine-Stomp-0.17-01qRAK/blib/lib/Catalyst/Controller/MessageDriven.pm line 100.

#   Failed test 'successful response'
#   at t/13_message-driven-request.t line 16.
Use of uninitialized value in string eq at /export/home/cpant4/perl5/perlbrew/perls/perl-5.15.9/lib/site_perl/5.15.9/Catalyst/Request.pm line 244.
Use of uninitialized value in string eq at /export/home/cpant4/perl5/perlbrew/perls/perl-5.15.9/lib/site_perl/5.15.9/Catalyst.pm line 1817.
[error] exception in deserialize: can't open temp file 0 at /export/home/cpant4/.cpan/build/Catalyst-Engine-Stomp-0.17-01qRAK/blib/lib/Catalyst/Controller/MessageDriven.pm line 100.
# Looks like you failed 1 test of 5.
t/13_message-driven-request.t ... 
Dubious, test returned 1 (wstat 256, 0x100)
Failed 1/5 subtests 
Use of uninitialized value in string eq at /export/home/cpant4/perl5/perlbrew/perls/perl-5.15.9/lib/site_perl/5.15.9/Catalyst/Request.pm line 244.
Use of uninitialized value in string eq at /export/home/cpant4/perl5/perlbrew/perls/perl-5.15.9/lib/site_perl/5.15.9/Catalyst.pm line 1817.
[error] exception in deserialize: can't open temp file 0 at /export/home/cpant4/.cpan/build/Catalyst-Engine-Stomp-0.17-01qRAK/blib/lib/Catalyst/Controller/MessageDriven.pm line 100.

#   Failed test 'successful response'
#   at t/14_message-catch-error.t line 33.
Use of uninitialized value in string eq at /export/home/cpant4/perl5/perlbrew/perls/perl-5.15.9/lib/site_perl/5.15.9/Catalyst/Request.pm line 244.
Use of uninitialized value in string eq at /export/home/cpant4/perl5/perlbrew/perls/perl-5.15.9/lib/site_perl/5.15.9/Catalyst.pm line 1817.
[error] exception in deserialize: can't open temp file 0 at /export/home/cpant4/.cpan/build/Catalyst-Engine-Stomp-0.17-01qRAK/blib/lib/Catalyst/Controller/MessageDriven.pm line 100.

#   Failed test 'successful error thrown'
#   at t/14_message-catch-error.t line 47.
# Looks like you failed 2 tests of 6.
t/14_message-catch-error.t ...... 
Dubious, test returned 2 (wstat 512, 0x200)
Failed 2/6 subtests 
t/15_utf8.t ..................... skipped: No ActiveMQ server installed by Alien::ActiveMQ, try running the "install-activemq" command
t/16_old_config.t ............... skipped: No ActiveMQ server installed by Alien::ActiveMQ, try running the "install-activemq" command
t/17_new_style_subscriptions.t .. skipped: No ActiveMQ server installed by Alien::ActiveMQ, try running the "install-activemq" command
t/18_jmstype.t .................. skipped: No ActiveMQ server installed by Alien::ActiveMQ, try running the "install-activemq" command

Test Summary Report
-------------------
t/13_message-driven-request.t (Wstat: 256 Tests: 5 Failed: 1)
  Failed test:  3
  Non-zero exit status: 1
t/14_message-catch-error.t    (Wstat: 512 Tests: 6 Failed: 2)
  Failed tests:  3, 6
  Non-zero exit status: 2
Files=13, Tests=12, 10 wallclock secs ( 0.17 usr  0.10 sys +  7.78 cusr  1.28 csys =  9.33 CPU)
Result: FAIL
Failed 2/13 test programs. 3/12 subtests failed.
make: *** [test_dynamic] Error 255

------------------------------
PREREQUISITES
------------------------------

Prerequisite modules loaded:

requires:

    Module                         Need    Have    
    ------------------------------ ------- --------
    Alien::ActiveMQ                0.00003 0.00004 
    Catalyst::Engine::Embeddable   v0.0.1  0.000003
    Catalyst::Plugin::ConfigLoader 0       0.30    
    Catalyst::Runtime              5.80004 5.90011 
    Data::Serializer               0.49    0.59    
    Moose                          0       2.0403  
    MooseX::Types                  0       0.31    
    MooseX::Workers                0.05    0.16    
    namespace::autoclean           0.05    0.13    
    Net::Stomp                     0.34    0.45    
    YAML                           0       0.80    
    YAML::XS                       0.32    0.38    

build_requires:

    Module                         Need    Have    
    ------------------------------ ------- --------
    Alien::ActiveMQ                0.00003 0.00004 
    Catalyst::Plugin::ConfigLoader 0       0.30    
    ExtUtils::MakeMaker            6.42    6.63_02 

configure_requires:

    Module                         Need    Have    
    ------------------------------ ------- --------
    ExtUtils::MakeMaker            6.42    6.63_02 


------------------------------
ENVIRONMENT AND OTHER CONTEXT
------------------------------

Environment variables:

    AUTOMATED_TESTING = 1
    LANG = C
    LD_LIBRARY_PATH = /usr/local/lib:
    MANPATH_WITHOUT_PERLBREW = 
    PATH = /export/home/cpant4/perl5/perlbrew/bin:/export/home/cpant4/perl5/perlbrew/perls/perl-5.15.9/bin:/export/home/cpant4/perl5/bin:/usr/local/bin:/usr/bin
    PATH_WITHOUT_PERLBREW = /export/home/cpant4/perl5/bin:/usr/local/bin:/usr/bin
    PERL5LIB = /export/home/cpant4/.cpan/build/Catalyst-Engine-Embeddable-0.000003-bcX_o5/blib/arch:/export/home/cpant4/.cpan/build/Catalyst-Engine-Embeddable-0.000003-bcX_o5/blib/lib:/export/home/cpant4/.cpan/build/MooseX-Workers-0.16-RdiU5k/blib/arch:/export/home/cpant4/.cpan/build/MooseX-Workers-0.16-RdiU5k/blib/lib:/export/home/cpant4/.cpan/build/Catalyst-Plugin-ConfigLoader-0.30-fjfWyi/blib/arch:/export/home/cpant4/.cpan/build/Catalyst-Plugin-ConfigLoader-0.30-fjfWyi/blib/lib:/export/home/cpant4/.cpan/build/Alien-ActiveMQ-0.00004-5gZCZa/blib/arch:/export/home/cpant4/.cpan/build/Alien-ActiveMQ-0.00004-5gZCZa/blib/lib:/export/home/cpant4/.cpan/build/Net-Stomp-0.45-TZO416/blib/arch:/export/home/cpant4/.cpan/build/Net-Stomp-0.45-TZO416/blib/lib:/export/home/cpant4/.cpan/build/Method-Signatures-Simple-1.02-p1QDQB/blib/arch:/export/home/cpant4/.cpan/build/Method-Signatures-Simple-1.02-p1QDQB/blib/lib:/export/home/cpant4/.cpan/build/IPC-Run-0.91-U2btmG/blib/arch:/export/home/cpant4/.cpan/build/IPC-Run-0.91-U2btmG/blib/lib
    PERL5OPT = 
    PERL5_CPANPLUS_IS_RUNNING = 13941
    PERL5_CPAN_IS_RUNNING = 13941
    PERL5_CPAN_IS_RUNNING_IN_RECURSION = 21019,13941
    PERLBREW_BASHRC_VERSION = 0.41
    PERLBREW_HOME = /export/home/cpant4/.perlbrew
    PERLBREW_MANPATH = /export/home/cpant4/perl5/perlbrew/perls/perl-5.15.9/man
    PERLBREW_PATH = /export/home/cpant4/perl5/perlbrew/bin:/export/home/cpant4/perl5/perlbrew/perls/perl-5.15.9/bin
    PERLBREW_PERL = perl-5.15.9
    PERLBREW_ROOT = /export/home/cpant4/perl5/perlbrew
    PERLBREW_VERSION = 0.41
    PERL_CR_SMOKER_CURRENT = Catalyst-Engine-Stomp-0.17
    PERL_EXTUTILS_AUTOINSTALL = --defaultdeps
    PERL_MM_USE_DEFAULT = 1
    SHELL = /bin/bash
    TERM = xterm

Perl special variables (and OS-specific diagnostics, for MSWin32):

    $^X = /export/home/cpant4/perl5/perlbrew/perls/perl-5.15.9/bin/perl5.15.9
    $UID/$EUID = 104 / 104
    $GID = 1 1
    $EGID = 1 1

Perl module toolchain versions installed:

    Module              Have    
    ------------------- --------
    CPAN                1.9800  
    CPAN::Meta          2.120921
    Cwd                 3.39_02 
    ExtUtils::CBuilder  0.280206
    ExtUtils::Command   1.17    
    ExtUtils::Install   1.58    
    ExtUtils::MakeMaker 6.63_02 
    ExtUtils::Manifest  1.61    
    ExtUtils::ParseXS   3.16    
    File::Spec          3.39_02 
    JSON                2.53    
    JSON::PP            2.27200 
    Module::Build       0.40    
    Module::Signature   n/a     
    Parse::CPAN::Meta   1.4404  
    Test::Harness       3.23    
    Test::More          0.98    
    YAML                0.80    
    YAML::Syck          1.20    
    version             0.97    


--

Summary of my perl5 (revision 5 version 15 subversion 9) configuration:
   
  Platform:
    osname=solaris, osvers=2.10, archname=i86pc-solaris-64int
    uname='sunos vmrz0046 5.10 generic_141445-09 i86pc i386 i86pc solaris '
    config_args='-de -Dprefix=/export/home/cpant4/perl5/perlbrew/perls/perl-5.15.9 -Dcc=gcc -Duse64bitint -Dusedevel -Dusedevel'
    hint=recommended, useposix=true, d_sigaction=define
    useithreads=undef, usemultiplicity=undef
    useperlio=define, d_sfio=undef, uselargefiles=define, usesocks=undef
    use64bitint=define, use64bitall=undef, uselongdouble=undef
    usemymalloc=n, bincompat5005=undef
  Compiler:
    cc='gcc', ccflags ='-DPTR_IS_LONG -fno-strict-aliasing -pipe -I/usr/local/include -D_LARGEFILE_SOURCE -D_FILE_OFFSET_BITS=64 -DPERL_USE_SAFE_PUTENV',
    optimize='-O',
    cppflags='-DPTR_IS_LONG -fno-strict-aliasing -pipe -I/usr/local/include'
    ccversion='', gccversion='3.4.6', gccosandvers='solaris2.10'
    intsize=4, longsize=4, ptrsize=4, doublesize=8, byteorder=12345678
    d_longlong=define, longlongsize=8, d_longdbl=define, longdblsize=12
    ivtype='long long', ivsize=8, nvtype='double', nvsize=8, Off_t='off_t', lseeksize=8
    alignbytes=4, prototype=define
  Linker and Libraries:
    ld='gcc', ldflags =' -L/usr/local/lib '
    libpth=/usr/local/lib /usr/lib /usr/ccs/lib
    libs=-lsocket -lnsl -lgdbm -ldl -lm -lc
    perllibs=-lsocket -lnsl -ldl -lm -lc
    libc=/lib/libc.so, so=so, useshrplib=false, libperl=libperl.a
    gnulibc_version=''
  Dynamic Linking:
    dlsrc=dl_dlopen.xs, dlext=so, d_dlsymun=undef, ccdlflags=' '
    cccdlflags='-fPIC', lddlflags='-G -L/usr/local/lib'


Characteristics of this binary (from libperl): 
  Compile-time options: HAS_TIMES PERLIO_LAYERS PERL_DONT_CREATE_GVSV
                        PERL_MALLOC_WRAP PERL_PRESERVE_IVUV PERL_USE_DEVEL
                        PERL_USE_SAFE_PUTENV USE_64_BIT_INT USE_LARGE_FILES
                        USE_LOCALE USE_LOCALE_COLLATE USE_LOCALE_CTYPE
                        USE_LOCALE_NUMERIC USE_PERLIO USE_PERL_ATOF
  Built under solaris
  Compiled at Apr 11 2012 15:23:49
  %ENV:
    PERL5LIB="/export/home/cpant4/.cpan/build/Catalyst-Engine-Embeddable-0.000003-bcX_o5/blib/arch:/export/home/cpant4/.cpan/build/Catalyst-Engine-Embeddable-0.000003-bcX_o5/blib/lib:/export/home/cpant4/.cpan/build/MooseX-Workers-0.16-RdiU5k/blib/arch:/export/home/cpant4/.cpan/build/MooseX-Workers-0.16-RdiU5k/blib/lib:/export/home/cpant4/.cpan/build/Catalyst-Plugin-ConfigLoader-0.30-fjfWyi/blib/arch:/export/home/cpant4/.cpan/build/Catalyst-Plugin-ConfigLoader-0.30-fjfWyi/blib/lib:/export/home/cpant4/.cpan/build/Alien-ActiveMQ-0.00004-5gZCZa/blib/arch:/export/home/cpant4/.cpan/build/Alien-ActiveMQ-0.00004-5gZCZa/blib/lib:/export/home/cpant4/.cpan/build/Net-Stomp-0.45-TZO416/blib/arch:/export/home/cpant4/.cpan/build/Net-Stomp-0.45-TZO416/blib/lib:/export/home/cpant4/.cpan/build/Method-Signatures-Simple-1.02-p1QDQB/blib/arch:/export/home/cpant4/.cpan/build/Method-Signatures-Simple-1.02-p1QDQB/blib/lib:/export/home/cpant4/.cpan/build/IPC-Run-0.91-U2btmG/blib/arch:/export/home/cpant4/.cpan/build/IPC-Run-0.91-U2btmG/blib/lib"
    PERL5OPT=""
    PERL5_CPANPLUS_IS_RUNNING="13941"
    PERL5_CPAN_IS_RUNNING="13941"
    PERL5_CPAN_IS_RUNNING_IN_RECURSION="21019,13941"
    PERLBREW_BASHRC_VERSION="0.41"
    PERLBREW_HOME="/export/home/cpant4/.perlbrew"
    PERLBREW_MANPATH="/export/home/cpant4/perl5/perlbrew/perls/perl-5.15.9/man"
    PERLBREW_PATH="/export/home/cpant4/perl5/perlbrew/bin:/export/home/cpant4/perl5/perlbrew/perls/perl-5.15.9/bin"
    PERLBREW_PERL="perl-5.15.9"
    PERLBREW_ROOT="/export/home/cpant4/perl5/perlbrew"
    PERLBREW_VERSION="0.41"
    PERL_CR_SMOKER_CURRENT="Catalyst-Engine-Stomp-0.17"
    PERL_EXTUTILS_AUTOINSTALL="--defaultdeps"
    PERL_MM_USE_DEFAULT="1"
  @INC:
    /export/home/cpant4/.cpan/build/Catalyst-Engine-Embeddable-0.000003-bcX_o5/blib/arch
    /export/home/cpant4/.cpan/build/Catalyst-Engine-Embeddable-0.000003-bcX_o5/blib/lib
    /export/home/cpant4/.cpan/build/MooseX-Workers-0.16-RdiU5k/blib/arch
    /export/home/cpant4/.cpan/build/MooseX-Workers-0.16-RdiU5k/blib/lib
    /export/home/cpant4/.cpan/build/Catalyst-Plugin-ConfigLoader-0.30-fjfWyi/blib/arch
    /export/home/cpant4/.cpan/build/Catalyst-Plugin-ConfigLoader-0.30-fjfWyi/blib/lib
    /export/home/cpant4/.cpan/build/Alien-ActiveMQ-0.00004-5gZCZa/blib/arch
    /export/home/cpant4/.cpan/build/Alien-ActiveMQ-0.00004-5gZCZa/blib/lib
    /export/home/cpant4/.cpan/build/Net-Stomp-0.45-TZO416/blib/arch
    /export/home/cpant4/.cpan/build/Net-Stomp-0.45-TZO416/blib/lib
    /export/home/cpant4/.cpan/build/Method-Signatures-Simple-1.02-p1QDQB/blib/arch
    /export/home/cpant4/.cpan/build/Method-Signatures-Simple-1.02-p1QDQB/blib/lib
    /export/home/cpant4/.cpan/build/IPC-Run-0.91-U2btmG/blib/arch
    /export/home/cpant4/.cpan/build/IPC-Run-0.91-U2btmG/blib/lib
    /export/home/cpant4/perl5/perlbrew/perls/perl-5.15.9/lib/site_perl/5.15.9/i86pc-solaris-64int
    /export/home/cpant4/perl5/perlbrew/perls/perl-5.15.9/lib/site_perl/5.15.9
    /export/home/cpant4/perl5/perlbrew/perls/perl-5.15.9/lib/5.15.9/i86pc-solaris-64int
    /export/home/cpant4/perl5/perlbrew/perls/perl-5.15.9/lib/5.15.9
    .