POE-Component-SSLify v1.012 Perl 5 v5.22.4 amd64-freebsd

Status
Fail
From
Slaven Rezić (SREZIC)
Dist
POE-Component-SSLify v1.012
Platform
Perl 5 v5.22.4 amd64-freebsd
Date
2019-02-24 21:34:59
ID
0981e374-387c-11e9-9120-a623ec5fb8e2
This distribution has been tested as part of the CPAN Testers
project, supporting the Perl programming language.  See
http://wiki.cpantesters.org/ for more information or email
questions to cpan-testers-discuss@perl.org


--
Dear Apocalypse,

This is a computer-generated report for POE-Component-SSLify-1.012
on perl 5.22.4, created by CPAN-Reporter-1.2018.

Thank you for uploading your work to CPAN.  However, there was a problem
testing your distribution.

If you think this report is invalid, please consult the CPAN Testers Wiki
for suggestions on how to avoid getting FAIL reports for missing library
or binary dependencies, unsupported operating systems, and so on:

http://wiki.cpantesters.org/wiki/CPANAuthorNotes

Sections of this report:

    * Tester comments
    * Program output
    * Prerequisites
    * Environment and other context

------------------------------
TESTER COMMENTS
------------------------------

Additional comments from tester:

none provided

------------------------------
PROGRAM OUTPUT
------------------------------

Output from './Build test':

t/00-compile.t ................ ok
# 
# Versions for all modules listed in MYMETA.json (including optional ones):
# 
# === Configure Requires ===
# 
#     Module               Want    Have
#     ------------------- ----- -------
#     ExtUtils::MakeMaker   any 7.04_02
#     Module::Build::Tiny 0.039   0.039
# 
# === Test Requires ===
# 
#     Module                          Want     Have
#     --------------------------- -------- --------
#     ExtUtils::MakeMaker              any  7.04_02
#     File::Spec                       any  3.56_02
#     File::Temp                       any   0.2304
#     IO::Handle                      1.28     1.35
#     IPC::Open3                       any     1.18
#     POE                            1.267    1.367
#     POE::Component::Client::TCP      any    1.367
#     POE::Component::Server::TCP      any    1.367
#     POE::Filter::Stream              any    1.367
#     Socket                           any    2.018
#     Test::FailWarnings               any    0.008
#     Test::More                  1.001002 1.302086
# 
# === Test Recommends ===
# 
#     Module         Want     Have
#     ---------- -------- --------
#     CPAN::Meta 2.120900 2.150001
# 
# === Runtime Requires ===
# 
#     Module        Want  Have
#     ------------ ----- -----
#     Exporter       any  5.72
#     IO::Handle    1.28  1.35
#     Net::SSLeay   1.36  1.81
#     POE          1.267 1.367
#     Scalar::Util   any  1.48
#     Symbol         any  1.07
#     Task::Weaken  1.03  1.04
#     parent         any 0.232
#     strict         any  1.09
#     warnings       any  1.34
# 
t/00-report-prereqs.t ......... ok
# 
# Net::SSLeay::ver_number is 0x100020af
# 	OpenSSL 1.0.2j  26 Sep 2016
# 	compiler: cc -I. -I.. -I../include  -fPIC -DOPENSSL_PIC -DOPENSSL_THREADS -pthread -D_THREAD_SAFE -D_REENTRANT -DDSO_DLFCN -DHAVE_DLFCN_H -DL_ENDIAN -O3 -Wall -O2 -pipe  -fstack-protector -fno-strict-aliasing
# 	built on: reproducible build, date unspecified
# 	platform: BSD-x86_64
# 	pogomips: 58541092
t/00-ssleay-info.t ............ ok
t/99_mire_test.t .............. skipped: AUTHOR TEST
t/apocalypse.t ................ skipped: Test::Apocalypse required for validating the distribution
t/connect_hook.t .............. ok
t/connect_hook_nodata.t ....... ok
t/connfail_client.t ........... ok
t/connfail_server.t ........... ok
t/renegotiate_client.t ........ ok
t/renegotiate_client_pings.t .. ok
t/renegotiate_server.t ........ ok
t/simple.t .................... ok
t/simple_large.t .............. ok
t/simple_parallel.t ........... ok

#   Failed test 'SERVER: SSLify_Options 71345: private key
# '
#   at t/simple_parallel_large.t line 54.

#   Failed test 'SERVER: Server_SSLify Please do SSLify_Options() first ( or pass in a $ctx object ) at /home/cpansand/.cpan/build/2019022422/POE-Component-SSLify-1.012-ENi6hE/blib/lib/POE/Component/SSLify.pm line 247.
# '
#   at t/simple_parallel_large.t line 57.
Can't use an undefined value as a symbol reference at /home/cpansand/.cpan/build/2019022422/POE-Component-SSLify-1.012-ENi6hE/blib/lib/POE/Component/SSLify.pm line 446.
# Tests were run but no plan was declared and done_testing() was not seen.
# Looks like your test exited with 22 just after 97.
t/simple_parallel_large.t ..... 
Dubious, test returned 22 (wstat 5632, 0x1600)
Failed 2/97 subtests 
t/simple_parallel_superbig.t .. skipped: AUTHOR TEST: Can't locate IO/Prompt/Tiny.pm in @INC (you may need to install the IO::Prompt::Tiny module) (@INC contains: /home/cpansand/.cpan/build/2019022422/POE-Component-SSLify-1.012-ENi6hE/blib/arch /home/cpansand/.cpan/build/2019022422/POE-Component-SSLify-1.012-ENi6hE/blib/lib /home/cpansand/.cpan/build/2019022422/POE-1.367-r1O7Pb/blib/arch /home/cpansand/.cpan/build/2019022422/POE-1.367-r1O7Pb/blib/lib /home/cpansand/.cpan/build/2019022422/IO-Pipely-0.005-5BSi5v/blib/arch /home/cpansand/.cpan/build/2019022422/IO-Pipely-0.005-5BSi5v/blib/lib /home/cpansand/.cpan/build/2019022422/POE-Test-Loops-1.360-k_Sgks/blib/arch /home/cpansand/.cpan/build/2019022422/POE-Test-Loops-1.360-k_Sgks/blib/lib /home/cpansand/.cpan/build/2019022422/Test-FailWarnings-0.008-xoVarW/blib/arch /home/cpansand/.cpan/build/2019022422/Test-FailWarnings-0.008-xoVarW/blib/lib /usr/perl5.22.4p/lib/site_perl/5.22.4/amd64-freebsd /usr/perl5.22.4p/lib/site_perl/5.22.4 /usr/perl5.22.4p/lib/5.22.4/amd64-freebsd /usr/perl5.22.4p/lib/5.22.4 .) at (eval 5) line 1.
t/simple_superbig.t ........... skipped: AUTHOR TEST: Can't locate IO/Prompt/Tiny.pm in @INC (you may need to install the IO::Prompt::Tiny module) (@INC contains: /home/cpansand/.cpan/build/2019022422/POE-Component-SSLify-1.012-ENi6hE/blib/arch /home/cpansand/.cpan/build/2019022422/POE-Component-SSLify-1.012-ENi6hE/blib/lib /home/cpansand/.cpan/build/2019022422/POE-1.367-r1O7Pb/blib/arch /home/cpansand/.cpan/build/2019022422/POE-1.367-r1O7Pb/blib/lib /home/cpansand/.cpan/build/2019022422/IO-Pipely-0.005-5BSi5v/blib/arch /home/cpansand/.cpan/build/2019022422/IO-Pipely-0.005-5BSi5v/blib/lib /home/cpansand/.cpan/build/2019022422/POE-Test-Loops-1.360-k_Sgks/blib/arch /home/cpansand/.cpan/build/2019022422/POE-Test-Loops-1.360-k_Sgks/blib/lib /home/cpansand/.cpan/build/2019022422/Test-FailWarnings-0.008-xoVarW/blib/arch /home/cpansand/.cpan/build/2019022422/Test-FailWarnings-0.008-xoVarW/blib/lib /usr/perl5.22.4p/lib/site_perl/5.22.4/amd64-freebsd /usr/perl5.22.4p/lib/site_perl/5.22.4 /usr/perl5.22.4p/lib/5.22.4/amd64-freebsd /usr/perl5.22.4p/lib/5.22.4 .) at (eval 5) line 1.
t/upgrade.t ................... ok

Test Summary Report
-------------------
t/renegotiate_client_pings.t (Wstat: 0 Tests: 22 Failed: 0)
  TODO passed:   15-17
t/simple_parallel_large.t   (Wstat: 5632 Tests: 97 Failed: 2)
  Failed tests:  96-97
  Non-zero exit status: 22
  Parse errors: No plan found in TAP output
Files=19, Tests=401,  4 wallclock secs ( 0.01 usr  0.09 sys +  1.11 cusr  2.08 csys =  3.29 CPU)
Result: FAIL

------------------------------
PREREQUISITES
------------------------------

Prerequisite modules loaded:

requires:

    Module                      Need     Have    
    --------------------------- -------- --------
    Exporter                    0        5.72    
    IO::Handle                  1.28     1.35    
    Net::SSLeay                 1.36     1.81    
    parent                      0        0.232   
    perl                        5.006    5.022004
    POE                         1.267    1.367   
    Scalar::Util                0        1.48    
    strict                      0        1.09    
    Symbol                      0        1.07    
    Task::Weaken                1.03     1.04    
    warnings                    0        1.34    

build_requires:

    Module                      Need     Have    
    --------------------------- -------- --------
    ExtUtils::MakeMaker         0        7.04_02 
    File::Spec                  0        3.56_02 
    File::Temp                  0        0.2304  
    IO::Handle                  1.28     1.35    
    IPC::Open3                  0        1.18    
    perl                        5.006    5.022004
    POE                         1.267    1.367   
    POE::Component::Client::TCP 0        1.367   
    POE::Component::Server::TCP 0        1.367   
    POE::Filter::Stream         0        1.367   
    Socket                      0        2.018   
    Test::FailWarnings          0        0.008   
    Test::More                  1.001002 1.302086

configure_requires:

    Module                      Need     Have    
    --------------------------- -------- --------
    ExtUtils::MakeMaker         0        7.04_02 
    Module::Build::Tiny         0.039    0.039   
    perl                        5.006    5.022004


------------------------------
ENVIRONMENT AND OTHER CONTEXT
------------------------------

Environment variables:

    LC_ALL = de_DE.ISO8859-1
    PATH = /usr/local/bin:/usr/bin:/bin:/usr/local/sbin:/usr/sbin:/sbin:/home/cpansand/bin/freebsd10.3:/home/cpansand/bin/sh:/home/cpansand/bin:/usr/games:/home/cpansand/devel:/home/eserte/src/srezic-misc/scripts
    PERL5LIB = /home/cpansand/.cpan/build/2019022422/POE-1.367-r1O7Pb/blib/arch:/home/cpansand/.cpan/build/2019022422/POE-1.367-r1O7Pb/blib/lib:/home/cpansand/.cpan/build/2019022422/IO-Pipely-0.005-5BSi5v/blib/arch:/home/cpansand/.cpan/build/2019022422/IO-Pipely-0.005-5BSi5v/blib/lib:/home/cpansand/.cpan/build/2019022422/POE-Test-Loops-1.360-k_Sgks/blib/arch:/home/cpansand/.cpan/build/2019022422/POE-Test-Loops-1.360-k_Sgks/blib/lib:/home/cpansand/.cpan/build/2019022422/Test-FailWarnings-0.008-xoVarW/blib/arch:/home/cpansand/.cpan/build/2019022422/Test-FailWarnings-0.008-xoVarW/blib/lib
    PERL5OPT = 
    PERL5_CPANPLUS_IS_RUNNING = 70708
    PERL5_CPAN_IS_RUNNING = 70708
    PERL5_CPAN_IS_RUNNING_IN_RECURSION = 69687,70708
    PERLDOC = -MPod::Perldoc::ToTextOverstrike
    PERL_BATCH = yes
    PERL_CANARY_STABILITY_NOPROMPT = 1
    PERL_CPAN_REPORTER_CONFIG = /var/tmp/cpansmoker-1023/2019022422/cpanreporter_000_config.ini
    PERL_EXTUTILS_AUTOINSTALL = --defaultdeps
    SHELL = /usr/local/bin/zsh
    TERM = screen
    TMPDIR = /var/tmp/cpansmoker-1023/2019022422

Perl special variables (and OS-specific diagnostics, for MSWin32):

    $^X = /usr/perl5.22.4p/bin/perl
    $UID/$EUID = 1023 / 1023
    $GID = 1023 1023
    $EGID = 1023 1023

Perl module toolchain versions installed:

    Module              Have      
    ------------------- ----------
    CPAN                2.11_01   
    CPAN::Meta          2.150001  
    Cwd                 3.56_02   
    ExtUtils::CBuilder  0.280221  
    ExtUtils::Command   1.20_01   
    ExtUtils::Install   2.04      
    ExtUtils::MakeMaker 7.04_02   
    ExtUtils::Manifest  1.70      
    ExtUtils::ParseXS   3.28      
    File::Spec          3.56_02   
    JSON                2.94      
    JSON::PP            2.27300_01
    Module::Build       0.4224    
    Module::Signature   n/a       
    Parse::CPAN::Meta   1.4414_001
    Test::Harness       3.35_01   
    Test::More          1.302086  
    YAML                1.23      
    YAML::Syck          1.30      
    version             0.9909    


--

Summary of my perl5 (revision 5 version 22 subversion 4) configuration:
   
  Platform:
    osname=freebsd, osvers=10.3-release-p11, archname=amd64-freebsd
    uname='freebsd cvrsnica-freebsd-101.herceg.de 10.3-release-p11 freebsd 10.3-release-p11 #0: mon oct 24 18:49:24 utc 2016 root@amd64-builder.daemonology.net:usrobjusrsrcsysgeneric amd64 '
    config_args='-ds -e -Dprefix=/usr/perl5.22.4p -Dcf_email=srezic@cpan.org -Doptimize=-O2 -pipe'
    hint=recommended, useposix=true, d_sigaction=define
    useithreads=undef, usemultiplicity=undef
    use64bitint=define, use64bitall=define, uselongdouble=undef
    usemymalloc=n, bincompat5005=undef
  Compiler:
    cc='cc', ccflags ='-DHAS_FPSETMASK -DHAS_FLOATINGPOINT_H -fno-strict-aliasing -pipe -fstack-protector -I/usr/local/include -D_FORTIFY_SOURCE=2',
    optimize='-O2 -pipe',
    cppflags='-DHAS_FPSETMASK -DHAS_FLOATINGPOINT_H -fno-strict-aliasing -pipe -fstack-protector -I/usr/local/include'
    ccversion='', gccversion='4.2.1 Compatible FreeBSD Clang 3.4.1 (tags/RELEASE_34/dot1-final 208032)', gccosandvers=''
    intsize=4, longsize=8, ptrsize=8, doublesize=8, byteorder=12345678, doublekind=3
    d_longlong=define, longlongsize=8, d_longdbl=define, longdblsize=16, longdblkind=3
    ivtype='long', ivsize=8, nvtype='double', nvsize=8, Off_t='off_t', lseeksize=8
    alignbytes=8, prototype=define
  Linker and Libraries:
    ld='cc', ldflags ='-pthread -Wl,-E  -fstack-protector -L/usr/local/lib'
    libpth=/usr/lib /usr/local/lib /usr/include/clang/3.4.1 /usr/lib
    libs=-lpthread -lgdbm -lm -lcrypt -lutil -lc
    perllibs=-lpthread -lm -lcrypt -lutil -lc
    libc=, so=so, useshrplib=false, libperl=libperl.a
    gnulibc_version=''
  Dynamic Linking:
    dlsrc=dl_dlopen.xs, dlext=so, d_dlsymun=undef, ccdlflags=' '
    cccdlflags='-DPIC -fPIC', lddlflags='-shared  -L/usr/local/lib -fstack-protector'


Characteristics of this binary (from libperl): 
  Compile-time options: HAS_TIMES PERLIO_LAYERS PERL_DONT_CREATE_GVSV
                        PERL_HASH_FUNC_ONE_AT_A_TIME_HARD PERL_MALLOC_WRAP
                        PERL_NEW_COPY_ON_WRITE PERL_PRESERVE_IVUV
                        USE_64_BIT_ALL USE_64_BIT_INT USE_LARGE_FILES
                        USE_LOCALE USE_LOCALE_COLLATE USE_LOCALE_CTYPE
                        USE_LOCALE_NUMERIC USE_LOCALE_TIME USE_PERLIO
                        USE_PERL_ATOF
  Built under freebsd
  Compiled at Jul 29 2017 11:44:10
  %ENV:
    PERL5LIB="/home/cpansand/.cpan/build/2019022422/POE-1.367-r1O7Pb/blib/arch:/home/cpansand/.cpan/build/2019022422/POE-1.367-r1O7Pb/blib/lib:/home/cpansand/.cpan/build/2019022422/IO-Pipely-0.005-5BSi5v/blib/arch:/home/cpansand/.cpan/build/2019022422/IO-Pipely-0.005-5BSi5v/blib/lib:/home/cpansand/.cpan/build/2019022422/POE-Test-Loops-1.360-k_Sgks/blib/arch:/home/cpansand/.cpan/build/2019022422/POE-Test-Loops-1.360-k_Sgks/blib/lib:/home/cpansand/.cpan/build/2019022422/Test-FailWarnings-0.008-xoVarW/blib/arch:/home/cpansand/.cpan/build/2019022422/Test-FailWarnings-0.008-xoVarW/blib/lib"
    PERL5OPT=""
    PERL5_CPANPLUS_IS_RUNNING="70708"
    PERL5_CPAN_IS_RUNNING="70708"
    PERL5_CPAN_IS_RUNNING_IN_RECURSION="69687,70708"
    PERLDOC="-MPod::Perldoc::ToTextOverstrike"
    PERL_BATCH="yes"
    PERL_CANARY_STABILITY_NOPROMPT="1"
    PERL_CPAN_REPORTER_CONFIG="/var/tmp/cpansmoker-1023/2019022422/cpanreporter_000_config.ini"
    PERL_EXTUTILS_AUTOINSTALL="--defaultdeps"
  @INC:
    /home/cpansand/.cpan/build/2019022422/POE-1.367-r1O7Pb/blib/arch
    /home/cpansand/.cpan/build/2019022422/POE-1.367-r1O7Pb/blib/lib
    /home/cpansand/.cpan/build/2019022422/IO-Pipely-0.005-5BSi5v/blib/arch
    /home/cpansand/.cpan/build/2019022422/IO-Pipely-0.005-5BSi5v/blib/lib
    /home/cpansand/.cpan/build/2019022422/POE-Test-Loops-1.360-k_Sgks/blib/arch
    /home/cpansand/.cpan/build/2019022422/POE-Test-Loops-1.360-k_Sgks/blib/lib
    /home/cpansand/.cpan/build/2019022422/Test-FailWarnings-0.008-xoVarW/blib/arch
    /home/cpansand/.cpan/build/2019022422/Test-FailWarnings-0.008-xoVarW/blib/lib
    /usr/perl5.22.4p/lib/site_perl/5.22.4/amd64-freebsd
    /usr/perl5.22.4p/lib/site_perl/5.22.4
    /usr/perl5.22.4p/lib/5.22.4/amd64-freebsd
    /usr/perl5.22.4p/lib/5.22.4
    .