Back
From: metabase:user:322078bc-2aae-11df-837a-5e0a49663a4f
Subject: FAIL Config-Merge-Dynamic-0.10 v5.14.0 OpenBSD
Date: 2011-09-09T17:06:20Z
This distribution has been tested as part of the CPAN Testers
project, supporting the Perl programming language. See
http://wiki.cpantesters.org/ for more information or email
questions to cpan-testers-discuss@perl.org
--
Dear MEETTYA,
This is a computer-generated error report created automatically by
CPANPLUS, version 0.9110. Testers personal comments may appear
at the end of this report.
Thank you for uploading your work to CPAN. However, it appears that
there were some problems testing your distribution.
TEST RESULTS:
Below is the error stack from stage 'make test':
[MSG] [Fri Sep 9 18:06:19 2011] Building Config-Merge-Dynamic
[ERROR] [Fri Sep 9 18:06:20 2011] MAKE TEST failed:
# Testing Config::Merge::Dynamic 0.1, Perl 5.014000, /home/cpan/pit/bare/perl-5.14.0/bin/perl
t/00-load.t ....... ok
Use of YAML::Syck or YAML to parse config files is DEPRECATED. Please install YAML::XS for proper YAML support at /home/cpan/pit/bare/conf/perl-5.14.0/.cpanplus/5.14.0/build/Config-Merge-1.01/blib/lib/Config/Merge.pm line 773
# Failed test 'new() died'
# at t/01-inject.t line 20.
# Error was: Error loading config file t/data/result.yaml:
#
# Can't locate YAML.pm in @INC (@INC contains: /home/cpan/pit/bare/conf/perl-5.14.0/.cpanplus/5.14.0/build/Config-Merge-Dynamic-0.10/blib/lib /home/cpan/pit/bare/conf/perl-5.14.0/.cpanplus/5.14.0/build/Config-Merge-Dynamic-0.10/blib/arch /home/cpan/pit/bare/conf/perl-5.14.0/.cpanplus/5.14.0/build/Config-Any-0.23/blib/lib /home/cpan/pit/bare/conf/perl-5.14.0/.cpanplus/5.14.0/build/Config-Any-0.23/blib/arch /home/cpan/pit/bare/conf/perl-5.14.0/.cpanplus/5.14.0/build/Config-Merge-1.01/blib/lib /home/cpan/pit/bare/conf/perl-5.14.0/.cpanplus/5.14.0/build/Config-Merge-1.01/blib/arch /home/cpan/pit/bare/conf/perl-5.14.0/.cpanplus/5.14.0/build/Data-Diver-1.0101/blib/lib /home/cpan/pit/bare/conf/perl-5.14.0/.cpanplus/5.14.0/build/Data-Diver-1.0101/blib/arch /home/cpan/pit/bare/perl-5.14.0/lib/site_perl/5.14.0/OpenBSD.i386-openbsd /home/cpan/pit/bare/perl-5.14.0/lib/site_perl/5.14.0 /home/cpan/pit/bare/perl-5.14.0/lib/5.14.0/OpenBSD.i386-openbsd /home/cpan/pit/bare/perl-5.14.0/lib/5.14.0) at /home/cpan/pit/bare/conf/perl-5.14.0/.cpanplus/5.14.0/build/Config-Any-0.23/blib/lib/Config/Any/YAML.pm line 68.
Use of uninitialized value in subroutine entry at t/01-inject.t line 23.
Undefined subroutine &main:: called at t/01-inject.t line 23.
# Looks like you planned 10 tests but ran 2.
# Looks like you failed 1 test of 2 run.
# Looks like your test exited with 255 just after 2.
t/01-inject.t .....
Dubious, test returned 255 (wstat 65280, 0xff00)
Failed 9/10 subtests
Use of YAML::Syck or YAML to parse config files is DEPRECATED. Please install YAML::XS for proper YAML support at /home/cpan/pit/bare/conf/perl-5.14.0/.cpanplus/5.14.0/build/Config-Merge-1.01/blib/lib/Config/Merge.pm line 773
# Failed test 'new() died'
# at t/02-move.t line 20.
# Error was: Error loading config file t/data/result.yaml:
#
# Can't locate YAML.pm in @INC (@INC contains: /home/cpan/pit/bare/conf/perl-5.14.0/.cpanplus/5.14.0/build/Config-Merge-Dynamic-0.10/blib/lib /home/cpan/pit/bare/conf/perl-5.14.0/.cpanplus/5.14.0/build/Config-Merge-Dynamic-0.10/blib/arch /home/cpan/pit/bare/conf/perl-5.14.0/.cpanplus/5.14.0/build/Config-Any-0.23/blib/lib /home/cpan/pit/bare/conf/perl-5.14.0/.cpanplus/5.14.0/build/Config-Any-0.23/blib/arch /home/cpan/pit/bare/conf/perl-5.14.0/.cpanplus/5.14.0/build/Config-Merge-1.01/blib/lib /home/cpan/pit/bare/conf/perl-5.14.0/.cpanplus/5.14.0/build/Config-Merge-1.01/blib/arch /home/cpan/pit/bare/conf/perl-5.14.0/.cpanplus/5.14.0/build/Data-Diver-1.0101/blib/lib /home/cpan/pit/bare/conf/perl-5.14.0/.cpanplus/5.14.0/build/Data-Diver-1.0101/blib/arch /home/cpan/pit/bare/perl-5.14.0/lib/site_perl/5.14.0/OpenBSD.i386-openbsd /home/cpan/pit/bare/perl-5.14.0/lib/site_perl/5.14.0 /home/cpan/pit/bare/perl-5.14.0/lib/5.14.0/OpenBSD.i386-openbsd /home/cpan/pit/bare/perl-5.14.0/lib/5.14.0) at /home/cpan/pit/bare/conf/perl-5.14.0/.cpanplus/5.14.0/build/Config-Any-0.23/blib/lib/Config/Any/YAML.pm line 68.
Can't call method "move" on an undefined value at t/02-move.t line 23.
# Looks like you planned 8 tests but ran 2.
# Looks like you failed 1 test of 2 run.
# Looks like your test exited with 255 just after 2.
t/02-move.t .......
Dubious, test returned 255 (wstat 65280, 0xff00)
Failed 7/8 subtests
t/boilerplate.t ... ok
t/manifest.t ...... skipped: Author tests not required for installation
t/pod-coverage.t .. skipped: Test::Pod::Coverage 1.08 required for testing POD coverage
t/pod.t ........... skipped: Test::Pod 1.22 required for testing POD
Test Summary Report
-------------------
t/01-inject.t (Wstat: 65280 Tests: 2 Failed: 1)
Failed test: 2
Non-zero exit status: 255
Parse errors: Bad plan. You planned 10 tests but ran 2.
t/02-move.t (Wstat: 65280 Tests: 2 Failed: 1)
Failed test: 2
Non-zero exit status: 255
Parse errors: Bad plan. You planned 8 tests but ran 2.
t/boilerplate.t (Wstat: 0 Tests: 3 Failed: 0)
TODO passed: 1-3
Files=7, Tests=8, 1 wallclock secs ( 0.04 usr 0.03 sys + 0.19 cusr 0.14 csys = 0.40 CPU)
Result: FAIL
Failed 2/7 test programs. 2/8 subtests failed.
BEGIN failed--compilation aborted at /home/cpan/pit/bare/perl-5.14.0/bin/cpanp-run-perl line 8.
[MSG] [Fri Sep 9 18:06:20 2011] DEFAULT 'proceed_on_test_failure' HANDLER RETURNING 'sub return value'
MISSING PREREQUISITES:
It was observed that the test suite seem to fail without these modules:
YAML
As such, adding the prerequisite module(s) to 'PREREQ_PM' in your
Makefile.PL should solve this problem. For example:
WriteMakefile(
AUTHOR => 'MEETTYA (cpanplus-info@lists.sf.net)',
... # other information
PREREQ_PM => {
'YAML' => '0', # or a minimum working version
}
);
Thanks! :-)
PREREQUISITES:
Here is a list of prerequisites you specified and versions we
managed to load:
Module Name Have Want
Carp 1.20 1.2
Config::Merge 1.01 1.01
Data::Diver 1.0101 1.0101
Test::More 0.98 0
Perl module toolchain versions installed:
Module Name Have
CPANPLUS 0.9110
CPANPLUS::Dist::Build 0.58
Cwd 3.36
ExtUtils::CBuilder 0.280203
ExtUtils::Command 1.17
ExtUtils::Install 1.56
ExtUtils::MakeMaker 6.59
ExtUtils::Manifest 1.60
ExtUtils::ParseXS 3.04
File::Spec 3.33
Module::Build 0.3800
Test::Harness 3.23
Test::More 0.98
version 0.94
******************************** NOTE ********************************
The comments above are created mechanically, possibly without manual
checking by the sender. As there are many people performing automatic
tests on each upload to CPAN, it is likely that you will receive
identical messages about the same problem.
If you believe that the message is mistaken, please reply to the first
one with correction and/or additional informations, and do not take
it personally. We appreciate your patience. :)
**********************************************************************
Additional comments:
This report was machine-generated by CPANPLUS::Dist::YACSmoke 0.64.
Powered by minismokebox version 0.54
------------------------------
ENVIRONMENT AND OTHER CONTEXT
------------------------------
Environment variables:
AUTOMATED_TESTING = 1
PATH = /home/cpan/bin:/bin:/sbin:/usr/bin:/usr/sbin:/usr/X11R6/bin:/usr/local/bin:/usr/local/sbin:/usr/games:.
PERL5LIB = :/home/cpan/pit/bare/conf/perl-5.14.0/.cpanplus/5.14.0/build/Config-Any-0.23/blib/lib:/home/cpan/pit/bare/conf/perl-5.14.0/.cpanplus/5.14.0/build/Config-Any-0.23/blib/arch:/home/cpan/pit/bare/conf/perl-5.14.0/.cpanplus/5.14.0/build/Config-Merge-1.01/blib/lib:/home/cpan/pit/bare/conf/perl-5.14.0/.cpanplus/5.14.0/build/Config-Merge-1.01/blib/arch:/home/cpan/pit/bare/conf/perl-5.14.0/.cpanplus/5.14.0/build/Data-Diver-1.0101/blib/lib:/home/cpan/pit/bare/conf/perl-5.14.0/.cpanplus/5.14.0/build/Data-Diver-1.0101/blib/arch:/home/cpan/pit/bare/conf/perl-5.14.0/.cpanplus/5.14.0/build/Config-Merge-Dynamic-0.10/blib/lib:/home/cpan/pit/bare/conf/perl-5.14.0/.cpanplus/5.14.0/build/Config-Merge-Dynamic-0.10/blib/arch
PERL5_CPANPLUS_IS_RUNNING = 7709
PERL5_CPANPLUS_IS_VERSION = 0.9110
PERL5_MINISMOKEBOX = 0.54
PERL5_YACSMOKE_BASE = /home/cpan/pit/bare/conf/perl-5.14.0
PERL_EXTUTILS_AUTOINSTALL = --defaultdeps
PERL_MM_USE_DEFAULT = 1
SHELL = /usr/local/bin/bash
TERM = screen
Perl special variables (and OS-specific diagnostics, for MSWin32):
Perl: $^X = /home/cpan/pit/bare/perl-5.14.0/bin/perl
UID: $< = 1001
EUID: $> = 1001
GID: $( = 1001 1001
EGID: $) = 1001 1001
-------------------------------
--
Summary of my perl5 (revision 5 version 14 subversion 0) configuration:
Platform:
osname=openbsd, osvers=4.9, archname=OpenBSD.i386-openbsd
uname='openbsd obadiah.bingosnet.co.uk 4.9 generic#671 i386 '
config_args='-des -Dprefix=/home/cpan/pit/bare/perl-5.14.0'
hint=recommended, useposix=true, d_sigaction=define
useithreads=undef, usemultiplicity=undef
useperlio=define, d_sfio=undef, uselargefiles=define, usesocks=undef
use64bitint=undef, use64bitall=undef, uselongdouble=undef
usemymalloc=y, bincompat5005=undef
Compiler:
cc='cc', ccflags ='-fno-strict-aliasing -pipe -fstack-protector -I/usr/local/include',
optimize='-O2',
cppflags='-fno-strict-aliasing -pipe -fstack-protector -I/usr/local/include'
ccversion='', gccversion='4.2.1 20070719 ', gccosandvers='openbsd4.9'
intsize=4, longsize=4, ptrsize=4, doublesize=8, byteorder=1234
d_longlong=define, longlongsize=8, d_longdbl=define, longdblsize=12
ivtype='long', ivsize=4, nvtype='double', nvsize=8, Off_t='off_t', lseeksize=8
alignbytes=4, prototype=define
Linker and Libraries:
ld='cc', ldflags ='-Wl,-E -fstack-protector -L/usr/local/lib'
libpth=/usr/local/lib /usr/lib
libs=-lgdbm -lm -lutil -lc
perllibs=-lm -lutil -lc
libc=/usr/lib/libc.so.58.0, so=so, useshrplib=false, libperl=libperl.a
gnulibc_version=''
Dynamic Linking:
dlsrc=dl_dlopen.xs, dlext=so, d_dlsymun=undef, ccdlflags=' '
cccdlflags='-DPIC -fPIC ', lddlflags='-shared -fPIC -L/usr/local/lib -fstack-protector'
Characteristics of this binary (from libperl):
Compile-time options: MYMALLOC PERL_DONT_CREATE_GVSV PERL_MALLOC_WRAP
PERL_PRESERVE_IVUV USE_LARGE_FILES USE_PERLIO
USE_PERL_ATOF
Built under openbsd
Compiled at Jul 27 2011 18:04:07
%ENV:
PERL5LIB=":/home/cpan/pit/bare/conf/perl-5.14.0/.cpanplus/5.14.0/build/Config-Any-0.23/blib/lib:/home/cpan/pit/bare/conf/perl-5.14.0/.cpanplus/5.14.0/build/Config-Any-0.23/blib/arch:/home/cpan/pit/bare/conf/perl-5.14.0/.cpanplus/5.14.0/build/Config-Merge-1.01/blib/lib:/home/cpan/pit/bare/conf/perl-5.14.0/.cpanplus/5.14.0/build/Config-Merge-1.01/blib/arch:/home/cpan/pit/bare/conf/perl-5.14.0/.cpanplus/5.14.0/build/Data-Diver-1.0101/blib/lib:/home/cpan/pit/bare/conf/perl-5.14.0/.cpanplus/5.14.0/build/Data-Diver-1.0101/blib/arch:/home/cpan/pit/bare/conf/perl-5.14.0/.cpanplus/5.14.0/build/Config-Merge-Dynamic-0.10/blib/lib:/home/cpan/pit/bare/conf/perl-5.14.0/.cpanplus/5.14.0/build/Config-Merge-Dynamic-0.10/blib/arch"
PERL5_CPANPLUS_IS_RUNNING="7709"
PERL5_CPANPLUS_IS_VERSION="0.9110"
PERL5_MINISMOKEBOX="0.54"
PERL5_YACSMOKE_BASE="/home/cpan/pit/bare/conf/perl-5.14.0"
PERL_EXTUTILS_AUTOINSTALL="--defaultdeps"
PERL_MM_USE_DEFAULT="1"
@INC:
/home/cpan/pit/bare/conf/perl-5.14.0/.cpanplus/5.14.0/build/Config-Any-0.23/blib/lib
/home/cpan/pit/bare/conf/perl-5.14.0/.cpanplus/5.14.0/build/Config-Any-0.23/blib/arch
/home/cpan/pit/bare/conf/perl-5.14.0/.cpanplus/5.14.0/build/Config-Merge-1.01/blib/lib
/home/cpan/pit/bare/conf/perl-5.14.0/.cpanplus/5.14.0/build/Config-Merge-1.01/blib/arch
/home/cpan/pit/bare/conf/perl-5.14.0/.cpanplus/5.14.0/build/Data-Diver-1.0101/blib/lib
/home/cpan/pit/bare/conf/perl-5.14.0/.cpanplus/5.14.0/build/Data-Diver-1.0101/blib/arch
/home/cpan/pit/bare/conf/perl-5.14.0/.cpanplus/5.14.0/build/Config-Merge-Dynamic-0.10/blib/lib
/home/cpan/pit/bare/conf/perl-5.14.0/.cpanplus/5.14.0/build/Config-Merge-Dynamic-0.10/blib/arch
/home/cpan/pit/bare/perl-5.14.0/lib/site_perl/5.14.0/OpenBSD.i386-openbsd
/home/cpan/pit/bare/perl-5.14.0/lib/site_perl/5.14.0
/home/cpan/pit/bare/perl-5.14.0/lib/5.14.0/OpenBSD.i386-openbsd
/home/cpan/pit/bare/perl-5.14.0/lib/5.14.0
.