Report for Log-Log4perl-Appender-Chunk-0.003

Back
From: metabase:user:314402c4-2aae-11df-837a-5e0a49663a4f
Subject: FAIL Log-Log4perl-Appender-Chunk-0.003 v5.10.1 FreeBSD
Date: 2014-04-14T06:07:20Z

This distribution has been tested as part of the CPAN Testers
project, supporting the Perl programming language.  See
http://wiki.cpantesters.org/ for more information or email
questions to cpan-testers-discuss@perl.org


--
Dear Jerome Eteve,

This is a computer-generated report for Log-Log4perl-Appender-Chunk-0.003
on perl 5.10.1, created by CPAN-Reporter-1.2011.

Thank you for uploading your work to CPAN.  However, there was a problem
testing your distribution.

If you think this report is invalid, please consult the CPAN Testers Wiki
for suggestions on how to avoid getting FAIL reports for missing library
or binary dependencies, unsupported operating systems, and so on:

http://wiki.cpantesters.org/wiki/CPANAuthorNotes

Sections of this report:

    * Tester comments
    * Program output
    * Prerequisites
    * Environment and other context

------------------------------
TESTER COMMENTS
------------------------------

Additional comments from tester:

none provided

------------------------------
PROGRAM OUTPUT
------------------------------

Output from '/usr/bin/make test':

PERL_DL_NONLAZY=1 /usr/perl5.10.1t/bin/perl "-MExtUtils::Command::MM" "-MTest::Harness" "-e" "undef *Test::Harness::Switches; test_harness(0, 'blib/lib', 'blib/arch')" t/*.t
t/00-load.t .......... ok
syntax error at /usr/home/eserte/.cpan/build/Log-Log4perl-Appender-Chunk-0.003-TQESez/blib/lib/Log/Log4perl/Appender/Chunk/Store.pm line 7, near "..."
Compilation failed in require at /usr/perl5.10.1t/lib/site_perl/5.10.1/Module/Runtime.pm line 317.
Compilation failed in require at t/01-basic.t line 23.
# Tests were run but no plan was declared and done_testing() was not seen.
# Looks like your test exited with 9 just after 1.
t/01-basic.t ......... 
Dubious, test returned 9 (wstat 2304, 0x900)
All 1 subtests passed 
syntax error at /usr/home/eserte/.cpan/build/Log-Log4perl-Appender-Chunk-0.003-TQESez/blib/lib/Log/Log4perl/Appender/Chunk/Store.pm line 7, near "..."
Compilation failed in require at /usr/perl5.10.1t/lib/site_perl/5.10.1/Module/Runtime.pm line 317.
t/02-store.t ......... 
Dubious, test returned 9 (wstat 2304, 0x900)
No subtests run 
Passing a list of values to enum is deprecated. Enum values should be wrapped in an arrayref. at /usr/perl5.10.1t/lib/site_perl/5.10.1/amd64-freebsd-thread-multi/Moose/Util/TypeConstraints.pm line 441.
	Moose::Util::TypeConstraints::enum("AclShort", "private", "public-read", "public-read-write", "authenticated-read") called at /usr/perl5.10.1t/lib/site_perl/5.10.1/Net/Amazon/S3/Client/Object.pm line 18
	require Net/Amazon/S3/Client/Object.pm called at /usr/perl5.10.1t/lib/site_perl/5.10.1/Net/Amazon/S3.pm line 17
	Net::Amazon::S3::BEGIN() called at /usr/perl5.10.1t/lib/site_perl/5.10.1/Net/Amazon/S3/Client/Object.pm line 0
	eval {...} called at /usr/perl5.10.1t/lib/site_perl/5.10.1/Net/Amazon/S3/Client/Object.pm line 0
	require Net/Amazon/S3.pm called at /usr/home/eserte/.cpan/build/Log-Log4perl-Appender-Chunk-0.003-TQESez/blib/lib/Log/Log4perl/Appender/Chunk/Store/S3.pm line 9
	Log::Log4perl::Appender::Chunk::Store::S3::BEGIN() called at /usr/perl5.10.1t/lib/site_perl/5.10.1/Net/Amazon/S3/Client/Object.pm line 0
	eval {...} called at /usr/perl5.10.1t/lib/site_perl/5.10.1/Net/Amazon/S3/Client/Object.pm line 0
	require Log/Log4perl/Appender/Chunk/Store/S3.pm called at /usr/perl5.10.1t/lib/site_perl/5.10.1/Module/Runtime.pm line 317
	Module::Runtime::require_module("Log::Log4perl::Appender::Chunk::Store::S3") called at /usr/perl5.10.1t/lib/site_perl/5.10.1/Class/Load.pm line 179
	Class::Load::try {...} () called at /usr/perl5.10.1t/lib/site_perl/5.10.1/Try/Tiny.pm line 77
	eval {...} called at /usr/perl5.10.1t/lib/site_perl/5.10.1/Try/Tiny.pm line 72
	Try::Tiny::try(CODE(0x44550e10), Try::Tiny::Catch=REF(0x4455b600)) called at /usr/perl5.10.1t/lib/site_perl/5.10.1/Class/Load.pm line 185
	Class::Load::try_load_class("Log::Log4perl::Appender::Chunk::Store::S3", undef) called at /usr/perl5.10.1t/lib/site_perl/5.10.1/Class/Load.pm line 40
	Class::Load::load_class("Log::Log4perl::Appender::Chunk::Store::S3") called at /usr/home/eserte/.cpan/build/Log-Log4perl-Appender-Chunk-0.003-TQESez/blib/lib/Log/Log4perl/Appender/Chunk.pm line 52
	Log::Log4perl::Appender::Chunk::_full_store_class(Log::Log4perl::Appender::Chunk=HASH(0x4453c2e8)) called at /usr/home/eserte/.cpan/build/Log-Log4perl-Appender-Chunk-0.003-TQESez/blib/lib/Log/Log4perl/Appender/Chunk.pm line 35
	Log::Log4perl::Appender::Chunk::__ANON__() called at /usr/home/eserte/.cpan/build/Log-Log4perl-Appender-Chunk-0.003-TQESez/blib/lib/Log/Log4perl/Appender/Chunk.pm line 41
	Log::Log4perl::Appender::Chunk::_build_store(Log::Log4perl::Appender::Chunk=HASH(0x4453c2e8)) called at reader Log::Log4perl::Appender::Chunk::store (defined at /usr/home/eserte/.cpan/build/Log-Log4perl-Appender-Chunk-0.003-TQESez/blib/lib/Log/Log4perl/Appender/Chunk.pm line 27) line 8
	Log::Log4perl::Appender::Chunk::store(Log::Log4perl::Appender::Chunk=HASH(0x4453c2e8)) called at t/03-store-s3.t line 37
Passing a list of values to enum is deprecated. Enum values should be wrapped in an arrayref. at /usr/perl5.10.1t/lib/site_perl/5.10.1/amd64-freebsd-thread-multi/Moose/Util/TypeConstraints.pm line 441.
	Moose::Util::TypeConstraints::enum("HTTPMethod", "DELETE", "GET", "HEAD", "PUT", "POST") called at /usr/perl5.10.1t/lib/site_perl/5.10.1/Net/Amazon/S3/HTTPRequest.pm line 19
	require Net/Amazon/S3/HTTPRequest.pm called at /usr/perl5.10.1t/lib/site_perl/5.10.1/Net/Amazon/S3.pm line 18
	Net::Amazon::S3::BEGIN() called at /usr/perl5.10.1t/lib/site_perl/5.10.1/Net/Amazon/S3/HTTPRequest.pm line 0
	eval {...} called at /usr/perl5.10.1t/lib/site_perl/5.10.1/Net/Amazon/S3/HTTPRequest.pm line 0
	require Net/Amazon/S3.pm called at /usr/home/eserte/.cpan/build/Log-Log4perl-Appender-Chunk-0.003-TQESez/blib/lib/Log/Log4perl/Appender/Chunk/Store/S3.pm line 9
	Log::Log4perl::Appender::Chunk::Store::S3::BEGIN() called at /usr/perl5.10.1t/lib/site_perl/5.10.1/Net/Amazon/S3/HTTPRequest.pm line 0
	eval {...} called at /usr/perl5.10.1t/lib/site_perl/5.10.1/Net/Amazon/S3/HTTPRequest.pm line 0
	require Log/Log4perl/Appender/Chunk/Store/S3.pm called at /usr/perl5.10.1t/lib/site_perl/5.10.1/Module/Runtime.pm line 317
	Module::Runtime::require_module("Log::Log4perl::Appender::Chunk::Store::S3") called at /usr/perl5.10.1t/lib/site_perl/5.10.1/Class/Load.pm line 179
	Class::Load::try {...} () called at /usr/perl5.10.1t/lib/site_perl/5.10.1/Try/Tiny.pm line 77
	eval {...} called at /usr/perl5.10.1t/lib/site_perl/5.10.1/Try/Tiny.pm line 72
	Try::Tiny::try(CODE(0x44550e10), Try::Tiny::Catch=REF(0x4455b600)) called at /usr/perl5.10.1t/lib/site_perl/5.10.1/Class/Load.pm line 185
	Class::Load::try_load_class("Log::Log4perl::Appender::Chunk::Store::S3", undef) called at /usr/perl5.10.1t/lib/site_perl/5.10.1/Class/Load.pm line 40
	Class::Load::load_class("Log::Log4perl::Appender::Chunk::Store::S3") called at /usr/home/eserte/.cpan/build/Log-Log4perl-Appender-Chunk-0.003-TQESez/blib/lib/Log/Log4perl/Appender/Chunk.pm line 52
	Log::Log4perl::Appender::Chunk::_full_store_class(Log::Log4perl::Appender::Chunk=HASH(0x4453c2e8)) called at /usr/home/eserte/.cpan/build/Log-Log4perl-Appender-Chunk-0.003-TQESez/blib/lib/Log/Log4perl/Appender/Chunk.pm line 35
	Log::Log4perl::Appender::Chunk::__ANON__() called at /usr/home/eserte/.cpan/build/Log-Log4perl-Appender-Chunk-0.003-TQESez/blib/lib/Log/Log4perl/Appender/Chunk.pm line 41
	Log::Log4perl::Appender::Chunk::_build_store(Log::Log4perl::Appender::Chunk=HASH(0x4453c2e8)) called at reader Log::Log4perl::Appender::Chunk::store (defined at /usr/home/eserte/.cpan/build/Log-Log4perl-Appender-Chunk-0.003-TQESez/blib/lib/Log/Log4perl/Appender/Chunk.pm line 27) line 8
	Log::Log4perl::Appender::Chunk::store(Log::Log4perl::Appender::Chunk=HASH(0x4453c2e8)) called at t/03-store-s3.t line 37
Passing a list of values to enum is deprecated. Enum values should be wrapped in an arrayref. at /usr/perl5.10.1t/lib/site_perl/5.10.1/amd64-freebsd-thread-multi/Moose/Util/TypeConstraints.pm line 441.
	Moose::Util::TypeConstraints::enum("AclShort", "private", "public-read", "public-read-write", "authenticated-read") called at /usr/perl5.10.1t/lib/site_perl/5.10.1/Net/Amazon/S3/Request.pm line 12
	require Net/Amazon/S3/Request.pm called at /usr/perl5.10.1t/lib/site_perl/5.10.1/Net/Amazon/S3.pm line 19
	Net::Amazon::S3::BEGIN() called at /usr/perl5.10.1t/lib/site_perl/5.10.1/Net/Amazon/S3/Request.pm line 0
	eval {...} called at /usr/perl5.10.1t/lib/site_perl/5.10.1/Net/Amazon/S3/Request.pm line 0
	require Net/Amazon/S3.pm called at /usr/home/eserte/.cpan/build/Log-Log4perl-Appender-Chunk-0.003-TQESez/blib/lib/Log/Log4perl/Appender/Chunk/Store/S3.pm line 9
	Log::Log4perl::Appender::Chunk::Store::S3::BEGIN() called at /usr/perl5.10.1t/lib/site_perl/5.10.1/Net/Amazon/S3/Request.pm line 0
	eval {...} called at /usr/perl5.10.1t/lib/site_perl/5.10.1/Net/Amazon/S3/Request.pm line 0
	require Log/Log4perl/Appender/Chunk/Store/S3.pm called at /usr/perl5.10.1t/lib/site_perl/5.10.1/Module/Runtime.pm line 317
	Module::Runtime::require_module("Log::Log4perl::Appender::Chunk::Store::S3") called at /usr/perl5.10.1t/lib/site_perl/5.10.1/Class/Load.pm line 179
	Class::Load::try {...} () called at /usr/perl5.10.1t/lib/site_perl/5.10.1/Try/Tiny.pm line 77
	eval {...} called at /usr/perl5.10.1t/lib/site_perl/5.10.1/Try/Tiny.pm line 72
	Try::Tiny::try(CODE(0x44550e10), Try::Tiny::Catch=REF(0x4455b600)) called at /usr/perl5.10.1t/lib/site_perl/5.10.1/Class/Load.pm line 185
	Class::Load::try_load_class("Log::Log4perl::Appender::Chunk::Store::S3", undef) called at /usr/perl5.10.1t/lib/site_perl/5.10.1/Class/Load.pm line 40
	Class::Load::load_class("Log::Log4perl::Appender::Chunk::Store::S3") called at /usr/home/eserte/.cpan/build/Log-Log4perl-Appender-Chunk-0.003-TQESez/blib/lib/Log/Log4perl/Appender/Chunk.pm line 52
	Log::Log4perl::Appender::Chunk::_full_store_class(Log::Log4perl::Appender::Chunk=HASH(0x4453c2e8)) called at /usr/home/eserte/.cpan/build/Log-Log4perl-Appender-Chunk-0.003-TQESez/blib/lib/Log/Log4perl/Appender/Chunk.pm line 35
	Log::Log4perl::Appender::Chunk::__ANON__() called at /usr/home/eserte/.cpan/build/Log-Log4perl-Appender-Chunk-0.003-TQESez/blib/lib/Log/Log4perl/Appender/Chunk.pm line 41
	Log::Log4perl::Appender::Chunk::_build_store(Log::Log4perl::Appender::Chunk=HASH(0x4453c2e8)) called at reader Log::Log4perl::Appender::Chunk::store (defined at /usr/home/eserte/.cpan/build/Log-Log4perl-Appender-Chunk-0.003-TQESez/blib/lib/Log/Log4perl/Appender/Chunk.pm line 27) line 8
	Log::Log4perl::Appender::Chunk::store(Log::Log4perl::Appender::Chunk=HASH(0x4453c2e8)) called at t/03-store-s3.t line 37
syntax error at /usr/home/eserte/.cpan/build/Log-Log4perl-Appender-Chunk-0.003-TQESez/blib/lib/Log/Log4perl/Appender/Chunk/Store.pm line 7, near "..."
Compilation failed in require at /usr/perl5.10.1t/lib/site_perl/5.10.1/Module/Runtime.pm line 317.
Compilation failed in require at t/03-store-s3.t line 37.
# Tests were run but no plan was declared and done_testing() was not seen.
# Looks like your test exited with 9 just after 1.
t/03-store-s3.t ...... 
Dubious, test returned 9 (wstat 2304, 0x900)
All 1 subtests passed 
syntax error at /usr/home/eserte/.cpan/build/Log-Log4perl-Appender-Chunk-0.003-TQESez/blib/lib/Log/Log4perl/Appender/Chunk/Store.pm line 7, near "..."
Compilation failed in require at /usr/perl5.10.1t/lib/site_perl/5.10.1/Module/Runtime.pm line 317.
Compilation failed in require at t/04-store-memory.t line 22.
# Tests were run but no plan was declared and done_testing() was not seen.
# Looks like your test exited with 9 just after 1.
t/04-store-memory.t .. 
Dubious, test returned 9 (wstat 2304, 0x900)
All 1 subtests passed 

#   Failed test 'Pod coverage on Log::Log4perl::Appender::Chunk::Store'
#   at /usr/perl5.10.1t/lib/site_perl/5.10.1/Test/Pod/Coverage.pm line 126.
# Log::Log4perl::Appender::Chunk::Store: requiring 'Log::Log4perl::Appender::Chunk::Store' failed
Passing a list of values to enum is deprecated. Enum values should be wrapped in an arrayref. at /usr/perl5.10.1t/lib/site_perl/5.10.1/amd64-freebsd-thread-multi/Moose/Util/TypeConstraints.pm line 441.
	Moose::Util::TypeConstraints::enum("AclShort", "private", "public-read", "public-read-write", "authenticated-read") called at /usr/perl5.10.1t/lib/site_perl/5.10.1/Net/Amazon/S3/Client/Object.pm line 18
	require Net/Amazon/S3/Client/Object.pm called at /usr/perl5.10.1t/lib/site_perl/5.10.1/Net/Amazon/S3.pm line 17
	Net::Amazon::S3::BEGIN() called at /usr/perl5.10.1t/lib/site_perl/5.10.1/Net/Amazon/S3/Client/Object.pm line 0
	eval {...} called at /usr/perl5.10.1t/lib/site_perl/5.10.1/Net/Amazon/S3/Client/Object.pm line 0
	require Net/Amazon/S3.pm called at /usr/home/eserte/.cpan/build/Log-Log4perl-Appender-Chunk-0.003-TQESez/blib/lib/Log/Log4perl/Appender/Chunk/Store/S3.pm line 9
	Log::Log4perl::Appender::Chunk::Store::S3::BEGIN() called at /usr/perl5.10.1t/lib/site_perl/5.10.1/Net/Amazon/S3/Client/Object.pm line 0
	eval {...} called at /usr/perl5.10.1t/lib/site_perl/5.10.1/Net/Amazon/S3/Client/Object.pm line 0
	require Log/Log4perl/Appender/Chunk/Store/S3.pm called at (eval 200) line 3
	eval ' require Log::Log4perl::Appender::Chunk::Store::S3 
;' called at /usr/perl5.10.1t/lib/site_perl/5.10.1/Pod/Coverage.pm line 308
	Pod::Coverage::_get_syms(Pod::Coverage=HASH(0x41696d38), "Log::Log4perl::Appender::Chunk::Store::S3") called at /usr/perl5.10.1t/lib/site_perl/5.10.1/Pod/Coverage.pm line 152
	Pod::Coverage::coverage(Pod::Coverage=HASH(0x41696d38)) called at /usr/perl5.10.1t/lib/site_perl/5.10.1/Test/Pod/Coverage.pm line 162
	Test::Pod::Coverage::pod_coverage_ok("Log::Log4perl::Appender::Chunk::Store::S3", HASH(0x4144e348), "Pod coverage on Log::Log4perl::Appender::Chunk::Store::S3") called at /usr/perl5.10.1t/lib/site_perl/5.10.1/Test/Pod/Coverage.pm line 126
	Test::Pod::Coverage::all_pod_coverage_ok() called at t/pod-coverage.t line 19
Passing a list of values to enum is deprecated. Enum values should be wrapped in an arrayref. at /usr/perl5.10.1t/lib/site_perl/5.10.1/amd64-freebsd-thread-multi/Moose/Util/TypeConstraints.pm line 441.
	Moose::Util::TypeConstraints::enum("HTTPMethod", "DELETE", "GET", "HEAD", "PUT", "POST") called at /usr/perl5.10.1t/lib/site_perl/5.10.1/Net/Amazon/S3/HTTPRequest.pm line 19
	require Net/Amazon/S3/HTTPRequest.pm called at /usr/perl5.10.1t/lib/site_perl/5.10.1/Net/Amazon/S3.pm line 18
	Net::Amazon::S3::BEGIN() called at /usr/perl5.10.1t/lib/site_perl/5.10.1/Net/Amazon/S3/HTTPRequest.pm line 0
	eval {...} called at /usr/perl5.10.1t/lib/site_perl/5.10.1/Net/Amazon/S3/HTTPRequest.pm line 0
	require Net/Amazon/S3.pm called at /usr/home/eserte/.cpan/build/Log-Log4perl-Appender-Chunk-0.003-TQESez/blib/lib/Log/Log4perl/Appender/Chunk/Store/S3.pm line 9
	Log::Log4perl::Appender::Chunk::Store::S3::BEGIN() called at /usr/perl5.10.1t/lib/site_perl/5.10.1/Net/Amazon/S3/HTTPRequest.pm line 0
	eval {...} called at /usr/perl5.10.1t/lib/site_perl/5.10.1/Net/Amazon/S3/HTTPRequest.pm line 0
	require Log/Log4perl/Appender/Chunk/Store/S3.pm called at (eval 200) line 3
	eval ' require Log::Log4perl::Appender::Chunk::Store::S3 
;' called at /usr/perl5.10.1t/lib/site_perl/5.10.1/Pod/Coverage.pm line 308
	Pod::Coverage::_get_syms(Pod::Coverage=HASH(0x41696d38), "Log::Log4perl::Appender::Chunk::Store::S3") called at /usr/perl5.10.1t/lib/site_perl/5.10.1/Pod/Coverage.pm line 152
	Pod::Coverage::coverage(Pod::Coverage=HASH(0x41696d38)) called at /usr/perl5.10.1t/lib/site_perl/5.10.1/Test/Pod/Coverage.pm line 162
	Test::Pod::Coverage::pod_coverage_ok("Log::Log4perl::Appender::Chunk::Store::S3", HASH(0x4144e348), "Pod coverage on Log::Log4perl::Appender::Chunk::Store::S3") called at /usr/perl5.10.1t/lib/site_perl/5.10.1/Test/Pod/Coverage.pm line 126
	Test::Pod::Coverage::all_pod_coverage_ok() called at t/pod-coverage.t line 19
Passing a list of values to enum is deprecated. Enum values should be wrapped in an arrayref. at /usr/perl5.10.1t/lib/site_perl/5.10.1/amd64-freebsd-thread-multi/Moose/Util/TypeConstraints.pm line 441.
	Moose::Util::TypeConstraints::enum("AclShort", "private", "public-read", "public-read-write", "authenticated-read") called at /usr/perl5.10.1t/lib/site_perl/5.10.1/Net/Amazon/S3/Request.pm line 12
	require Net/Amazon/S3/Request.pm called at /usr/perl5.10.1t/lib/site_perl/5.10.1/Net/Amazon/S3.pm line 19
	Net::Amazon::S3::BEGIN() called at /usr/perl5.10.1t/lib/site_perl/5.10.1/Net/Amazon/S3/Request.pm line 0
	eval {...} called at /usr/perl5.10.1t/lib/site_perl/5.10.1/Net/Amazon/S3/Request.pm line 0
	require Net/Amazon/S3.pm called at /usr/home/eserte/.cpan/build/Log-Log4perl-Appender-Chunk-0.003-TQESez/blib/lib/Log/Log4perl/Appender/Chunk/Store/S3.pm line 9
	Log::Log4perl::Appender::Chunk::Store::S3::BEGIN() called at /usr/perl5.10.1t/lib/site_perl/5.10.1/Net/Amazon/S3/Request.pm line 0
	eval {...} called at /usr/perl5.10.1t/lib/site_perl/5.10.1/Net/Amazon/S3/Request.pm line 0
	require Log/Log4perl/Appender/Chunk/Store/S3.pm called at (eval 200) line 3
	eval ' require Log::Log4perl::Appender::Chunk::Store::S3 
;' called at /usr/perl5.10.1t/lib/site_perl/5.10.1/Pod/Coverage.pm line 308
	Pod::Coverage::_get_syms(Pod::Coverage=HASH(0x41696d38), "Log::Log4perl::Appender::Chunk::Store::S3") called at /usr/perl5.10.1t/lib/site_perl/5.10.1/Pod/Coverage.pm line 152
	Pod::Coverage::coverage(Pod::Coverage=HASH(0x41696d38)) called at /usr/perl5.10.1t/lib/site_perl/5.10.1/Test/Pod/Coverage.pm line 162
	Test::Pod::Coverage::pod_coverage_ok("Log::Log4perl::Appender::Chunk::Store::S3", HASH(0x4144e348), "Pod coverage on Log::Log4perl::Appender::Chunk::Store::S3") called at /usr/perl5.10.1t/lib/site_perl/5.10.1/Test/Pod/Coverage.pm line 126
	Test::Pod::Coverage::all_pod_coverage_ok() called at t/pod-coverage.t line 19

#   Failed test 'Pod coverage on Log::Log4perl::Appender::Chunk::Store::S3'
#   at /usr/perl5.10.1t/lib/site_perl/5.10.1/Test/Pod/Coverage.pm line 126.
# Log::Log4perl::Appender::Chunk::Store::S3: requiring 'Log::Log4perl::Appender::Chunk::Store::S3' failed

#   Failed test 'Pod coverage on Log::Log4perl::Appender::Chunk::Store::Null'
#   at /usr/perl5.10.1t/lib/site_perl/5.10.1/Test/Pod/Coverage.pm line 126.
# Log::Log4perl::Appender::Chunk::Store::Null: requiring 'Log::Log4perl::Appender::Chunk::Store::Null' failed

#   Failed test 'Pod coverage on Log::Log4perl::Appender::Chunk::Store::Memory'
#   at /usr/perl5.10.1t/lib/site_perl/5.10.1/Test/Pod/Coverage.pm line 126.
# Log::Log4perl::Appender::Chunk::Store::Memory: requiring 'Log::Log4perl::Appender::Chunk::Store::Memory' failed
# Looks like you failed 4 tests of 5.
t/pod-coverage.t ..... 
Dubious, test returned 4 (wstat 1024, 0x400)
Failed 4/5 subtests 

Test Summary Report
-------------------
t/01-basic.t       (Wstat: 2304 Tests: 1 Failed: 0)
  Non-zero exit status: 9
  Parse errors: No plan found in TAP output
t/02-store.t       (Wstat: 2304 Tests: 0 Failed: 0)
  Non-zero exit status: 9
  Parse errors: No plan found in TAP output
t/03-store-s3.t    (Wstat: 2304 Tests: 1 Failed: 0)
  Non-zero exit status: 9
  Parse errors: No plan found in TAP output
t/04-store-memory.t (Wstat: 2304 Tests: 1 Failed: 0)
  Non-zero exit status: 9
  Parse errors: No plan found in TAP output
t/pod-coverage.t   (Wstat: 1024 Tests: 5 Failed: 4)
  Failed tests:  2-5
  Non-zero exit status: 4
Files=6, Tests=9,  7 wallclock secs ( 0.05 usr  0.04 sys +  5.00 cusr  1.53 csys =  6.62 CPU)
Result: FAIL
Failed 5/6 test programs. 4/9 subtests failed.
*** [test_dynamic] Error code 4

Stop in /usr/home/eserte/.cpan/build/Log-Log4perl-Appender-Chunk-0.003-TQESez.

------------------------------
PREREQUISITES
------------------------------

Prerequisite modules loaded:

requires:

    Module              Need   Have    
    ------------------- ------ --------
    Carp                0      1.32    
    Class::Load         0.20   0.21    
    DateTime            0      1.04    
    Log::Log4perl       1.42   1.42    
    Moose               2.1005 2.1204  

build_requires:

    Module              Need   Have    
    ------------------- ------ --------
    Data::UUID          0      1.219   
    Net::Amazon::S3     0.59   0.59    
    Test::More          0      1.001002

configure_requires:

    Module              Need   Have    
    ------------------- ------ --------
    ExtUtils::MakeMaker 6.30   6.96    


------------------------------
ENVIRONMENT AND OTHER CONTEXT
------------------------------

Environment variables:

    DBIC_NO_WARN_BAD_PERL = 1
    LC_ALL = de_DE.ISO8859-1
    PATH = /usr/local/bin:/usr/bin:/bin:/usr/local/sbin:/usr/sbin:/sbin:/home/cpansand/bin/freebsd9.1:/home/cpansand/bin/sh:/home/cpansand/bin:/usr/games:/home/cpansand/devel:/usr/home/eserte/work/srezic-misc/scripts
    PERL5LIB = /home/eserte/.cpan/build/Sereal-2.11-eNV8kK/blib/arch:/home/eserte/.cpan/build/Sereal-2.11-eNV8kK/blib/lib:/home/eserte/.cpan/build/Sereal-Encoder-2.11-R58dgG/blib/arch:/home/eserte/.cpan/build/Sereal-Encoder-2.11-R58dgG/blib/lib:/home/eserte/.cpan/build/Sereal-Decoder-2.11-v40uZd/blib/arch:/home/eserte/.cpan/build/Sereal-Decoder-2.11-v40uZd/blib/lib:/home/eserte/.cpan/build/Types-URI-0.001-ETFbmF/blib/arch:/home/eserte/.cpan/build/Types-URI-0.001-ETFbmF/blib/lib:/home/eserte/.cpan/build/Types-UUID-0.002-qbCGk5/blib/arch:/home/eserte/.cpan/build/Types-UUID-0.002-qbCGk5/blib/lib:/home/eserte/.cpan/build/Term-ProgressBar-2.15-eRRdKf/blib/arch:/home/eserte/.cpan/build/Term-ProgressBar-2.15-eRRdKf/blib/lib:/home/eserte/.cpan/build/SVN-Hooks-1.25-GUyq0m/blib/arch:/home/eserte/.cpan/build/SVN-Hooks-1.25-GUyq0m/blib/lib:/home/eserte/.cpan/build/SVN-Notify-2.84-eDHLXG/blib/arch:/home/eserte/.cpan/build/SVN-Notify-2.84-eDHLXG/blib/lib:/home/eserte/.cpan/build/SVN-Look-0.39-avsh_W/blib/arch:/home/eserte/.cpan/build/SVN-Look-0.39-avsh_W/blib/lib:/home/eserte/.cpan/build/JRUBIN-WsDyeq/blib/arch:/home/eserte/.cpan/build/JRUBIN-WsDyeq/blib/lib
    PERL5OPT = 
    PERL5_CPANPLUS_IS_RUNNING = 42387
    PERL5_CPAN_IS_RUNNING = 42387
    PERL5_CPAN_IS_RUNNING_IN_RECURSION = 42194,42387
    PERLDOC = -MPod::Perldoc::ToTextOverstrike
    PERL_BATCH = yes
    PERL_CPAN_REPORTER_CONFIG = /var/tmp/cpansmoker-1023/OJqovfOWWu_config.ini
    PERL_EXTUTILS_AUTOINSTALL = --defaultdeps
    PERL_HTML_DISPLAY_CLASS = HTML::Display::Mozilla
    SHELL = /usr/local/bin/zsh
    TERM = screen
    TMPDIR = /var/tmp/cpansmoker-1023

Perl special variables (and OS-specific diagnostics, for MSWin32):

    $^X = /usr/perl5.10.1t/bin/perl
    $UID/$EUID = 1023 / 1023
    $GID = 1023 1023
    $EGID = 1023 1023

Perl module toolchain versions installed:

    Module              Have    
    ------------------- --------
    CPAN                2.00    
    CPAN::Meta          2.132830
    Cwd                 3.40    
    ExtUtils::CBuilder  0.280212
    ExtUtils::Command   1.16    
    ExtUtils::Install   1.54    
    ExtUtils::MakeMaker 6.96    
    ExtUtils::Manifest  1.60    
    ExtUtils::ParseXS   3.22    
    File::Spec          3.40    
    JSON                2.90    
    JSON::PP            2.27203 
    Module::Build       0.4204  
    Module::Signature   0.73    
    Parse::CPAN::Meta   1.4409  
    Test::Harness       3.30    
    Test::More          1.001002
    YAML                0.88    
    YAML::Syck          1.27    
    version             0.9908  


--

Summary of my perl5 (revision 5 version 10 subversion 1) configuration:
   
  Platform:
    osname=freebsd, osvers=9.2-release, archname=amd64-freebsd-thread-multi
    uname='freebsd cvrsnica-freebsd-92 9.2-release freebsd 9.2-release #0 r255898: thu sep 26 22:50:31 utc 2013 root@bake.isc.freebsd.org:usrobjusrsrcsysgeneric amd64 '
    config_args='-ds -e -Dprefix=/usr/perl5.10.1t -Dusethreads'
    hint=recommended, useposix=true, d_sigaction=define
    useithreads=define, usemultiplicity=define
    useperlio=define, d_sfio=undef, uselargefiles=define, usesocks=undef
    use64bitint=define, use64bitall=define, uselongdouble=undef
    usemymalloc=n, bincompat5005=undef
  Compiler:
    cc='cc', ccflags ='-DHAS_FPSETMASK -DHAS_FLOATINGPOINT_H -fno-strict-aliasing -pipe -fstack-protector -I/usr/local/include',
    optimize='-O',
    cppflags='-DHAS_FPSETMASK -DHAS_FLOATINGPOINT_H -fno-strict-aliasing -pipe -fstack-protector -I/usr/local/include'
    ccversion='', gccversion='4.2.1 20070831 patched [FreeBSD]', gccosandvers=''
    intsize=4, longsize=8, ptrsize=8, doublesize=8, byteorder=12345678
    d_longlong=define, longlongsize=8, d_longdbl=define, longdblsize=16
    ivtype='long', ivsize=8, nvtype='double', nvsize=8, Off_t='off_t', lseeksize=8
    alignbytes=8, prototype=define
  Linker and Libraries:
    ld='cc', ldflags ='-pthread -Wl,-E  -fstack-protector -L/usr/local/lib'
    libpth=/usr/lib /usr/local/lib
    libs=-lgdbm -lm -lcrypt
    perllibs=-lm -lcrypt
    libc=, so=so, useshrplib=false, libperl=libperl.a
    gnulibc_version=''
  Dynamic Linking:
    dlsrc=dl_dlopen.xs, dlext=so, d_dlsymun=undef, ccdlflags=' '
    cccdlflags='-DPIC -fPIC', lddlflags='-shared  -L/usr/local/lib -fstack-protector'


Characteristics of this binary (from libperl): 
  Compile-time options: MULTIPLICITY PERL_DONT_CREATE_GVSV
                        PERL_IMPLICIT_CONTEXT PERL_MALLOC_WRAP USE_64_BIT_ALL
                        USE_64_BIT_INT USE_ITHREADS USE_LARGE_FILES
                        USE_PERLIO USE_REENTRANT_API
  Built under freebsd
  Compiled at Nov 29 2013 20:38:49
  %ENV:
    PERL5LIB="/home/eserte/.cpan/build/Sereal-2.11-eNV8kK/blib/arch:/home/eserte/.cpan/build/Sereal-2.11-eNV8kK/blib/lib:/home/eserte/.cpan/build/Sereal-Encoder-2.11-R58dgG/blib/arch:/home/eserte/.cpan/build/Sereal-Encoder-2.11-R58dgG/blib/lib:/home/eserte/.cpan/build/Sereal-Decoder-2.11-v40uZd/blib/arch:/home/eserte/.cpan/build/Sereal-Decoder-2.11-v40uZd/blib/lib:/home/eserte/.cpan/build/Types-URI-0.001-ETFbmF/blib/arch:/home/eserte/.cpan/build/Types-URI-0.001-ETFbmF/blib/lib:/home/eserte/.cpan/build/Types-UUID-0.002-qbCGk5/blib/arch:/home/eserte/.cpan/build/Types-UUID-0.002-qbCGk5/blib/lib:/home/eserte/.cpan/build/Term-ProgressBar-2.15-eRRdKf/blib/arch:/home/eserte/.cpan/build/Term-ProgressBar-2.15-eRRdKf/blib/lib:/home/eserte/.cpan/build/SVN-Hooks-1.25-GUyq0m/blib/arch:/home/eserte/.cpan/build/SVN-Hooks-1.25-GUyq0m/blib/lib:/home/eserte/.cpan/build/SVN-Notify-2.84-eDHLXG/blib/arch:/home/eserte/.cpan/build/SVN-Notify-2.84-eDHLXG/blib/lib:/home/eserte/.cpan/build/SVN-Look-0.39-avsh_W/blib/arch:/home/eserte/.cpan/build/SVN-Look-0.39-avsh_W/blib/lib:/home/eserte/.cpan/build/JRUBIN-WsDyeq/blib/arch:/home/eserte/.cpan/build/JRUBIN-WsDyeq/blib/lib"
    PERL5OPT=""
    PERL5_CPANPLUS_IS_RUNNING="42387"
    PERL5_CPAN_IS_RUNNING="42387"
    PERL5_CPAN_IS_RUNNING_IN_RECURSION="42194,42387"
    PERLDOC="-MPod::Perldoc::ToTextOverstrike"
    PERL_BATCH="yes"
    PERL_CPAN_REPORTER_CONFIG="/var/tmp/cpansmoker-1023/OJqovfOWWu_config.ini"
    PERL_EXTUTILS_AUTOINSTALL="--defaultdeps"
    PERL_HTML_DISPLAY_CLASS="HTML::Display::Mozilla"
  @INC:
    /home/eserte/.cpan/build/Sereal-2.11-eNV8kK/blib/arch
    /home/eserte/.cpan/build/Sereal-2.11-eNV8kK/blib/lib
    /home/eserte/.cpan/build/Sereal-Encoder-2.11-R58dgG/blib/arch
    /home/eserte/.cpan/build/Sereal-Encoder-2.11-R58dgG/blib/lib
    /home/eserte/.cpan/build/Sereal-Decoder-2.11-v40uZd/blib/arch
    /home/eserte/.cpan/build/Sereal-Decoder-2.11-v40uZd/blib/lib
    /home/eserte/.cpan/build/Types-URI-0.001-ETFbmF/blib/arch
    /home/eserte/.cpan/build/Types-URI-0.001-ETFbmF/blib/lib
    /home/eserte/.cpan/build/Types-UUID-0.002-qbCGk5/blib/arch
    /home/eserte/.cpan/build/Types-UUID-0.002-qbCGk5/blib/lib
    /home/eserte/.cpan/build/Term-ProgressBar-2.15-eRRdKf/blib/arch
    /home/eserte/.cpan/build/Term-ProgressBar-2.15-eRRdKf/blib/lib
    /home/eserte/.cpan/build/SVN-Hooks-1.25-GUyq0m/blib/arch
    /home/eserte/.cpan/build/SVN-Hooks-1.25-GUyq0m/blib/lib
    /home/eserte/.cpan/build/SVN-Notify-2.84-eDHLXG/blib/arch
    /home/eserte/.cpan/build/SVN-Notify-2.84-eDHLXG/blib/lib
    /home/eserte/.cpan/build/SVN-Look-0.39-avsh_W/blib/arch
    /home/eserte/.cpan/build/SVN-Look-0.39-avsh_W/blib/lib
    /home/eserte/.cpan/build/JRUBIN-WsDyeq/blib/arch
    /home/eserte/.cpan/build/JRUBIN-WsDyeq/blib/lib
    /usr/perl5.10.1t/lib/5.10.1/amd64-freebsd-thread-multi
    /usr/perl5.10.1t/lib/5.10.1
    /usr/perl5.10.1t/lib/site_perl/5.10.1/amd64-freebsd-thread-multi
    /usr/perl5.10.1t/lib/site_perl/5.10.1
    .