Back
From: metabase:user:320bfe00-2aae-11df-837a-5e0a49663a4f
Subject: FAIL MooX-Types-CLike-0.92 v5.25.4 GNU/Linux
Date: 2016-07-23T06:09:39Z
This distribution has been tested as part of the CPAN Testers
project, supporting the Perl programming language. See
http://wiki.cpantesters.org/ for more information or email
questions to cpan-testers-discuss@perl.org
--
Dear Brendan Byrd,
This is a computer-generated report for MooX-Types-CLike-0.92
on perl 5.25.4, created by CPAN-Reporter-1.2018.
Thank you for uploading your work to CPAN. However, there was a problem
testing your distribution.
If you think this report is invalid, please consult the CPAN Testers Wiki
for suggestions on how to avoid getting FAIL reports for missing library
or binary dependencies, unsupported operating systems, and so on:
http://wiki.cpantesters.org/wiki/CPANAuthorNotes
Sections of this report:
* Tester comments
* Program output
* Prerequisites
* Environment and other context
------------------------------
TESTER COMMENTS
------------------------------
Additional comments from tester:
this report is from an automated smoke testing program
and was not reviewed by a human for accuracy
------------------------------
PROGRAM OUTPUT
------------------------------
Output from '/usr/bin/make test':
PERL_DL_NONLAZY=1 "/tmp/basesmoker-reloperl-p5qR/bin/perl" "-MExtUtils::Command::MM" "-MTest::Harness" "-e" "undef *Test::Harness::Switches; test_harness(0, 'blib/lib', 'blib/arch')" t/*.t
t/00-check-deps.t ............. ok
t/00-compile.t ................ ok
t/00-load.t ................... ok
#
#
# Generated by Dist::Zilla::Plugin::ReportVersions::Tiny v1.08
# perl: 5.025004 (wanted v5.10.1) on linux from /tmp/basesmoker-reloperl-p5qR/bin/perl
#
# Data::Float => 0.012 (want 0.008)
# Moo => 2.002004 (want 0.009001)
# MooX::Types::MooseLike => 0.29 (want 0.06)
# Pod::Coverage::TrustPod => 0.100003 (want any version)
# Test::CheckDeps => 0.010 (want 0.002)
# Test::Exception => 0.43 (want 0.27)
# Test::Pod => 1.51 (want 1.41)
# Test::Pod::Coverage => 1.10 (want 1.08)
# Test::UseAllModules => 0.17 (want 0.10)
# sanity => 1.03 (want 0.91)
# version => 0.9917 (want 0.9901)
#
# Thanks for using my code. I hope it works for you.
# If not, please try and include this output in the bug report.
# That will help me reproduce the issue and solve your problem.
#
t/000-report-versions-tiny.t .. ok
# Failed test 'ShortFloat: Float accepts NaN'
# at t/types.t line 197.
# died: isa check for "Test_ShortFloat" failed: NaN is not a 16-bit binary floating point number! at t/types.t line 197.
# Test::Exception::lives_ok() called at t/types.t line 197
# main::__ANON__() called at /home/sand/src/perl/repoperls/installed-perls/perl/v5.25.3-10-g51787ac/f7bf/lib/5.25.4/Test/Builder.pm line 300
# eval {...} called at /home/sand/src/perl/repoperls/installed-perls/perl/v5.25.3-10-g51787ac/f7bf/lib/5.25.4/Test/Builder.pm line 300
# Test::Builder::subtest() called at /home/sand/src/perl/repoperls/installed-perls/perl/v5.25.3-10-g51787ac/f7bf/lib/5.25.4/Test/More.pm line 801
# Test::More::subtest() called at t/types.t line 362
# Failed test 'ShortFloat: Float accepts +inf'
# at t/types.t line 198.
# died: isa check for "Test_ShortFloat" failed: Inf is not a 16-bit binary floating point number! at t/types.t line 198.
# Test::Exception::lives_ok() called at t/types.t line 198
# main::__ANON__() called at /home/sand/src/perl/repoperls/installed-perls/perl/v5.25.3-10-g51787ac/f7bf/lib/5.25.4/Test/Builder.pm line 300
# eval {...} called at /home/sand/src/perl/repoperls/installed-perls/perl/v5.25.3-10-g51787ac/f7bf/lib/5.25.4/Test/Builder.pm line 300
# Test::Builder::subtest() called at /home/sand/src/perl/repoperls/installed-perls/perl/v5.25.3-10-g51787ac/f7bf/lib/5.25.4/Test/More.pm line 801
# Test::More::subtest() called at t/types.t line 362
# Failed test 'ShortFloat: Float accepts -inf'
# at t/types.t line 199.
# died: isa check for "Test_ShortFloat" failed: -Inf is not a 16-bit binary floating point number! at t/types.t line 199.
# Test::Exception::lives_ok() called at t/types.t line 199
# main::__ANON__() called at /home/sand/src/perl/repoperls/installed-perls/perl/v5.25.3-10-g51787ac/f7bf/lib/5.25.4/Test/Builder.pm line 300
# eval {...} called at /home/sand/src/perl/repoperls/installed-perls/perl/v5.25.3-10-g51787ac/f7bf/lib/5.25.4/Test/Builder.pm line 300
# Test::Builder::subtest() called at /home/sand/src/perl/repoperls/installed-perls/perl/v5.25.3-10-g51787ac/f7bf/lib/5.25.4/Test/More.pm line 801
# Test::More::subtest() called at t/types.t line 362
# Looks like you failed 3 tests of 17.
# Failed test 'Test_ShortFloat'
# at t/types.t line 362.
# Failed test 'Half: Float accepts NaN'
# at t/types.t line 197.
# died: isa check for "Test_Half" failed: NaN is not a 16-bit binary floating point number! at t/types.t line 197.
# Test::Exception::lives_ok() called at t/types.t line 197
# main::__ANON__() called at /home/sand/src/perl/repoperls/installed-perls/perl/v5.25.3-10-g51787ac/f7bf/lib/5.25.4/Test/Builder.pm line 300
# eval {...} called at /home/sand/src/perl/repoperls/installed-perls/perl/v5.25.3-10-g51787ac/f7bf/lib/5.25.4/Test/Builder.pm line 300
# Test::Builder::subtest() called at /home/sand/src/perl/repoperls/installed-perls/perl/v5.25.3-10-g51787ac/f7bf/lib/5.25.4/Test/More.pm line 801
# Test::More::subtest() called at t/types.t line 362
# Failed test 'Half: Float accepts +inf'
# at t/types.t line 198.
# died: isa check for "Test_Half" failed: Inf is not a 16-bit binary floating point number! at t/types.t line 198.
# Test::Exception::lives_ok() called at t/types.t line 198
# main::__ANON__() called at /home/sand/src/perl/repoperls/installed-perls/perl/v5.25.3-10-g51787ac/f7bf/lib/5.25.4/Test/Builder.pm line 300
# eval {...} called at /home/sand/src/perl/repoperls/installed-perls/perl/v5.25.3-10-g51787ac/f7bf/lib/5.25.4/Test/Builder.pm line 300
# Test::Builder::subtest() called at /home/sand/src/perl/repoperls/installed-perls/perl/v5.25.3-10-g51787ac/f7bf/lib/5.25.4/Test/More.pm line 801
# Test::More::subtest() called at t/types.t line 362
# Failed test 'Half: Float accepts -inf'
# at t/types.t line 199.
# died: isa check for "Test_Half" failed: -Inf is not a 16-bit binary floating point number! at t/types.t line 199.
# Test::Exception::lives_ok() called at t/types.t line 199
# main::__ANON__() called at /home/sand/src/perl/repoperls/installed-perls/perl/v5.25.3-10-g51787ac/f7bf/lib/5.25.4/Test/Builder.pm line 300
# eval {...} called at /home/sand/src/perl/repoperls/installed-perls/perl/v5.25.3-10-g51787ac/f7bf/lib/5.25.4/Test/Builder.pm line 300
# Test::Builder::subtest() called at /home/sand/src/perl/repoperls/installed-perls/perl/v5.25.3-10-g51787ac/f7bf/lib/5.25.4/Test/More.pm line 801
# Test::More::subtest() called at t/types.t line 362
# Looks like you failed 3 tests of 17.
# Failed test 'Test_Half'
# at t/types.t line 362.
# Failed test 'Float16: Float accepts NaN'
# at t/types.t line 197.
# died: isa check for "Test_Float16" failed: 1 at t/types.t line 197.
# Test::Exception::lives_ok() called at t/types.t line 197
# main::__ANON__() called at /home/sand/src/perl/repoperls/installed-perls/perl/v5.25.3-10-g51787ac/f7bf/lib/5.25.4/Test/Builder.pm line 300
# eval {...} called at /home/sand/src/perl/repoperls/installed-perls/perl/v5.25.3-10-g51787ac/f7bf/lib/5.25.4/Test/Builder.pm line 300
# Test::Builder::subtest() called at /home/sand/src/perl/repoperls/installed-perls/perl/v5.25.3-10-g51787ac/f7bf/lib/5.25.4/Test/More.pm line 801
# Test::More::subtest() called at t/types.t line 362
# Failed test 'Float16: Float accepts +inf'
# at t/types.t line 198.
# died: isa check for "Test_Float16" failed: 1 at t/types.t line 198.
# Test::Exception::lives_ok() called at t/types.t line 198
# main::__ANON__() called at /home/sand/src/perl/repoperls/installed-perls/perl/v5.25.3-10-g51787ac/f7bf/lib/5.25.4/Test/Builder.pm line 300
# eval {...} called at /home/sand/src/perl/repoperls/installed-perls/perl/v5.25.3-10-g51787ac/f7bf/lib/5.25.4/Test/Builder.pm line 300
# Test::Builder::subtest() called at /home/sand/src/perl/repoperls/installed-perls/perl/v5.25.3-10-g51787ac/f7bf/lib/5.25.4/Test/More.pm line 801
# Test::More::subtest() called at t/types.t line 362
# Failed test 'Float16: Float accepts -inf'
# at t/types.t line 199.
# died: isa check for "Test_Float16" failed: 1 at t/types.t line 199.
# Test::Exception::lives_ok() called at t/types.t line 199
# main::__ANON__() called at /home/sand/src/perl/repoperls/installed-perls/perl/v5.25.3-10-g51787ac/f7bf/lib/5.25.4/Test/Builder.pm line 300
# eval {...} called at /home/sand/src/perl/repoperls/installed-perls/perl/v5.25.3-10-g51787ac/f7bf/lib/5.25.4/Test/Builder.pm line 300
# Test::Builder::subtest() called at /home/sand/src/perl/repoperls/installed-perls/perl/v5.25.3-10-g51787ac/f7bf/lib/5.25.4/Test/More.pm line 801
# Test::More::subtest() called at t/types.t line 362
# Looks like you failed 3 tests of 17.
# Failed test 'Test_Float16'
# at t/types.t line 362.
# Failed test 'Binary16: Float accepts NaN'
# at t/types.t line 197.
# died: isa check for "Test_Binary16" failed: 1 at t/types.t line 197.
# Test::Exception::lives_ok() called at t/types.t line 197
# main::__ANON__() called at /home/sand/src/perl/repoperls/installed-perls/perl/v5.25.3-10-g51787ac/f7bf/lib/5.25.4/Test/Builder.pm line 300
# eval {...} called at /home/sand/src/perl/repoperls/installed-perls/perl/v5.25.3-10-g51787ac/f7bf/lib/5.25.4/Test/Builder.pm line 300
# Test::Builder::subtest() called at /home/sand/src/perl/repoperls/installed-perls/perl/v5.25.3-10-g51787ac/f7bf/lib/5.25.4/Test/More.pm line 801
# Test::More::subtest() called at t/types.t line 362
# Failed test 'Binary16: Float accepts +inf'
# at t/types.t line 198.
# died: isa check for "Test_Binary16" failed: 1 at t/types.t line 198.
# Test::Exception::lives_ok() called at t/types.t line 198
# main::__ANON__() called at /home/sand/src/perl/repoperls/installed-perls/perl/v5.25.3-10-g51787ac/f7bf/lib/5.25.4/Test/Builder.pm line 300
# eval {...} called at /home/sand/src/perl/repoperls/installed-perls/perl/v5.25.3-10-g51787ac/f7bf/lib/5.25.4/Test/Builder.pm line 300
# Test::Builder::subtest() called at /home/sand/src/perl/repoperls/installed-perls/perl/v5.25.3-10-g51787ac/f7bf/lib/5.25.4/Test/More.pm line 801
# Test::More::subtest() called at t/types.t line 362
# Failed test 'Binary16: Float accepts -inf'
# at t/types.t line 199.
# died: isa check for "Test_Binary16" failed: 1 at t/types.t line 199.
# Test::Exception::lives_ok() called at t/types.t line 199
# main::__ANON__() called at /home/sand/src/perl/repoperls/installed-perls/perl/v5.25.3-10-g51787ac/f7bf/lib/5.25.4/Test/Builder.pm line 300
# eval {...} called at /home/sand/src/perl/repoperls/installed-perls/perl/v5.25.3-10-g51787ac/f7bf/lib/5.25.4/Test/Builder.pm line 300
# Test::Builder::subtest() called at /home/sand/src/perl/repoperls/installed-perls/perl/v5.25.3-10-g51787ac/f7bf/lib/5.25.4/Test/More.pm line 801
# Test::More::subtest() called at t/types.t line 362
# Looks like you failed 3 tests of 17.
# Failed test 'Test_Binary16'
# at t/types.t line 362.
# Failed test 'Single: Float accepts NaN'
# at t/types.t line 197.
# died: isa check for "Test_Single" failed: NaN is not a 32-bit binary floating point number! at t/types.t line 197.
# Test::Exception::lives_ok() called at t/types.t line 197
# main::__ANON__() called at /home/sand/src/perl/repoperls/installed-perls/perl/v5.25.3-10-g51787ac/f7bf/lib/5.25.4/Test/Builder.pm line 300
# eval {...} called at /home/sand/src/perl/repoperls/installed-perls/perl/v5.25.3-10-g51787ac/f7bf/lib/5.25.4/Test/Builder.pm line 300
# Test::Builder::subtest() called at /home/sand/src/perl/repoperls/installed-perls/perl/v5.25.3-10-g51787ac/f7bf/lib/5.25.4/Test/More.pm line 801
# Test::More::subtest() called at t/types.t line 362
# Failed test 'Single: Float accepts +inf'
# at t/types.t line 198.
# died: isa check for "Test_Single" failed: Inf is not a 32-bit binary floating point number! at t/types.t line 198.
# Test::Exception::lives_ok() called at t/types.t line 198
# main::__ANON__() called at /home/sand/src/perl/repoperls/installed-perls/perl/v5.25.3-10-g51787ac/f7bf/lib/5.25.4/Test/Builder.pm line 300
# eval {...} called at /home/sand/src/perl/repoperls/installed-perls/perl/v5.25.3-10-g51787ac/f7bf/lib/5.25.4/Test/Builder.pm line 300
# Test::Builder::subtest() called at /home/sand/src/perl/repoperls/installed-perls/perl/v5.25.3-10-g51787ac/f7bf/lib/5.25.4/Test/More.pm line 801
# Test::More::subtest() called at t/types.t line 362
# Failed test 'Single: Float accepts -inf'
# at t/types.t line 199.
# died: isa check for "Test_Single" failed: -Inf is not a 32-bit binary floating point number! at t/types.t line 199.
# Test::Exception::lives_ok() called at t/types.t line 199
# main::__ANON__() called at /home/sand/src/perl/repoperls/installed-perls/perl/v5.25.3-10-g51787ac/f7bf/lib/5.25.4/Test/Builder.pm line 300
# eval {...} called at /home/sand/src/perl/repoperls/installed-perls/perl/v5.25.3-10-g51787ac/f7bf/lib/5.25.4/Test/Builder.pm line 300
# Test::Builder::subtest() called at /home/sand/src/perl/repoperls/installed-perls/perl/v5.25.3-10-g51787ac/f7bf/lib/5.25.4/Test/More.pm line 801
# Test::More::subtest() called at t/types.t line 362
# Looks like you failed 3 tests of 17.
# Failed test 'Test_Single'
# at t/types.t line 362.
# Failed test 'Real: Float accepts NaN'
# at t/types.t line 197.
# died: isa check for "Test_Real" failed: 1 at t/types.t line 197.
# Test::Exception::lives_ok() called at t/types.t line 197
# main::__ANON__() called at /home/sand/src/perl/repoperls/installed-perls/perl/v5.25.3-10-g51787ac/f7bf/lib/5.25.4/Test/Builder.pm line 300
# eval {...} called at /home/sand/src/perl/repoperls/installed-perls/perl/v5.25.3-10-g51787ac/f7bf/lib/5.25.4/Test/Builder.pm line 300
# Test::Builder::subtest() called at /home/sand/src/perl/repoperls/installed-perls/perl/v5.25.3-10-g51787ac/f7bf/lib/5.25.4/Test/More.pm line 801
# Test::More::subtest() called at t/types.t line 362
# Failed test 'Real: Float accepts +inf'
# at t/types.t line 198.
# died: isa check for "Test_Real" failed: 1 at t/types.t line 198.
# Test::Exception::lives_ok() called at t/types.t line 198
# main::__ANON__() called at /home/sand/src/perl/repoperls/installed-perls/perl/v5.25.3-10-g51787ac/f7bf/lib/5.25.4/Test/Builder.pm line 300
# eval {...} called at /home/sand/src/perl/repoperls/installed-perls/perl/v5.25.3-10-g51787ac/f7bf/lib/5.25.4/Test/Builder.pm line 300
# Test::Builder::subtest() called at /home/sand/src/perl/repoperls/installed-perls/perl/v5.25.3-10-g51787ac/f7bf/lib/5.25.4/Test/More.pm line 801
# Test::More::subtest() called at t/types.t line 362
# Failed test 'Real: Float accepts -inf'
# at t/types.t line 199.
# died: isa check for "Test_Real" failed: 1 at t/types.t line 199.
# Test::Exception::lives_ok() called at t/types.t line 199
# main::__ANON__() called at /home/sand/src/perl/repoperls/installed-perls/perl/v5.25.3-10-g51787ac/f7bf/lib/5.25.4/Test/Builder.pm line 300
# eval {...} called at /home/sand/src/perl/repoperls/installed-perls/perl/v5.25.3-10-g51787ac/f7bf/lib/5.25.4/Test/Builder.pm line 300
# Test::Builder::subtest() called at /home/sand/src/perl/repoperls/installed-perls/perl/v5.25.3-10-g51787ac/f7bf/lib/5.25.4/Test/More.pm line 801
# Test::More::subtest() called at t/types.t line 362
# Looks like you failed 3 tests of 17.
# Failed test 'Test_Real'
# at t/types.t line 362.
# Failed test 'Float: Float accepts NaN'
# at t/types.t line 197.
# died: isa check for "Test_Float" failed: 1 at t/types.t line 197.
# Test::Exception::lives_ok() called at t/types.t line 197
# main::__ANON__() called at /home/sand/src/perl/repoperls/installed-perls/perl/v5.25.3-10-g51787ac/f7bf/lib/5.25.4/Test/Builder.pm line 300
# eval {...} called at /home/sand/src/perl/repoperls/installed-perls/perl/v5.25.3-10-g51787ac/f7bf/lib/5.25.4/Test/Builder.pm line 300
# Test::Builder::subtest() called at /home/sand/src/perl/repoperls/installed-perls/perl/v5.25.3-10-g51787ac/f7bf/lib/5.25.4/Test/More.pm line 801
# Test::More::subtest() called at t/types.t line 362
# Failed test 'Float: Float accepts +inf'
# at t/types.t line 198.
# died: isa check for "Test_Float" failed: 1 at t/types.t line 198.
# Test::Exception::lives_ok() called at t/types.t line 198
# main::__ANON__() called at /home/sand/src/perl/repoperls/installed-perls/perl/v5.25.3-10-g51787ac/f7bf/lib/5.25.4/Test/Builder.pm line 300
# eval {...} called at /home/sand/src/perl/repoperls/installed-perls/perl/v5.25.3-10-g51787ac/f7bf/lib/5.25.4/Test/Builder.pm line 300
# Test::Builder::subtest() called at /home/sand/src/perl/repoperls/installed-perls/perl/v5.25.3-10-g51787ac/f7bf/lib/5.25.4/Test/More.pm line 801
# Test::More::subtest() called at t/types.t line 362
# Failed test 'Float: Float accepts -inf'
# at t/types.t line 199.
# died: isa check for "Test_Float" failed: 1 at t/types.t line 199.
# Test::Exception::lives_ok() called at t/types.t line 199
# main::__ANON__() called at /home/sand/src/perl/repoperls/installed-perls/perl/v5.25.3-10-g51787ac/f7bf/lib/5.25.4/Test/Builder.pm line 300
# eval {...} called at /home/sand/src/perl/repoperls/installed-perls/perl/v5.25.3-10-g51787ac/f7bf/lib/5.25.4/Test/Builder.pm line 300
# Test::Builder::subtest() called at /home/sand/src/perl/repoperls/installed-perls/perl/v5.25.3-10-g51787ac/f7bf/lib/5.25.4/Test/More.pm line 801
# Test::More::subtest() called at t/types.t line 362
# Looks like you failed 3 tests of 17.
# Failed test 'Test_Float'
# at t/types.t line 362.
# Failed test 'Float32: Float accepts NaN'
# at t/types.t line 197.
# died: isa check for "Test_Float32" failed: 1 at t/types.t line 197.
# Test::Exception::lives_ok() called at t/types.t line 197
# main::__ANON__() called at /home/sand/src/perl/repoperls/installed-perls/perl/v5.25.3-10-g51787ac/f7bf/lib/5.25.4/Test/Builder.pm line 300
# eval {...} called at /home/sand/src/perl/repoperls/installed-perls/perl/v5.25.3-10-g51787ac/f7bf/lib/5.25.4/Test/Builder.pm line 300
# Test::Builder::subtest() called at /home/sand/src/perl/repoperls/installed-perls/perl/v5.25.3-10-g51787ac/f7bf/lib/5.25.4/Test/More.pm line 801
# Test::More::subtest() called at t/types.t line 362
# Failed test 'Float32: Float accepts +inf'
# at t/types.t line 198.
# died: isa check for "Test_Float32" failed: 1 at t/types.t line 198.
# Test::Exception::lives_ok() called at t/types.t line 198
# main::__ANON__() called at /home/sand/src/perl/repoperls/installed-perls/perl/v5.25.3-10-g51787ac/f7bf/lib/5.25.4/Test/Builder.pm line 300
# eval {...} called at /home/sand/src/perl/repoperls/installed-perls/perl/v5.25.3-10-g51787ac/f7bf/lib/5.25.4/Test/Builder.pm line 300
# Test::Builder::subtest() called at /home/sand/src/perl/repoperls/installed-perls/perl/v5.25.3-10-g51787ac/f7bf/lib/5.25.4/Test/More.pm line 801
# Test::More::subtest() called at t/types.t line 362
# Failed test 'Float32: Float accepts -inf'
# at t/types.t line 199.
# died: isa check for "Test_Float32" failed: 1 at t/types.t line 199.
# Test::Exception::lives_ok() called at t/types.t line 199
# main::__ANON__() called at /home/sand/src/perl/repoperls/installed-perls/perl/v5.25.3-10-g51787ac/f7bf/lib/5.25.4/Test/Builder.pm line 300
# eval {...} called at /home/sand/src/perl/repoperls/installed-perls/perl/v5.25.3-10-g51787ac/f7bf/lib/5.25.4/Test/Builder.pm line 300
# Test::Builder::subtest() called at /home/sand/src/perl/repoperls/installed-perls/perl/v5.25.3-10-g51787ac/f7bf/lib/5.25.4/Test/More.pm line 801
# Test::More::subtest() called at t/types.t line 362
# Looks like you failed 3 tests of 17.
# Failed test 'Test_Float32'
# at t/types.t line 362.
# Failed test 'Binary32: Float accepts NaN'
# at t/types.t line 197.
# died: isa check for "Test_Binary32" failed: 1 at t/types.t line 197.
# Test::Exception::lives_ok() called at t/types.t line 197
# main::__ANON__() called at /home/sand/src/perl/repoperls/installed-perls/perl/v5.25.3-10-g51787ac/f7bf/lib/5.25.4/Test/Builder.pm line 300
# eval {...} called at /home/sand/src/perl/repoperls/installed-perls/perl/v5.25.3-10-g51787ac/f7bf/lib/5.25.4/Test/Builder.pm line 300
# Test::Builder::subtest() called at /home/sand/src/perl/repoperls/installed-perls/perl/v5.25.3-10-g51787ac/f7bf/lib/5.25.4/Test/More.pm line 801
# Test::More::subtest() called at t/types.t line 362
# Failed test 'Binary32: Float accepts +inf'
# at t/types.t line 198.
# died: isa check for "Test_Binary32" failed: 1 at t/types.t line 198.
# Test::Exception::lives_ok() called at t/types.t line 198
# main::__ANON__() called at /home/sand/src/perl/repoperls/installed-perls/perl/v5.25.3-10-g51787ac/f7bf/lib/5.25.4/Test/Builder.pm line 300
# eval {...} called at /home/sand/src/perl/repoperls/installed-perls/perl/v5.25.3-10-g51787ac/f7bf/lib/5.25.4/Test/Builder.pm line 300
# Test::Builder::subtest() called at /home/sand/src/perl/repoperls/installed-perls/perl/v5.25.3-10-g51787ac/f7bf/lib/5.25.4/Test/More.pm line 801
# Test::More::subtest() called at t/types.t line 362
# Failed test 'Binary32: Float accepts -inf'
# at t/types.t line 199.
# died: isa check for "Test_Binary32" failed: 1 at t/types.t line 199.
# Test::Exception::lives_ok() called at t/types.t line 199
# main::__ANON__() called at /home/sand/src/perl/repoperls/installed-perls/perl/v5.25.3-10-g51787ac/f7bf/lib/5.25.4/Test/Builder.pm line 300
# eval {...} called at /home/sand/src/perl/repoperls/installed-perls/perl/v5.25.3-10-g51787ac/f7bf/lib/5.25.4/Test/Builder.pm line 300
# Test::Builder::subtest() called at /home/sand/src/perl/repoperls/installed-perls/perl/v5.25.3-10-g51787ac/f7bf/lib/5.25.4/Test/More.pm line 801
# Test::More::subtest() called at t/types.t line 362
# Looks like you failed 3 tests of 17.
# Failed test 'Test_Binary32'
# at t/types.t line 362.
# Looks like you failed 9 tests of 92.
t/types.t .....................
Dubious, test returned 9 (wstat 2304, 0x900)
Failed 9/92 subtests
Test Summary Report
-------------------
t/types.t (Wstat: 2304 Tests: 92 Failed: 9)
Failed tests: 62-70
Non-zero exit status: 9
Files=5, Tests=106, 6 wallclock secs ( 0.25 usr 0.06 sys + 5.30 cusr 0.28 csys = 5.89 CPU)
Result: FAIL
Failed 1/5 test programs. 9/106 subtests failed.
Makefile:852: recipe for target 'test_dynamic' failed
make: *** [test_dynamic] Error 9
------------------------------
PREREQUISITES
------------------------------
Prerequisite modules loaded:
requires:
Module Need Have
---------------------- -------- --------
Data::Float 0.008 0.012
MooX::Types::MooseLike 0.06 0.29
sanity 0.91 1.03
build_requires:
Module Need Have
---------------------- -------- --------
Moo 0.009001 2.002004
Test::CheckDeps 0.002 0.010
Test::Exception 0.27 0.43
Test::UseAllModules 0.10 0.17
------------------------------
ENVIRONMENT AND OTHER CONTEXT
------------------------------
Environment variables:
AUTOMATED_TESTING = 1
LANG = en_US.UTF-8
LANGUAGE = en_US:en
PATH = /usr/lib/ccache:/home/sand/bin:/usr/local/bin:/usr/bin:/bin:/usr/games:/usr/local/perl/bin:/usr/X11/bin:/sbin:/usr/sbin
PERL5LIB =
PERL5OPT =
PERL5_CPANPLUS_IS_RUNNING = 8784
PERL5_CPAN_IS_RUNNING = 8784
PERL_CANARY_STABILITY_NOPROMPT = 1
PERL_MM_USE_DEFAULT = 1
SHELL = /usr/bin/zsh
TERM = screen
Perl special variables (and OS-specific diagnostics, for MSWin32):
$^X = /tmp/basesmoker-reloperl-p5qR/bin/perl
$UID/$EUID = 1005 / 1005
$GID = 1005 1005
$EGID = 1005 1005
Perl module toolchain versions installed:
Module Have
------------------- --------
CPAN 2.15
CPAN::Meta 2.150005
Cwd 3.64
ExtUtils::CBuilder 0.280225
ExtUtils::Command 7.18
ExtUtils::Install 2.04
ExtUtils::MakeMaker 7.18
ExtUtils::Manifest 1.70
ExtUtils::ParseXS 3.33
File::Spec 3.64
JSON 2.90
JSON::PP 2.27400
Module::Build 0.4218
Module::Signature 0.80
Parse::CPAN::Meta 1.4422
Test::Harness 3.36
Test::More 1.302045
YAML 1.18
YAML::Syck 1.29
version 0.9917
--
Summary of my perl5 (revision 5 version 25 subversion 4) configuration:
Commit id: 51787acf7725ae7cd885f261996c34c0c59a0a3e
Platform:
osname=linux
osvers=4.3.0-1-amd64
archname=x86_64-linux-thread-multi
uname='linux k83 4.3.0-1-amd64 #1 smp debian 4.3.3-7 (2016-01-19) x86_64 gnulinux '
config_args='-Dprefix=/home/sand/src/perl/repoperls/installed-perls/perl/v5.25.3-10-g51787ac/f7bf -Dmyhostname=k83 -Dinstallusrbinperl=n -Uversiononly -Dusedevel -des -Ui_db -Dlibswanted=cl pthread socket inet nsl gdbm dbm malloc dl ld sun m crypt sec util c cposix posix ucb BSD gdbm_compat -Duseithreads -Uuselongdouble -DDEBUGGING=-g'
hint=recommended
useposix=true
d_sigaction=define
useithreads=define
usemultiplicity=define
use64bitint=define
use64bitall=define
uselongdouble=undef
usemymalloc=n
bincompat5005=undef
Compiler:
cc='cc'
ccflags ='-D_REENTRANT -D_GNU_SOURCE -fwrapv -fno-strict-aliasing -pipe -fstack-protector-strong -I/usr/local/include -D_LARGEFILE_SOURCE -D_FILE_OFFSET_BITS=64 -D_FORTIFY_SOURCE=2'
optimize='-O2 -g'
cppflags='-D_REENTRANT -D_GNU_SOURCE -fwrapv -fno-strict-aliasing -pipe -fstack-protector-strong -I/usr/local/include'
ccversion=''
gccversion='5.3.1 20160121'
gccosandvers=''
intsize=4
longsize=8
ptrsize=8
doublesize=8
byteorder=12345678
doublekind=3
d_longlong=define
longlongsize=8
d_longdbl=define
longdblsize=16
longdblkind=3
ivtype='long'
ivsize=8
nvtype='double'
nvsize=8
Off_t='off_t'
lseeksize=8
alignbytes=8
prototype=define
Linker and Libraries:
ld='cc'
ldflags =' -fstack-protector-strong -L/usr/local/lib'
libpth=/usr/local/lib /usr/lib/gcc/x86_64-linux-gnu/5/include-fixed /usr/include/x86_64-linux-gnu /usr/lib /lib/x86_64-linux-gnu /lib/../lib /usr/lib/x86_64-linux-gnu /usr/lib/../lib /lib
libs=-lpthread -lnsl -lgdbm -ldl -lm -lcrypt -lutil -lc -lgdbm_compat
perllibs=-lpthread -lnsl -ldl -lm -lcrypt -lutil -lc
libc=libc-2.21.so
so=so
useshrplib=false
libperl=libperl.a
gnulibc_version='2.21'
Dynamic Linking:
dlsrc=dl_dlopen.xs
dlext=so
d_dlsymun=undef
ccdlflags='-Wl,-E'
cccdlflags='-fPIC'
lddlflags='-shared -O2 -g -L/usr/local/lib -fstack-protector-strong'
Characteristics of this binary (from libperl):
Compile-time options:
HAS_TIMES
MULTIPLICITY
PERLIO_LAYERS
PERL_COPY_ON_WRITE
PERL_DONT_CREATE_GVSV
PERL_HASH_FUNC_ONE_AT_A_TIME_HARD
PERL_IMPLICIT_CONTEXT
PERL_MALLOC_WRAP
PERL_OP_PARENT
PERL_PRESERVE_IVUV
PERL_USE_DEVEL
USE_64_BIT_ALL
USE_64_BIT_INT
USE_ITHREADS
USE_LARGE_FILES
USE_LOCALE
USE_LOCALE_COLLATE
USE_LOCALE_CTYPE
USE_LOCALE_NUMERIC
USE_LOCALE_TIME
USE_PERLIO
USE_PERL_ATOF
USE_REENTRANT_API
Built under linux
Compiled at Jul 23 2016 01:20:23
%ENV:
PERL5LIB=""
PERL5OPT=""
PERL5_CPANPLUS_IS_RUNNING="8784"
PERL5_CPAN_IS_RUNNING="8784"
PERL_CANARY_STABILITY_NOPROMPT="1"
PERL_MM_USE_DEFAULT="1"
@INC:
/home/sand/src/perl/repoperls/installed-perls/perl/v5.25.3-10-g51787ac/f7bf/lib/site_perl/5.25.4/x86_64-linux-thread-multi
/home/sand/src/perl/repoperls/installed-perls/perl/v5.25.3-10-g51787ac/f7bf/lib/site_perl/5.25.4
/home/sand/src/perl/repoperls/installed-perls/perl/v5.25.3-10-g51787ac/f7bf/lib/5.25.4/x86_64-linux-thread-multi
/home/sand/src/perl/repoperls/installed-perls/perl/v5.25.3-10-g51787ac/f7bf/lib/5.25.4
.