Back
From: metabase:user:9820532a-708b-1014-9a05-b18a96298da1
Subject: FAIL Pod-Extract-URI-0.3 v5.12.3 GNU/Linux
Date: 2011-06-04T05:25:20Z
This distribution has been tested as part of the CPAN Testers
project, supporting the Perl programming language. See
http://wiki.cpantesters.org/ for more information or email
questions to cpan-testers-discuss@perl.org
--
Dear Ian Malpass,
This is a computer-generated report for Pod-Extract-URI-0.3
on perl 5.12.3, created by CPAN-Reporter-1.1902.
Thank you for uploading your work to CPAN. However, there was a problem
testing your distribution.
If you think this report is invalid, please consult the CPAN Testers Wiki
for suggestions on how to avoid getting FAIL reports for missing library
or binary dependencies, unsupported operating systems, and so on:
http://wiki.cpantesters.org/wiki/CPANAuthorNotes
Sections of this report:
* Tester comments
* Program output
* Prerequisites
* Environment and other context
------------------------------
TESTER COMMENTS
------------------------------
Additional comments from tester:
this report is from an automated smoke testing program
and was not reviewed by a human for accuracy
------------------------------
PROGRAM OUTPUT
------------------------------
Output from './Build test':
t/command.t ....... ok
t/int_seq.t ....... ok
t/new.t ........... ok
t/pod-coverage.t .. skipped: Test::Pod::Coverage 1.00 required for testing POD coverage
t/pod.t ........... ok
t/schemes.t ....... ok
t/setter.t ........ ok
t/stop_sub.t ...... ok
t/stop_uris.t ..... ok
t/synopsis.t ...... ok
t/textblock.t ..... ok
# Failed test at t/uri_details.t line 41.
# got: 'http://www.google.com/'
# expected: '<URL:http://www.google.com/>'
# Failed test at t/uri_details.t line 48.
# got: '3'
# expected: '4'
# Failed test at t/uri_details.t line 50.
# got: undef
# expected: '<URL:http://www.google.com/>'
# Failed test at t/uri_details.t line 51.
# got: undef
# expected: '<URL:http://www.google.com/>'
# Looks like you failed 4 tests of 19.
t/uri_details.t ...
Dubious, test returned 4 (wstat 1024, 0x400)
Failed 4/19 subtests
t/verbatim.t ...... ok
Test Summary Report
-------------------
t/uri_details.t (Wstat: 1024 Tests: 19 Failed: 4)
Failed tests: 16-19
Non-zero exit status: 4
Files=13, Tests=93, 1 wallclock secs ( 0.06 usr 0.03 sys + 0.67 cusr 0.15 csys = 0.91 CPU)
Result: FAIL
Failed 1/13 test programs. 4/93 subtests failed.
------------------------------
PREREQUISITES
------------------------------
Prerequisite modules loaded:
requires:
Module Need Have
--------------------- ---- --------
Carp 0 1.17
Pod::Escapes 0 1.04
Pod::Parser 0 1.37
URI::Find 0 20100505
URI::Find::Schemeless 0 20100505
build_requires:
Module Need Have
--------------------- ---- --------
Module::Build 0 0.3603
Test::More 0 0.98
------------------------------
ENVIRONMENT AND OTHER CONTEXT
------------------------------
Environment variables:
AUTOMATED_TESTING = 1
LANG = C
LC_ALL = C
PATH = /home/test/bin:/home/test/perl5/perlbrew/bin:/home/test/perl5/perlbrew/perls/perl-5.12.3/bin:~/bin:/usr/bin:/bin
PATH_WITHOUT_PERLBREW = ~/bin:/usr/bin:/bin
PERL5LIB = /home/test/.cpan/build/URI-Find-20100505-eLrJ71/blib/arch:/home/test/.cpan/build/URI-Find-20100505-eLrJ71/blib/lib
PERL5OPT =
PERL5_CPANPLUS_IS_RUNNING = 31174
PERL5_CPAN_IS_RUNNING = 31174
PERL5_CPAN_IS_RUNNING_IN_RECURSION = 6542,31174
PERLBREW_PATH = /home/test/perl5/perlbrew/bin:/home/test/perl5/perlbrew/perls/perl-5.12.3/bin
PERLBREW_PERL = perl-5.12.3
PERLBREW_ROOT = /home/test/perl5/perlbrew
PERLBREW_VERSION = 0.21
PERL_CR_SMOKER_CURRENT = Pod-Extract-URI-0.3
PERL_EXTUTILS_AUTOINSTALL = --defaultdeps
PERL_MM_USE_DEFAULT = 1
SHELL = /bin/bash
TERM = linux
Perl special variables (and OS-specific diagnostics, for MSWin32):
$^X = /home/test/perl5/perlbrew/perls/perl-5.12.3/bin/perl
$UID/$EUID = 1001 / 1001
$GID = 1001 1001
$EGID = 1001 1001
Perl module toolchain versions installed:
Module Have
------------------- -------
CPAN 1.94_56
Cwd 3.31
ExtUtils::CBuilder 0.27
ExtUtils::Command 1.16
ExtUtils::Install 1.55
ExtUtils::MakeMaker 6.56
ExtUtils::Manifest 1.57
ExtUtils::ParseXS 2.21
File::Spec 3.31_01
Module::Build 0.3603
Module::Signature n/a
Test::Harness 3.17
Test::More 0.98
YAML 0.73
YAML::Syck 1.17
version 0.82
--
Summary of my perl5 (revision 5 version 12 subversion 3) configuration:
Platform:
osname=linux, osvers=2.6.35-28-generic, archname=x86_64-linux-thread-multi-ld
uname='linux zippy 2.6.35-28-generic #50-ubuntu smp fri mar 18 18:42:20 utc 2011 x86_64 gnulinux '
config_args='-de -Dprefix=/home/test/perl5/perlbrew/perls/perl-5.12.3 -Duselongdouble -Duse64bitall -Dusethreads'
hint=recommended, useposix=true, d_sigaction=define
useithreads=define, usemultiplicity=define
useperlio=define, d_sfio=undef, uselargefiles=define, usesocks=undef
use64bitint=define, use64bitall=define, uselongdouble=define
usemymalloc=n, bincompat5005=undef
Compiler:
cc='cc', ccflags ='-D_REENTRANT -D_GNU_SOURCE -fno-strict-aliasing -pipe -fstack-protector -I/usr/local/include -D_LARGEFILE_SOURCE -D_FILE_OFFSET_BITS=64',
optimize='-O2',
cppflags='-D_REENTRANT -D_GNU_SOURCE -fno-strict-aliasing -pipe -fstack-protector -I/usr/local/include'
ccversion='', gccversion='4.4.5', gccosandvers=''
intsize=4, longsize=8, ptrsize=8, doublesize=8, byteorder=12345678
d_longlong=define, longlongsize=8, d_longdbl=define, longdblsize=16
ivtype='long', ivsize=8, nvtype='long double', nvsize=16, Off_t='off_t', lseeksize=8
alignbytes=16, prototype=define
Linker and Libraries:
ld='cc', ldflags =' -fstack-protector -L/usr/local/lib'
libpth=/usr/local/lib /lib/../lib /usr/lib/../lib /lib /usr/lib /usr/lib/x86_64-linux-gnu /lib64 /usr/lib64
libs=-lnsl -ldl -lm -lcrypt -lutil -lpthread -lc
perllibs=-lnsl -ldl -lm -lcrypt -lutil -lpthread -lc
libc=/lib/libc-2.12.1.so, so=so, useshrplib=false, libperl=libperl.a
gnulibc_version='2.12.1'
Dynamic Linking:
dlsrc=dl_dlopen.xs, dlext=so, d_dlsymun=undef, ccdlflags='-Wl,-E'
cccdlflags='-fPIC', lddlflags='-shared -O2 -L/usr/local/lib -fstack-protector'
Characteristics of this binary (from libperl):
Compile-time options: MULTIPLICITY PERL_DONT_CREATE_GVSV
PERL_IMPLICIT_CONTEXT PERL_MALLOC_WRAP USE_64_BIT_ALL
USE_64_BIT_INT USE_ITHREADS USE_LARGE_FILES
USE_LONG_DOUBLE USE_PERLIO USE_PERL_ATOF
USE_REENTRANT_API
Built under linux
Compiled at May 25 2011 13:43:35
%ENV:
PERL5LIB="/home/test/.cpan/build/URI-Find-20100505-eLrJ71/blib/arch:/home/test/.cpan/build/URI-Find-20100505-eLrJ71/blib/lib"
PERL5OPT=""
PERL5_CPANPLUS_IS_RUNNING="31174"
PERL5_CPAN_IS_RUNNING="31174"
PERL5_CPAN_IS_RUNNING_IN_RECURSION="6542,31174"
PERLBREW_PATH="/home/test/perl5/perlbrew/bin:/home/test/perl5/perlbrew/perls/perl-5.12.3/bin"
PERLBREW_PERL="perl-5.12.3"
PERLBREW_ROOT="/home/test/perl5/perlbrew"
PERLBREW_VERSION="0.21"
PERL_CR_SMOKER_CURRENT="Pod-Extract-URI-0.3"
PERL_EXTUTILS_AUTOINSTALL="--defaultdeps"
PERL_MM_USE_DEFAULT="1"
@INC:
/home/test/.cpan/build/URI-Find-20100505-eLrJ71/blib/arch
/home/test/.cpan/build/URI-Find-20100505-eLrJ71/blib/lib
/home/test/perl5/perlbrew/perls/perl-5.12.3/lib/site_perl/5.12.3/x86_64-linux-thread-multi-ld
/home/test/perl5/perlbrew/perls/perl-5.12.3/lib/site_perl/5.12.3
/home/test/perl5/perlbrew/perls/perl-5.12.3/lib/5.12.3/x86_64-linux-thread-multi-ld
/home/test/perl5/perlbrew/perls/perl-5.12.3/lib/5.12.3
.