Report for HTML-FromText-2.05

Back
From: metabase:user:30f0bd62-2aae-11df-837a-5e0a49663a4f
Subject: FAIL HTML-FromText-2.05 v5.14.3 NetBSD
Date: 2012-11-08T19:39:41Z

This distribution has been tested as part of the CPAN Testers
project, supporting the Perl programming language.  See
http://wiki.cpantesters.org/ for more information or email
questions to cpan-testers-discuss@perl.org


--
Dear Casey West,

This is a computer-generated report for HTML-FromText-2.05
on perl 5.14.3, created by CPAN-Reporter-1.2006.

Thank you for uploading your work to CPAN.  However, there was a problem
testing your distribution.

If you think this report is invalid, please consult the CPAN Testers Wiki
for suggestions on how to avoid getting FAIL reports for missing library
or binary dependencies, unsupported operating systems, and so on:

http://wiki.cpantesters.org/wiki/CPANAuthorNotes

Sections of this report:

    * Tester comments
    * Program output
    * Prerequisites
    * Environment and other context

------------------------------
TESTER COMMENTS
------------------------------

Additional comments from tester:

this report is from an automated smoke testing program
and was not reviewed by a human for accuracy

------------------------------
PROGRAM OUTPUT
------------------------------

Output from '/usr/bin/make test':

PERL_DL_NONLAZY=1 /home/sts/cpansmoke/perl-5.14.3/bin/perl "-MExtUtils::Command::MM" "-e" "test_harness(0, 'blib/lib', 'blib/arch')" t/*.t

#   Failed test 'indented tables with normal para'
#   at t/01_features.t line 286.
#          got: '<table class="hft-tables">
#   <tr><td>http://www.pm.org</td><td>Perl Mongers</td></tr>
#   <tr><td>http://perl.com</td><td>O&#39;Reilly Perl Center</td></tr>
#   <tr><td>http://lists.perl.org</td><td>List of Mailing Lists</td></tr>
#   <tr><td>http://use.perl.org</td><td>Perl News and Community Journals</td></tr>
#   <tr><td>http://perl.apache.org</td><td>mod_perl</td></tr>
#   <tr><td>http://theperlreview.com</td><td>The Perl Review</td></tr>
# </table>
# '
#     expected: '<table class="hft-tables">
#   <tr><td>http://www.pm.org</td><td>Perl Mongers</td></tr>
#   <tr><td>http://perl.com</td><td>O'Reilly Perl Center</td></tr>
#   <tr><td>http://lists.perl.org</td><td>List of Mailing Lists</td></tr>
#   <tr><td>http://use.perl.org</td><td>Perl News and Community Journals</td></tr>
#   <tr><td>http://perl.apache.org</td><td>mod_perl</td></tr>
#   <tr><td>http://theperlreview.com</td><td>The Perl Review</td></tr>
# </table>
# '
# Looks like you failed 1 test of 28.
t/01_features.t .. 
Dubious, test returned 1 (wstat 256, 0x100)
Failed 1/28 subtests 

#   Failed test 'complex bullets'
#   at t/02_v2.01.t line 78.
#          got: '<ul class="hft-bullets">
# <li> Fast, powerful and extensible template processing system. </li>
#  <ul class="hft-bullets">
#  <li>         Powerful presentation language supports all standard templating directives, e.g. variable substitution, includes, conditionals,
#           loops. </li>
#    <ul class="hft-bullets">
#    <li>       Many additional features such as output filtering, exception handling, macro definition, support for plugin objects, definition
#           of template metadata, embedded Perl code (only enabled by EVAL_PERL option), definition of template blocks, a &#39;switch&#39;
#           statement, and more. </li>
#    <li>       Full support for complex Perl data types such as hashes, lists, objects and sub-routine references. </li>
#    </ul>
#   <li>        Clear separation of concerns between user interface (templates), application code (Perl objects/sub-routines) and data
#           (Perl data). </li>
#    <ul class="hft-bullets">
#    <li>       Programmer-centric back end, allowing application logic and data structures to be built in Perl. </li>
#    <li>       Designer-centric front end, hiding underlying complexity behind simple variable access. </li>
#    <li>       Templates are compiled to Perl code for maximum runtime efficiency and performance. Compiled templates are cached
#           and can be written to disk in &quot;compiled form&quot; (e.g. Perl code) to achieve cache persistance. </li>
#     <ul class="hft-bullets">
#     <li>      Well suited to online dynamic web content generation (e.g. Apache/mod_perl). </li>
#     <li>      Also has excellent support for offline batch processing for generating static pages (e.g. HTML, POD, LaTeX, PostScript,
#           plain text) from source templates. </li>
#      <ul class="hft-bullets">
#      <li>     Comprehensive documentation including tutorial and reference manuals. </li>
#      <li>     Fully Open Source and Free </li>
# </ul>
# </ul>
# </ul>
# </ul>
# </ul>
# '
#     expected: '<ul class="hft-bullets">
# <li> Fast, powerful and extensible template processing system. </li>
#  <ul class="hft-bullets">
#  <li>         Powerful presentation language supports all standard templating directives, e.g. variable substitution, includes, conditionals,
#           loops. </li>
#    <ul class="hft-bullets">
#    <li>       Many additional features such as output filtering, exception handling, macro definition, support for plugin objects, definition
#           of template metadata, embedded Perl code (only enabled by EVAL_PERL option), definition of template blocks, a 'switch'
#           statement, and more. </li>
#    <li>       Full support for complex Perl data types such as hashes, lists, objects and sub-routine references. </li>
#    </ul>
#   <li>        Clear separation of concerns between user interface (templates), application code (Perl objects/sub-routines) and data
#           (Perl data). </li>
#    <ul class="hft-bullets">
#    <li>       Programmer-centric back end, allowing application logic and data structures to be built in Perl. </li>
#    <li>       Designer-centric front end, hiding underlying complexity behind simple variable access. </li>
#    <li>       Templates are compiled to Perl code for maximum runtime efficiency and performance. Compiled templates are cached
#           and can be written to disk in &quot;compiled form&quot; (e.g. Perl code) to achieve cache persistance. </li>
#     <ul class="hft-bullets">
#     <li>      Well suited to online dynamic web content generation (e.g. Apache/mod_perl). </li>
#     <li>      Also has excellent support for offline batch processing for generating static pages (e.g. HTML, POD, LaTeX, PostScript,
#           plain text) from source templates. </li>
#      <ul class="hft-bullets">
#      <li>     Comprehensive documentation including tutorial and reference manuals. </li>
#      <li>     Fully Open Source and Free </li>
# </ul>
# </ul>
# </ul>
# </ul>
# </ul>
# '
# Looks like you failed 1 test of 6.
t/02_v2.01.t ..... 
Dubious, test returned 1 (wstat 256, 0x100)
Failed 1/6 subtests 
t/03_v2.02.t ..... ok
t/04_v2.03.t ..... ok
t/05_v2.04.t ..... ok
t/06_v2.05.t ..... ok
t/99_pod.t ....... skipped: Test::Pod v0.95 required for testing POD

Test Summary Report
-------------------
t/01_features.t (Wstat: 256 Tests: 28 Failed: 1)
  Failed test:  28
  Non-zero exit status: 1
t/02_v2.01.t   (Wstat: 256 Tests: 6 Failed: 1)
  Failed test:  6
  Non-zero exit status: 1
Files=7, Tests=47,  1 wallclock secs ( 0.08 usr  0.04 sys +  0.50 cusr  0.33 csys =  0.95 CPU)
Result: FAIL
Failed 2/7 test programs. 2/47 subtests failed.
*** Error code 255

Stop.
make: stopped in /home/sts/cpansmoke/perl-5.14.3/cpan/build/HTML-FromText-2.05-sbea0m

------------------------------
PREREQUISITES
------------------------------

Prerequisite modules loaded:

requires:

    Module                Need    Have     
    --------------------- ------- ---------
    Email::Find::addrspec 0.09    0.09     
    Exporter::Lite        0.01    0.02     
    HTML::Entities        1.26    3.69     
    Scalar::Util          1.12    1.23     
    Test::More            0.47    0.98     
    Text::Tabs            98.1128 2009.0305

build_requires:

    Module                Need    Have     
    --------------------- ------- ---------
    ExtUtils::MakeMaker   0       6.57_05  


------------------------------
ENVIRONMENT AND OTHER CONTEXT
------------------------------

Environment variables:

    AUTOMATED_TESTING = 1
    PATH = /home/sts/bin:/bin:/sbin:/usr/bin:/usr/sbin:/usr/X11R7/bin:/usr/X11R6/bin:/usr/pkg/bin:/usr/pkg/sbin:/usr/games:/usr/local/bin:/usr/local/sbin
    PERL5LIB = /home/sts/cpansmoke/perl-5.14.3/cpan/build/Email-Find-0.10-4W1luy/blib/arch:/home/sts/cpansmoke/perl-5.14.3/cpan/build/Email-Find-0.10-4W1luy/blib/lib:/home/sts/cpansmoke/perl-5.14.3/cpan/build/Email-Valid-0.190-8CVjlx/blib/arch:/home/sts/cpansmoke/perl-5.14.3/cpan/build/Email-Valid-0.190-8CVjlx/blib/lib:/home/sts/cpansmoke/perl-5.14.3/cpan/build/MailTools-2.11-9XuhGE/blib/arch:/home/sts/cpansmoke/perl-5.14.3/cpan/build/MailTools-2.11-9XuhGE/blib/lib:/home/sts/cpansmoke/perl-5.14.3/cpan/build/Exporter-Lite-0.02-ksMUGi/blib/arch:/home/sts/cpansmoke/perl-5.14.3/cpan/build/Exporter-Lite-0.02-ksMUGi/blib/lib:/home/sts/cpansmoke/perl-5.14.3/cpan/build/TimeDate-1.20-MDqSF2/blib/arch:/home/sts/cpansmoke/perl-5.14.3/cpan/build/TimeDate-1.20-MDqSF2/blib/lib:/home/sts/cpansmoke/perl-5.14.3/cpan/build/Template-Toolkit-2.24-ArRhd2/blib/arch:/home/sts/cpansmoke/perl-5.14.3/cpan/build/Template-Toolkit-2.24-ArRhd2/blib/lib:/home/sts/cpansmoke/perl-5.14.3/cpan/build/AppConfig-1.66-B5_xfY/blib/arch:/home/sts/cpansmoke/perl-5.14.3/cpan/build/AppConfig-1.66-B5_xfY/blib/lib:/home/sts/cpansmoke/perl-5.14.3/cpan/build/Locale-Maketext-Lexicon-0.91-B2B9mL/blib/arch:/home/sts/cpansmoke/perl-5.14.3/cpan/build/Locale-Maketext-Lexicon-0.91-B2B9mL/blib/lib:/home/sts/cpansmoke/perl-5.14.3/cpan/build/Test-use-ok-0.11-RRJwDg/blib/arch:/home/sts/cpansmoke/perl-5.14.3/cpan/build/Test-use-ok-0.11-RRJwDg/blib/lib
    PERL5OPT = 
    PERL5_CPANPLUS_IS_RUNNING = 17808
    PERL5_CPAN_IS_RUNNING = 17808
    PERL5_CPAN_IS_RUNNING_IN_RECURSION = 7821,17808
    PERL_CR_SMOKER_CURRENT = Slash-OurNet-1.41
    PERL_EXTUTILS_AUTOINSTALL = --defaultdeps
    PERL_MM_USE_DEFAULT = 1
    SHELL = /usr/pkg/bin/bash
    TERM = screen
    TMPDIR = /home/sts/cpansmoke/tmp

Perl special variables (and OS-specific diagnostics, for MSWin32):

    $^X = /home/sts/cpansmoke/perl-5.14.3/bin/perl
    $UID/$EUID = 1000 / 1000
    $GID = 100 100 0
    $EGID = 100 100 0

Perl module toolchain versions installed:

    Module              Have    
    ------------------- --------
    CPAN                1.9800  
    CPAN::Meta          2.110440
    Cwd                 3.36    
    ExtUtils::CBuilder  0.280203
    ExtUtils::Command   1.17    
    ExtUtils::Install   1.56    
    ExtUtils::MakeMaker 6.57_05 
    ExtUtils::Manifest  1.58    
    ExtUtils::ParseXS   2.2210  
    File::Spec          3.33    
    JSON                2.53    
    JSON::PP            2.27105 
    Module::Build       0.3800  
    Module::Signature   n/a     
    Parse::CPAN::Meta   1.4401  
    Test::Harness       3.23    
    Test::More          0.98    
    YAML                n/a     
    YAML::Syck          n/a     
    version             0.88    


--

Summary of my perl5 (revision 5 version 14 subversion 3) configuration:
   
  Platform:
    osname=netbsd, osvers=6.0, archname=i386-netbsd-thread-multi
    uname='netbsd cpansmoke2 6.0 netbsd 6.0 (xen3_domu) i386 '
    config_args='-des -Dusethreads -Dprefix=/home/sts/cpansmoke/perl-5.14.3'
    hint=recommended, useposix=true, d_sigaction=define
    useithreads=define, usemultiplicity=define
    useperlio=define, d_sfio=undef, uselargefiles=define, usesocks=undef
    use64bitint=undef, use64bitall=undef, uselongdouble=undef
    usemymalloc=n, bincompat5005=undef
  Compiler:
    cc='cc', ccflags ='-fno-strict-aliasing -pipe -fstack-protector -I/usr/pkg/include',
    optimize='-O',
    cppflags='-fno-strict-aliasing -pipe -fstack-protector -I/usr/pkg/include'
    ccversion='', gccversion='4.5.3', gccosandvers=''
    intsize=4, longsize=4, ptrsize=4, doublesize=8, byteorder=1234
    d_longlong=define, longlongsize=8, d_longdbl=define, longdblsize=12
    ivtype='long', ivsize=4, nvtype='double', nvsize=8, Off_t='off_t', lseeksize=8
    alignbytes=4, prototype=define
  Linker and Libraries:
    ld='cc', ldflags =' -Wl,-rpath,/usr/pkg/lib -Wl,-rpath,/usr/local/lib -fstack-protector -L/usr/pkg/lib'
    libpth=/usr/pkg/lib /lib /usr/lib
    libs=-lm -lcrypt -lutil -lc -lposix -lpthread
    perllibs=-lm -lcrypt -lutil -lc -lposix -lpthread
    libc=/lib/libc.so, so=so, useshrplib=false, libperl=libperl.a
    gnulibc_version=''
  Dynamic Linking:
    dlsrc=dl_dlopen.xs, dlext=so, d_dlsymun=undef, ccdlflags='-Wl,-E '
    cccdlflags='-DPIC -fPIC ', lddlflags='--whole-archive -shared  -L/usr/pkg/lib -fstack-protector'


Characteristics of this binary (from libperl): 
  Compile-time options: MULTIPLICITY PERL_DONT_CREATE_GVSV
                        PERL_IMPLICIT_CONTEXT PERL_MALLOC_WRAP
                        PERL_PRESERVE_IVUV USE_ITHREADS USE_LARGE_FILES
                        USE_PERLIO USE_PERL_ATOF USE_REENTRANT_API
  Built under netbsd
  Compiled at Oct 18 2012 11:50:14
  %ENV:
    PERL5LIB="/home/sts/cpansmoke/perl-5.14.3/cpan/build/Email-Find-0.10-4W1luy/blib/arch:/home/sts/cpansmoke/perl-5.14.3/cpan/build/Email-Find-0.10-4W1luy/blib/lib:/home/sts/cpansmoke/perl-5.14.3/cpan/build/Email-Valid-0.190-8CVjlx/blib/arch:/home/sts/cpansmoke/perl-5.14.3/cpan/build/Email-Valid-0.190-8CVjlx/blib/lib:/home/sts/cpansmoke/perl-5.14.3/cpan/build/MailTools-2.11-9XuhGE/blib/arch:/home/sts/cpansmoke/perl-5.14.3/cpan/build/MailTools-2.11-9XuhGE/blib/lib:/home/sts/cpansmoke/perl-5.14.3/cpan/build/Exporter-Lite-0.02-ksMUGi/blib/arch:/home/sts/cpansmoke/perl-5.14.3/cpan/build/Exporter-Lite-0.02-ksMUGi/blib/lib:/home/sts/cpansmoke/perl-5.14.3/cpan/build/TimeDate-1.20-MDqSF2/blib/arch:/home/sts/cpansmoke/perl-5.14.3/cpan/build/TimeDate-1.20-MDqSF2/blib/lib:/home/sts/cpansmoke/perl-5.14.3/cpan/build/Template-Toolkit-2.24-ArRhd2/blib/arch:/home/sts/cpansmoke/perl-5.14.3/cpan/build/Template-Toolkit-2.24-ArRhd2/blib/lib:/home/sts/cpansmoke/perl-5.14.3/cpan/build/AppConfig-1.66-B5_xfY/blib/arch:/home/sts/cpansmoke/perl-5.14.3/cpan/build/AppConfig-1.66-B5_xfY/blib/lib:/home/sts/cpansmoke/perl-5.14.3/cpan/build/Locale-Maketext-Lexicon-0.91-B2B9mL/blib/arch:/home/sts/cpansmoke/perl-5.14.3/cpan/build/Locale-Maketext-Lexicon-0.91-B2B9mL/blib/lib:/home/sts/cpansmoke/perl-5.14.3/cpan/build/Test-use-ok-0.11-RRJwDg/blib/arch:/home/sts/cpansmoke/perl-5.14.3/cpan/build/Test-use-ok-0.11-RRJwDg/blib/lib"
    PERL5OPT=""
    PERL5_CPANPLUS_IS_RUNNING="17808"
    PERL5_CPAN_IS_RUNNING="17808"
    PERL5_CPAN_IS_RUNNING_IN_RECURSION="7821,17808"
    PERL_CR_SMOKER_CURRENT="Slash-OurNet-1.41"
    PERL_EXTUTILS_AUTOINSTALL="--defaultdeps"
    PERL_MM_USE_DEFAULT="1"
  @INC:
    /home/sts/cpansmoke/perl-5.14.3/cpan/build/Email-Find-0.10-4W1luy/blib/arch
    /home/sts/cpansmoke/perl-5.14.3/cpan/build/Email-Find-0.10-4W1luy/blib/lib
    /home/sts/cpansmoke/perl-5.14.3/cpan/build/Email-Valid-0.190-8CVjlx/blib/arch
    /home/sts/cpansmoke/perl-5.14.3/cpan/build/Email-Valid-0.190-8CVjlx/blib/lib
    /home/sts/cpansmoke/perl-5.14.3/cpan/build/MailTools-2.11-9XuhGE/blib/arch
    /home/sts/cpansmoke/perl-5.14.3/cpan/build/MailTools-2.11-9XuhGE/blib/lib
    /home/sts/cpansmoke/perl-5.14.3/cpan/build/Exporter-Lite-0.02-ksMUGi/blib/arch
    /home/sts/cpansmoke/perl-5.14.3/cpan/build/Exporter-Lite-0.02-ksMUGi/blib/lib
    /home/sts/cpansmoke/perl-5.14.3/cpan/build/TimeDate-1.20-MDqSF2/blib/arch
    /home/sts/cpansmoke/perl-5.14.3/cpan/build/TimeDate-1.20-MDqSF2/blib/lib
    /home/sts/cpansmoke/perl-5.14.3/cpan/build/Template-Toolkit-2.24-ArRhd2/blib/arch
    /home/sts/cpansmoke/perl-5.14.3/cpan/build/Template-Toolkit-2.24-ArRhd2/blib/lib
    /home/sts/cpansmoke/perl-5.14.3/cpan/build/AppConfig-1.66-B5_xfY/blib/arch
    /home/sts/cpansmoke/perl-5.14.3/cpan/build/AppConfig-1.66-B5_xfY/blib/lib
    /home/sts/cpansmoke/perl-5.14.3/cpan/build/Locale-Maketext-Lexicon-0.91-B2B9mL/blib/arch
    /home/sts/cpansmoke/perl-5.14.3/cpan/build/Locale-Maketext-Lexicon-0.91-B2B9mL/blib/lib
    /home/sts/cpansmoke/perl-5.14.3/cpan/build/Test-use-ok-0.11-RRJwDg/blib/arch
    /home/sts/cpansmoke/perl-5.14.3/cpan/build/Test-use-ok-0.11-RRJwDg/blib/lib
    /home/sts/cpansmoke/perl-5.14.3/lib/site_perl/5.14.3/i386-netbsd-thread-multi
    /home/sts/cpansmoke/perl-5.14.3/lib/site_perl/5.14.3
    /home/sts/cpansmoke/perl-5.14.3/lib/5.14.3/i386-netbsd-thread-multi
    /home/sts/cpansmoke/perl-5.14.3/lib/5.14.3
    .