Back
From: metabase:user:320bfe00-2aae-11df-837a-5e0a49663a4f
Subject: FAIL AnyEvent-Inotify-Simple-0.02 v5.19.0 GNU/Linux
Date: 2013-05-20T09:02:47Z
This distribution has been tested as part of the CPAN Testers
project, supporting the Perl programming language. See
http://wiki.cpantesters.org/ for more information or email
questions to cpan-testers-discuss@perl.org
--
Dear Jonathan Rockway,
This is a computer-generated report for AnyEvent-Inotify-Simple-0.02
on perl 5.19.0, created by CPAN-Reporter-1.2010.
Thank you for uploading your work to CPAN. However, there was a problem
testing your distribution.
If you think this report is invalid, please consult the CPAN Testers Wiki
for suggestions on how to avoid getting FAIL reports for missing library
or binary dependencies, unsupported operating systems, and so on:
http://wiki.cpantesters.org/wiki/CPANAuthorNotes
Sections of this report:
* Tester comments
* Program output
* Prerequisites
* Environment and other context
------------------------------
TESTER COMMENTS
------------------------------
Additional comments from tester:
this report is from an automated smoke testing program
and was not reviewed by a human for accuracy
------------------------------
PROGRAM OUTPUT
------------------------------
Output from '/usr/bin/make test':
PERL_DL_NONLAZY=1 /tmp/basesmoker-reloperl-OX9x/bin/perl "-MExtUtils::Command::MM" "-e" "test_harness(0, 'inc', 'blib/lib', 'blib/arch')" t/*.t
(in cleanup) Can't use an undefined value as a HASH reference at /tmp/loop_over_bdir-19013-aagpRh/AnyEvent-Inotify-Simple-0.02-oToEvW/blib/lib/AnyEvent/Inotify/Simple.pm line 213 during global destruction.
t/filtered-beforehand.t .. ok
(in cleanup) Can't use an undefined value as a HASH reference at /tmp/loop_over_bdir-19013-aagpRh/AnyEvent-Inotify-Simple-0.02-oToEvW/blib/lib/AnyEvent/Inotify/Simple.pm line 213 during global destruction.
t/filtered.t ............. ok
# Test died: Can't locate object method "main" via package "t::Create" at /home/src/perl/repoperls/installed-perls/perl/v5.18.0-5-gb6d67c6/127e/lib/site_perl/5.19.0/Test/Sweet/Runnable.pm line 24.
Can't locate object method "main" via package "t::Create" at /home/src/perl/repoperls/installed-perls/perl/v5.18.0-5-gb6d67c6/127e/lib/site_perl/5.19.0/Test/Sweet/Runnable.pm line 24.
# Child (t::Create) exited without calling finalize()
# Failed test 't::Create'
# at /home/src/perl/repoperls/installed-perls/perl/v5.18.0-5-gb6d67c6/127e/lib/5.19.0/Test/Builder.pm line 252.
# Looks like you planned 3 tests but ran 1.
# Looks like you failed 1 test of 1 run.
# Looks like your test exited with 255 just after 1.
(in cleanup) Can't call method "cancel" on an undefined value at /tmp/loop_over_bdir-19013-aagpRh/AnyEvent-Inotify-Simple-0.02-oToEvW/blib/lib/AnyEvent/Inotify/Simple.pm line 214 during global destruction.
t/run.t ..................
Dubious, test returned 255 (wstat 65280, 0xff00)
Failed 3/3 subtests
Test Summary Report
-------------------
t/run.t (Wstat: 65280 Tests: 1 Failed: 1)
Failed test: 1
Non-zero exit status: 255
Parse errors: Bad plan. You planned 3 tests but ran 1.
Files=3, Tests=12, 3 wallclock secs ( 0.02 usr 0.01 sys + 1.96 cusr 0.14 csys = 2.13 CPU)
Result: FAIL
Failed 1/3 test programs. 1/12 subtests failed.
make: *** [test_dynamic] Error 255
------------------------------
PREREQUISITES
------------------------------
Prerequisite modules loaded:
requires:
Module Need Have
-------------------------- ---- ------
AnyEvent 0 7.04
File::Next 0 1.12
Linux::Inotify2 0 1.22
Moose 0 2.0802
MooseX::FileAttribute 0 0.02
MooseX::Types::Path::Class 0 0.06
build_requires:
Module Need Have
-------------------------- ---- ------
Directory::Scratch 0 0.15
EV 0 4.15
ExtUtils::MakeMaker 6.42 6.66
MooseX::Declare 0 0.35
Test::Exception 0 0.32
Test::More 0 0.98
Test::Sweet 0 0.03
configure_requires:
Module Need Have
-------------------------- ---- ------
ExtUtils::MakeMaker 6.42 6.66
------------------------------
ENVIRONMENT AND OTHER CONTEXT
------------------------------
Environment variables:
AUTOMATED_TESTING = 1
LANG = en_US.UTF-8
LANGUAGE = en_US:en
PATH = /usr/lib/ccache:/home/sand/bin:/usr/local/bin:/usr/bin:/bin:/usr/bin/X11:/usr/games:/usr/local/perl/bin:/usr/X11/bin:/sbin:/usr/sbin
PERL5LIB = /tmp/loop_over_bdir-19013-aagpRh/Helios-2.60-mzvObp/blib/arch:/tmp/loop_over_bdir-19013-aagpRh/Helios-2.60-mzvObp/blib/lib:/tmp/loop_over_bdir-19013-aagpRh/Encode-IBM-0.11-kqnumv/blib/arch:/tmp/loop_over_bdir-19013-aagpRh/Encode-IBM-0.11-kqnumv/blib/lib
PERL5OPT =
PERL5_CPANPLUS_IS_RUNNING = 18163
PERL5_CPAN_IS_RUNNING = 18163
PERL_MM_USE_DEFAULT = 1
SHELL = /usr/bin/zsh
TERM = screen
Perl special variables (and OS-specific diagnostics, for MSWin32):
$^X = /tmp/basesmoker-reloperl-OX9x/bin/perl
$UID/$EUID = 1005 / 1005
$GID = 1005 1005
$EGID = 1005 1005
Perl module toolchain versions installed:
Module Have
------------------- --------
CPAN 2.00
CPAN::Meta 2.130880
Cwd 3.40
ExtUtils::CBuilder 0.280210
ExtUtils::Command 1.17
ExtUtils::Install 1.59
ExtUtils::MakeMaker 6.66
ExtUtils::Manifest 1.63
ExtUtils::ParseXS 3.18
File::Spec 3.40
JSON n/a
JSON::PP 2.27202
Module::Build 0.4005
Module::Signature 0.70
Parse::CPAN::Meta 1.4404
Test::Harness 3.26
Test::More 0.98
YAML 0.84
YAML::Syck 1.25
version 0.9902
--
Summary of my perl5 (revision 5 version 19 subversion 0) configuration:
Commit id: b6d67c65e48d80e06351a0ada9042f697ae521f2
Platform:
osname=linux, osvers=3.8-1-amd64, archname=x86_64-linux-ld
uname='linux k83 3.8-1-amd64 #1 smp debian 3.8.12-1 x86_64 gnulinux '
config_args='-Dprefix=/home/src/perl/repoperls/installed-perls/perl/v5.18.0-5-gb6d67c6/127e -Dmyhostname=k83 -Dinstallusrbinperl=n -Uversiononly -Dusedevel -des -Ui_db -Uuseithreads -Duselongdouble -DDEBUGGING=-g'
hint=recommended, useposix=true, d_sigaction=define
useithreads=undef, usemultiplicity=undef
useperlio=define, d_sfio=undef, uselargefiles=define, usesocks=undef
use64bitint=define, use64bitall=define, uselongdouble=define
usemymalloc=n, bincompat5005=undef
Compiler:
cc='cc', ccflags ='-fno-strict-aliasing -pipe -fstack-protector -I/usr/local/include -D_LARGEFILE_SOURCE -D_FILE_OFFSET_BITS=64',
optimize='-O2 -g',
cppflags='-fno-strict-aliasing -pipe -fstack-protector -I/usr/local/include'
ccversion='', gccversion='4.7.3', gccosandvers=''
intsize=4, longsize=8, ptrsize=8, doublesize=8, byteorder=12345678
d_longlong=define, longlongsize=8, d_longdbl=define, longdblsize=16
ivtype='long', ivsize=8, nvtype='long double', nvsize=16, Off_t='off_t', lseeksize=8
alignbytes=16, prototype=define
Linker and Libraries:
ld='cc', ldflags =' -fstack-protector -L/usr/local/lib'
libpth=/usr/local/lib /lib/x86_64-linux-gnu /lib/../lib /usr/lib/x86_64-linux-gnu /usr/lib/../lib /lib /usr/lib
libs=-lnsl -lgdbm -ldb -ldl -lm -lcrypt -lutil -lc -lgdbm_compat
perllibs=-lnsl -ldl -lm -lcrypt -lutil -lc
libc=, so=so, useshrplib=false, libperl=libperl.a
gnulibc_version='2.17'
Dynamic Linking:
dlsrc=dl_dlopen.xs, dlext=so, d_dlsymun=undef, ccdlflags='-Wl,-E'
cccdlflags='-fPIC', lddlflags='-shared -O2 -g -L/usr/local/lib -fstack-protector'
Characteristics of this binary (from libperl):
Compile-time options: HAS_TIMES PERLIO_LAYERS PERL_DONT_CREATE_GVSV
PERL_HASH_FUNC_ONE_AT_A_TIME_HARD PERL_MALLOC_WRAP
PERL_PRESERVE_IVUV PERL_SAWAMPERSAND PERL_USE_DEVEL
USE_64_BIT_ALL USE_64_BIT_INT USE_LARGE_FILES
USE_LOCALE USE_LOCALE_COLLATE USE_LOCALE_CTYPE
USE_LOCALE_NUMERIC USE_LONG_DOUBLE USE_PERLIO
USE_PERL_ATOF
Built under linux
Compiled at May 18 2013 16:55:14
%ENV:
PERL5LIB="/tmp/loop_over_bdir-19013-aagpRh/Helios-2.60-mzvObp/blib/arch:/tmp/loop_over_bdir-19013-aagpRh/Helios-2.60-mzvObp/blib/lib:/tmp/loop_over_bdir-19013-aagpRh/Encode-IBM-0.11-kqnumv/blib/arch:/tmp/loop_over_bdir-19013-aagpRh/Encode-IBM-0.11-kqnumv/blib/lib"
PERL5OPT=""
PERL5_CPANPLUS_IS_RUNNING="18163"
PERL5_CPAN_IS_RUNNING="18163"
PERL_MM_USE_DEFAULT="1"
@INC:
/tmp/loop_over_bdir-19013-aagpRh/Helios-2.60-mzvObp/blib/arch
/tmp/loop_over_bdir-19013-aagpRh/Helios-2.60-mzvObp/blib/lib
/tmp/loop_over_bdir-19013-aagpRh/Encode-IBM-0.11-kqnumv/blib/arch
/tmp/loop_over_bdir-19013-aagpRh/Encode-IBM-0.11-kqnumv/blib/lib
/home/src/perl/repoperls/installed-perls/perl/v5.18.0-5-gb6d67c6/127e/lib/site_perl/5.19.0/x86_64-linux-ld
/home/src/perl/repoperls/installed-perls/perl/v5.18.0-5-gb6d67c6/127e/lib/site_perl/5.19.0
/home/src/perl/repoperls/installed-perls/perl/v5.18.0-5-gb6d67c6/127e/lib/5.19.0/x86_64-linux-ld
/home/src/perl/repoperls/installed-perls/perl/v5.18.0-5-gb6d67c6/127e/lib/5.19.0
.