WWW-Selenium-Utils v0.09 Perl 5 v5.12.0 i686-linux-thread-multi

Status
Fail
From
Serguei Trouchelle (STRO)
Dist
WWW-Selenium-Utils v0.09
Platform
Perl 5 v5.12.0 i686-linux-thread-multi
Date
2010-04-30 17:30:16
ID
0ad60b4c-547e-11df-8c70-ca00cb64c448
This distribution has been tested as part of the CPAN Testers
project, supporting the Perl programming language.  See
http://wiki.cpantesters.org/ for more information or email
questions to cpan-testers-discuss@perl.org


--
Dear Luke Closs,

This is a computer-generated report for WWW-Selenium-Utils-0.09
on perl 5.12.0, created by CPAN-Reporter-1.1711.

Thank you for uploading your work to CPAN.  However, there was a problem
testing your distribution.

If you think this report is invalid, please consult the CPAN Testers Wiki
for suggestions on how to avoid getting FAIL reports for missing library
or binary dependencies, unsupported operating systems, and so on:

http://wiki.cpantesters.org/wiki/CPANAuthorNotes

Sections of this report:

    * Tester comments
    * Program output
    * Prerequisites
    * Environment and other context

------------------------------
TESTER COMMENTS
------------------------------

Additional comments from tester:

this report is from an automated smoke testing program
and was not reviewed by a human for accuracy

------------------------------
PROGRAM OUTPUT
------------------------------

Output from 'C:\bin\dev\perl\site\bin\dmake.EXE test':

C:\home\stro\perl5120\bin\perl.exe "-MExtUtils::Command::MM" "-e" "test_harness(0, 'inc', 'blib\lib', 'blib\arch')" t/*.t
t/0-use.t ........... ok
t/1-regen.t ......... ok

#   Failed test 'cat with absolute args'
#   at t/2-cgi.t line 22.
#                   'Content-Type: text/html; charset=ISO-8859-1

# 

# <!DOCTYPE html
# 	PUBLIC "-//W3C//DTD XHTML 1.0 Transitional//EN"
# 	 "http://www.w3.org/TR/xhtml1/DTD/xhtml1-transitional.dtd">
# <html xmlns="http://www.w3.org/1999/xhtml" lang="en-US" xml:lang="en-US">
# <head>
# <title>Untitled Document</title>
# <meta http-equiv="Content-Type" content="text/html; charset=iso-8859-1" />
# </head>
# <body>
# <h1>Error!</h1>Sorry, c:\home\stro\perl5120/C:/home/stro/cpan/build/5.12.0/WWW-Selenium-Utils-0.09-EoX01J/t/foo.conf doesn't exist!
# </body>
# </html>'
#     doesn't match '(?-xism:Contents of C:/home/stro/cpan/build/5.12.0/WWW-Selenium-Utils-0.09-EoX01J/t/foo.conf)'

#   Failed test at t/2-cgi.t line 23.
#                   'Content-Type: text/html; charset=ISO-8859-1

# 

# <!DOCTYPE html
# 	PUBLIC "-//W3C//DTD XHTML 1.0 Transitional//EN"
# 	 "http://www.w3.org/TR/xhtml1/DTD/xhtml1-transitional.dtd">
# <html xmlns="http://www.w3.org/1999/xhtml" lang="en-US" xml:lang="en-US">
# <head>
# <title>Untitled Document</title>
# <meta http-equiv="Content-Type" content="text/html; charset=iso-8859-1" />
# </head>
# <body>
# <h1>Error!</h1>Sorry, c:\home\stro\perl5120/C:/home/stro/cpan/build/5.12.0/WWW-Selenium-Utils-0.09-EoX01J/t/foo.conf doesn't exist!
# </body>
# </html>'
#     doesn't match '(?-xism:<pre>monkey poo)'

#   Failed test 'raw cat'
#   at t/2-cgi.t line 26.
#                   'Content-Type: text/html; charset=ISO-8859-1

# 

# <!DOCTYPE html
# 	PUBLIC "-//W3C//DTD XHTML 1.0 Transitional//EN"
# 	 "http://www.w3.org/TR/xhtml1/DTD/xhtml1-transitional.dtd">
# <html xmlns="http://www.w3.org/1999/xhtml" lang="en-US" xml:lang="en-US">
# <head>
# <title>Untitled Document</title>
# <meta http-equiv="Content-Type" content="text/html; charset=iso-8859-1" />
# </head>
# <body>
# <h1>Error!</h1>Sorry, c:\home\stro\perl5120/C:/home/stro/cpan/build/5.12.0/WWW-Selenium-Utils-0.09-EoX01J/t/foo.conf doesn't exist!
# </body>
# </html>'
#     doesn't match '(?-xism:monkey poo)'
Can't find string terminator "'" anywhere before EOF at -e line 1.

#   Failed test at t/2-cgi.t line 37.
#                   'Content-Type: text/html; charset=ISO-8859-1

# 

# <!DOCTYPE html
# 	PUBLIC "-//W3C//DTD XHTML 1.0 Transitional//EN"
# 	 "http://www.w3.org/TR/xhtml1/DTD/xhtml1-transitional.dtd">
# <html xmlns="http://www.w3.org/1999/xhtml" lang="en-US" xml:lang="en-US">
# <head>
# <title>Output of &quot;perl -e &#39;print q(Monkey)&#39;&quot;</title>
# <meta http-equiv="Content-Type" content="text/html; charset=iso-8859-1" />
# </head>
# <body>
# <div id='cmd'><h1>Output of "perl -e 'print q(Monkey)'":</h1></div><div id='output'><pre></pre></div>
# </body>
# </html>'
#     doesn't match '(?-xism:<div id='output'><pre>Monkey)'

#   Failed test 'bar=foo'
#   at t/2-cgi.t line 56.
#                   'Content-Type: text/html; charset=ISO-8859-1

# 

# <!DOCTYPE html
# 	PUBLIC "-//W3C//DTD XHTML 1.0 Transitional//EN"
# 	 "http://www.w3.org/TR/xhtml1/DTD/xhtml1-transitional.dtd">
# <html xmlns="http://www.w3.org/1999/xhtml" lang="en-US" xml:lang="en-US">
# <head>
# <title>Untitled Document</title>
# <meta http-equiv="Content-Type" content="text/html; charset=iso-8859-1" />
# </head>
# <body>
# <h1>State for bar</h1>Error saving key bar: Can't open /tmp/selenium-utils-state.1648: No such file or directory at lib/WWW/Selenium/Utils/CGI.pm line 110.
# '
#     doesn't match '(?-xism:Stored 'foo' in 'bar')'

#   Failed test 'statefile exists'
#   at t/2-cgi.t line 57.

#   Failed test 'run with one args'
#   at t/2-cgi.t line 60.
#                   'Content-Type: text/html; charset=ISO-8859-1

# 

# <!DOCTYPE html
# 	PUBLIC "-//W3C//DTD XHTML 1.0 Transitional//EN"
# 	 "http://www.w3.org/TR/xhtml1/DTD/xhtml1-transitional.dtd">
# <html xmlns="http://www.w3.org/1999/xhtml" lang="en-US" xml:lang="en-US">
# <head>
# <title>Untitled Document</title>
# <meta http-equiv="Content-Type" content="text/html; charset=iso-8859-1" />
# </head>
# <body>
# <h1>Error!</h1>'bar' is not a valid key!
# </body>
# </html>'
#     doesn't match '(?-xism:'bar' is 'foo')'
# Looks like you failed 7 tests of 23.
t/2-cgi.t ........... 
Dubious, test returned 7 (wstat 1792, 0x700)
Failed 7/23 subtests 
Can't open /tmp/sel2html.tmp.4864: No such file or directory at t/sel2wiki.t line 8.
# Looks like your test exited with 2 before it could output anything.
t/sel2wiki.t ........ 
Dubious, test returned 2 (wstat 512, 0x200)
No subtests run 
t/selenium-regen.t .. ok
t/selfuncs.t ........ ok

Test Summary Report
-------------------
t/2-cgi.t         (Wstat: 1792 Tests: 23 Failed: 7)
  Failed tests:  3-5, 10, 17-19
  Non-zero exit status: 7
t/sel2wiki.t      (Wstat: 512 Tests: 0 Failed: 0)
  Non-zero exit status: 2
  Parse errors: No plan found in TAP output
Files=6, Tests=127,  3 wallclock secs ( 0.08 usr +  0.03 sys =  0.11 CPU)
Result: FAIL
Failed 2/6 test programs. 7/127 subtests failed.
dmake.EXE:  Error code 255, while making 'test_dynamic'

------------------------------
PREREQUISITES
------------------------------

Prerequisite modules loaded:

requires:

    Module          Need Have
    --------------- ---- ----
    Test::Exception 0    0.29


------------------------------
ENVIRONMENT AND OTHER CONTEXT
------------------------------

Environment variables:

    ACTIVEPERL_CONFIG_SILENT = 1
    AUTOMATED_TESTING = 1
    COMSPEC = C:\WINDOWS\system32\cmd.exe
    NUMBER_OF_PROCESSORS = 2
    PATH = C:\bin\apps\far\;C:\bin\dev\python\;C:\bin\dev\svn;C:\Program Files\Common Files\Microsoft Shared\Windows Live;C:\bin\dev\perl\site\bin;C:\bin\dev\perl\bin;C:\WINDOWS\system32;C:\WINDOWS;C:\WINDOWS\System32\Wbem;C:\WINDOWS\system32\WindowsPowerShell\v1.0;C:\bin\arc;C:\bin\dev\TortoiseSVN\bin;C:\bin\dev\Mercurial;C:\bin\dev\TortoiseHg;c:\bin\sys\gnuwin32\bin;C:\bin\dev\oracle\instantclient_11_1;C:\Program Files\Common Files\Microsoft Shared\Windows Live
    PERL5LIB = 
    PERL5OPT = 
    PERL5_CPANPLUS_IS_RUNNING = 4480
    PERL5_CPAN_IS_RUNNING = 4480
    PERL5_CPAN_IS_RUNNING_IN_RECURSION = 4644,4480
    PERL_CR_SMOKER_CURRENT = WWW-Selenium-Utils-0.09
    PERL_EXTUTILS_AUTOINSTALL = --defaultdeps
    PERL_MM_USE_DEFAULT = 1
    PROCESSOR_IDENTIFIER = x86 Family 6 Model 15 Stepping 11, GenuineIntel
    TEMP = C:\WINDOWS\Temp

Perl special variables (and OS-specific diagnostics, for MSWin32):

    $^X = C:\home\stro\perl5120\bin\perl.exe
    $UID/$EUID = 0 / 0
    $GID = 0
    $EGID = 0
    Win32::GetOSName = WinXP/.Net
    Win32::GetOSVersion = Service Pack 3, 5, 1, 2600, 2, 3, 0, 256, 1
    Win32::FsType = NTFS
    Win32::IsAdminUser = 1

Perl module toolchain versions installed:

    Module              Have  
    ------------------- ------
    CPAN                1.9304
    Cwd                 3.31  
    ExtUtils::CBuilder  0.2703
    ExtUtils::Command   1.16  
    ExtUtils::Install   1.54  
    ExtUtils::MakeMaker 6.56  
    ExtUtils::Manifest  1.58  
    ExtUtils::ParseXS   2.2205
    File::Spec          3.31  
    Module::Build       0.3607
    Module::Signature   0.63  
    Test::Harness       3.21  
    Test::More          0.94  
    YAML                0.71  
    YAML::Syck          1.07  
    version             0.82  


--

Summary of my perl5 (revision 5 version 12 subversion 0) configuration:
   
  Platform:
    osname=MSWin32, osvers=5.1, archname=MSWin32-x86-multi-thread
    uname=''
    config_args='undef'
    hint=recommended, useposix=true, d_sigaction=undef
    useithreads=define, usemultiplicity=define
    useperlio=define, d_sfio=undef, uselargefiles=define, usesocks=undef
    use64bitint=undef, use64bitall=undef, uselongdouble=undef
    usemymalloc=n, bincompat5005=undef
  Compiler:
    cc='gcc', ccflags =' -s -O2 -DWIN32 -DHAVE_DES_FCRYPT  -DPERL_IMPLICIT_CONTEXT -DPERL_IMPLICIT_SYS -fno-strict-aliasing -mms-bitfields -DPERL_MSVCRT_READFIX',
    optimize='-s -O2',
    cppflags='-DWIN32'
    ccversion='', gccversion='3.4.5', gccosandvers=''
    intsize=4, longsize=4, ptrsize=4, doublesize=8, byteorder=1234
    d_longlong=undef, longlongsize=8, d_longdbl=define, longdblsize=12
    ivtype='long', ivsize=4, nvtype='double', nvsize=8, Off_t='long long', lseeksize=8
    alignbytes=8, prototype=define
  Linker and Libraries:
    ld='g++', ldflags ='-s -L"c:\home\stro\perl5120\lib\CORE" -L"C:\MinGW\lib"'
    libpth=C:\MinGW\lib
    libs=-lmoldname -lkernel32 -luser32 -lgdi32 -lwinspool -lcomdlg32 -ladvapi32 -lshell32 -lole32 -loleaut32 -lnetapi32 -luuid -lws2_32 -lmpr -lwinmm -lversion -lodbc32 -lodbccp32 -lcomctl32
    perllibs=-lmoldname -lkernel32 -luser32 -lgdi32 -lwinspool -lcomdlg32 -ladvapi32 -lshell32 -lole32 -loleaut32 -lnetapi32 -luuid -lws2_32 -lmpr -lwinmm -lversion -lodbc32 -lodbccp32 -lcomctl32
    libc=, so=dll, useshrplib=true, libperl=libperl511.a
    gnulibc_version=''
  Dynamic Linking:
    dlsrc=dl_win32.xs, dlext=dll, d_dlsymun=undef, ccdlflags=' '
    cccdlflags=' ', lddlflags='-mdll -s -L"c:\home\stro\perl5120\lib\CORE" -L"C:\MinGW\lib"'


Characteristics of this binary (from libperl): 
  Compile-time options: MULTIPLICITY PERL_DONT_CREATE_GVSV
                        PERL_IMPLICIT_CONTEXT PERL_IMPLICIT_SYS
                        PERL_MALLOC_WRAP PL_OP_SLAB_ALLOC USE_ITHREADS
                        USE_LARGE_FILES USE_PERLIO USE_PERL_ATOF
  Built under MSWin32
  Compiled at Apr 22 2010 14:47:42
  %ENV:
    PERL5_CPANPLUS_IS_RUNNING="4480"
    PERL5_CPAN_IS_RUNNING="4480"
    PERL5_CPAN_IS_RUNNING_IN_RECURSION="4644,4480"
    PERL_CR_SMOKER_CURRENT="WWW-Selenium-Utils-0.09"
    PERL_EXTUTILS_AUTOINSTALL="--defaultdeps"
    PERL_MM_USE_DEFAULT="1"
  @INC:
    C:/home/stro/perl5120/site/lib
    C:/home/stro/perl5120/lib
    .