Back
From: metabase:user:30977d10-2aae-11df-837a-5e0a49663a4f
Subject: FAIL HTTP-Easy-0.02 v5.19.1 Mac OS X
Date: 2013-07-28T10:04:08Z
This distribution has been tested as part of the CPAN Testers
project, supporting the Perl programming language. See
http://wiki.cpantesters.org/ for more information or email
questions to cpan-testers-discuss@perl.org
--
Dear Mons Anderson,
This is a computer-generated report for HTTP-Easy-0.02
on perl 5.19.1, created by CPAN-Reporter-1.2010.
Thank you for uploading your work to CPAN. However, there was a problem
testing your distribution.
If you think this report is invalid, please consult the CPAN Testers Wiki
for suggestions on how to avoid getting FAIL reports for missing library
or binary dependencies, unsupported operating systems, and so on:
http://wiki.cpantesters.org/wiki/CPANAuthorNotes
Sections of this report:
* Tester comments
* Program output
* Prerequisites
* Environment and other context
------------------------------
TESTER COMMENTS
------------------------------
Additional comments from tester:
this report is from an automated smoke testing program
and was not reviewed by a human for accuracy
------------------------------
PROGRAM OUTPUT
------------------------------
Output from '/usr/bin/make test':
PERL_DL_NONLAZY=1 /Users/trushel/perl/5.19.1-th/bin/perl "-MExtUtils::Command::MM" "-e" "test_harness(0, 'blib/lib', 'blib/arch')" t/*.t
Can't locate lib/abs.pm in @INC (you may need to install the lib::abs module) (@INC contains: /Users/trushel/cpan/build/5.19.1-th/HTTP-Easy-0.02-YD2z84/blib/lib /Users/trushel/cpan/build/5.19.1-th/HTTP-Easy-0.02-YD2z84/blib/arch /Users/trushel/perl/5.19.1-th/lib/site_perl/5.19.1/darwin-thread-multi-2level /Users/trushel/perl/5.19.1-th/lib/site_perl/5.19.1 /Users/trushel/perl/5.19.1-th/lib/5.19.1/darwin-thread-multi-2level /Users/trushel/perl/5.19.1-th/lib/5.19.1 .) at t/00-load.t line 4.
BEGIN failed--compilation aborted at t/00-load.t line 4.
t/00-load.t ............
Dubious, test returned 2 (wstat 512, 0x200)
No subtests run
Can't locate lib/abs.pm in @INC (you may need to install the lib::abs module) (@INC contains: /Users/trushel/cpan/build/5.19.1-th/HTTP-Easy-0.02-YD2z84/blib/lib /Users/trushel/cpan/build/5.19.1-th/HTTP-Easy-0.02-YD2z84/blib/arch /Users/trushel/perl/5.19.1-th/lib/site_perl/5.19.1/darwin-thread-multi-2level /Users/trushel/perl/5.19.1-th/lib/site_perl/5.19.1 /Users/trushel/perl/5.19.1-th/lib/5.19.1/darwin-thread-multi-2level /Users/trushel/perl/5.19.1-th/lib/5.19.1 .) at t/01-headers-decode.t line 4.
BEGIN failed--compilation aborted at t/01-headers-decode.t line 4.
t/01-headers-decode.t ..
Dubious, test returned 2 (wstat 512, 0x200)
No subtests run
Can't locate lib/abs.pm in @INC (you may need to install the lib::abs module) (@INC contains: /Users/trushel/cpan/build/5.19.1-th/HTTP-Easy-0.02-YD2z84/blib/lib /Users/trushel/cpan/build/5.19.1-th/HTTP-Easy-0.02-YD2z84/blib/arch /Users/trushel/perl/5.19.1-th/lib/site_perl/5.19.1/darwin-thread-multi-2level /Users/trushel/perl/5.19.1-th/lib/site_perl/5.19.1 /Users/trushel/perl/5.19.1-th/lib/5.19.1/darwin-thread-multi-2level /Users/trushel/perl/5.19.1-th/lib/5.19.1 .) at t/02-headers-encode.t line 4.
BEGIN failed--compilation aborted at t/02-headers-encode.t line 4.
t/02-headers-encode.t ..
Dubious, test returned 2 (wstat 512, 0x200)
No subtests run
Can't locate lib/abs.pm in @INC (you may need to install the lib::abs module) (@INC contains: /Users/trushel/cpan/build/5.19.1-th/HTTP-Easy-0.02-YD2z84/blib/lib /Users/trushel/cpan/build/5.19.1-th/HTTP-Easy-0.02-YD2z84/blib/arch /Users/trushel/perl/5.19.1-th/lib/site_perl/5.19.1/darwin-thread-multi-2level /Users/trushel/perl/5.19.1-th/lib/site_perl/5.19.1 /Users/trushel/perl/5.19.1-th/lib/5.19.1/darwin-thread-multi-2level /Users/trushel/perl/5.19.1-th/lib/5.19.1 .) at t/03-cookie-decode.t line 4.
BEGIN failed--compilation aborted at t/03-cookie-decode.t line 4.
t/03-cookie-decode.t ...
Dubious, test returned 2 (wstat 512, 0x200)
No subtests run
Can't locate lib/abs.pm in @INC (you may need to install the lib::abs module) (@INC contains: /Users/trushel/cpan/build/5.19.1-th/HTTP-Easy-0.02-YD2z84/blib/lib /Users/trushel/cpan/build/5.19.1-th/HTTP-Easy-0.02-YD2z84/blib/arch /Users/trushel/perl/5.19.1-th/lib/site_perl/5.19.1/darwin-thread-multi-2level /Users/trushel/perl/5.19.1-th/lib/site_perl/5.19.1 /Users/trushel/perl/5.19.1-th/lib/5.19.1/darwin-thread-multi-2level /Users/trushel/perl/5.19.1-th/lib/5.19.1 .) at t/04-cookie-encode.t line 4.
BEGIN failed--compilation aborted at t/04-cookie-encode.t line 4.
t/04-cookie-encode.t ...
Dubious, test returned 2 (wstat 512, 0x200)
No subtests run
t/boilerplate.t ........ skipped: Boring
t/pod-coverage.t ....... skipped: Boring
t/pod.t ................ skipped: Boring
Test Summary Report
-------------------
t/00-load.t (Wstat: 512 Tests: 0 Failed: 0)
Non-zero exit status: 2
Parse errors: No plan found in TAP output
t/01-headers-decode.t (Wstat: 512 Tests: 0 Failed: 0)
Non-zero exit status: 2
Parse errors: No plan found in TAP output
t/02-headers-encode.t (Wstat: 512 Tests: 0 Failed: 0)
Non-zero exit status: 2
Parse errors: No plan found in TAP output
t/03-cookie-decode.t (Wstat: 512 Tests: 0 Failed: 0)
Non-zero exit status: 2
Parse errors: No plan found in TAP output
t/04-cookie-encode.t (Wstat: 512 Tests: 0 Failed: 0)
Non-zero exit status: 2
Parse errors: No plan found in TAP output
Files=8, Tests=0, 0 wallclock secs ( 0.04 usr 0.02 sys + 0.07 cusr 0.03 csys = 0.16 CPU)
Result: FAIL
Failed 5/8 test programs. 0/0 subtests failed.
make: *** [test_dynamic] Error 255
------------------------------
PREREQUISITES
------------------------------
Prerequisite modules loaded:
build_requires:
Module Need Have
------------------- ---- ----
ExtUtils::MakeMaker 0 6.68
configure_requires:
Module Need Have
------------------- ---- ----
ExtUtils::MakeMaker 0 6.68
------------------------------
ENVIRONMENT AND OTHER CONTEXT
------------------------------
Environment variables:
AUTOMATED_TESTING = 1
LANG = en_US.UTF-8
PATH = /usr/bin:/bin:/usr/sbin:/sbin:/usr/local/bin:/usr/local/bin/g4bin:/usr/local/sbin
PERL5LIB =
PERL5OPT =
PERL5_CPANPLUS_IS_RUNNING = 53363
PERL5_CPAN_IS_RUNNING = 53363
PERL5_CPAN_IS_RUNNING_IN_RECURSION = 19699,53363
PERL_CR_SMOKER_CURRENT = HTTP-Easy-0.02
PERL_EXTUTILS_AUTOINSTALL = --defaultdeps
PERL_MM_USE_DEFAULT = 1
SHELL = /bin/bash
TERM = xterm-256color
TMPDIR = /var/folders/00/11s1r000h01000cxqpysvccm004747/T/
Perl special variables (and OS-specific diagnostics, for MSWin32):
$^X = /Users/trushel/perl/5.19.1-th/bin/perl
$UID/$EUID = 138375 / 138375
$GID = 5762 5762 21 981 980 12 33 62 80 81 98 100 204 401
$EGID = 5762 5762 21 981 980 12 33 62 80 81 98 100 204 401
Perl module toolchain versions installed:
Module Have
------------------- --------
CPAN 2.00
CPAN::Meta 2.131560
Cwd 3.41
ExtUtils::CBuilder 0.280210
ExtUtils::Command 1.17
ExtUtils::Install 1.60
ExtUtils::MakeMaker 6.68
ExtUtils::Manifest 1.63
ExtUtils::ParseXS 3.19
File::Spec 3.41
JSON 2.59
JSON::PP 2.27202
Module::Build 0.4005
Module::Signature n/a
Parse::CPAN::Meta 1.4405
Test::Harness 3.28
Test::More 0.98
YAML 0.84
YAML::Syck 1.27
version 0.9902
--
Summary of my perl5 (revision 5 version 19 subversion 1) configuration:
Platform:
osname=darwin, osvers=12.4.0, archname=darwin-thread-multi-2level
uname='darwin trushel-macbookpro.local 12.4.0 darwin kernel version 12.4.0: wed may 1 17:57:12 pdt 2013; root:xnu-2050.24.15~1release_x86_64 x86_64 '
config_args=''
hint=recommended, useposix=true, d_sigaction=define
useithreads=define, usemultiplicity=define
useperlio=define, d_sfio=undef, uselargefiles=define, usesocks=undef
use64bitint=define, use64bitall=define, uselongdouble=undef
usemymalloc=n, bincompat5005=undef
Compiler:
cc='cc', ccflags ='-fno-common -DPERL_DARWIN -fno-strict-aliasing -pipe -fstack-protector',
optimize='-O3',
cppflags='-fno-common -DPERL_DARWIN -fno-strict-aliasing -pipe -fstack-protector'
ccversion='', gccversion='4.2.1 Compatible Apple LLVM 4.2 (clang-425.0.28)', gccosandvers=''
intsize=4, longsize=8, ptrsize=8, doublesize=8, byteorder=12345678
d_longlong=define, longlongsize=8, d_longdbl=define, longdblsize=16
ivtype='long', ivsize=8, nvtype='double', nvsize=8, Off_t='off_t', lseeksize=8
alignbytes=8, prototype=define
Linker and Libraries:
ld='env MACOSX_DEPLOYMENT_TARGET=10.3 cc', ldflags =' -fstack-protector -L/usr/local/lib'
libpth=/usr/local/lib /usr/lib
libs=-ldbm -ldl -lm -lutil -lc
perllibs=-ldl -lm -lutil -lc
libc=, so=dylib, useshrplib=false, libperl=libperl.a
gnulibc_version=''
Dynamic Linking:
dlsrc=dl_dlopen.xs, dlext=bundle, d_dlsymun=undef, ccdlflags=' '
cccdlflags=' ', lddlflags=' -bundle -undefined dynamic_lookup -L/usr/local/lib -fstack-protector'
Characteristics of this binary (from libperl):
Compile-time options: HAS_TIMES MULTIPLICITY PERLIO_LAYERS
PERL_DONT_CREATE_GVSV
PERL_HASH_FUNC_ONE_AT_A_TIME_HARD
PERL_IMPLICIT_CONTEXT PERL_MALLOC_WRAP
PERL_NEW_COPY_ON_WRITE PERL_PRESERVE_IVUV
USE_64_BIT_ALL USE_64_BIT_INT USE_ITHREADS
USE_LARGE_FILES USE_LOCALE USE_LOCALE_COLLATE
USE_LOCALE_CTYPE USE_LOCALE_NUMERIC USE_PERLIO
USE_PERL_ATOF
Built under darwin
Compiled at Jul 13 2013 01:12:53
%ENV:
PERL5LIB=""
PERL5OPT=""
PERL5_CPANPLUS_IS_RUNNING="53363"
PERL5_CPAN_IS_RUNNING="53363"
PERL5_CPAN_IS_RUNNING_IN_RECURSION="19699,53363"
PERL_CR_SMOKER_CURRENT="HTTP-Easy-0.02"
PERL_EXTUTILS_AUTOINSTALL="--defaultdeps"
PERL_MM_USE_DEFAULT="1"
@INC:
/Users/trushel/perl/5.19.1-th/lib/site_perl/5.19.1/darwin-thread-multi-2level
/Users/trushel/perl/5.19.1-th/lib/site_perl/5.19.1
/Users/trushel/perl/5.19.1-th/lib/5.19.1/darwin-thread-multi-2level
/Users/trushel/perl/5.19.1-th/lib/5.19.1
.