Report for MAD-Loader-3.001001

Back
From: metabase:user:30f4dfbe-2aae-11df-837a-5e0a49663a4f
Subject: FAIL MAD-Loader-3.001001 v5.10.1 Mac OS X
Date: 2014-10-04T08:11:29Z

This distribution has been tested as part of the CPAN Testers
project, supporting the Perl programming language.  See
http://wiki.cpantesters.org/ for more information or email
questions to cpan-testers-discuss@perl.org


--
Dear Blabos de Blebe,

This is a computer-generated report for MAD-Loader-3.001001
on perl 5.10.1, created by CPAN-Reporter-1.2011.

Thank you for uploading your work to CPAN.  However, there was a problem
testing your distribution.

If you think this report is invalid, please consult the CPAN Testers Wiki
for suggestions on how to avoid getting FAIL reports for missing library
or binary dependencies, unsupported operating systems, and so on:

http://wiki.cpantesters.org/wiki/CPANAuthorNotes

Sections of this report:

    * Tester comments
    * Program output
    * Prerequisites
    * Environment and other context

------------------------------
TESTER COMMENTS
------------------------------

Additional comments from tester:

this report is from an automated smoke testing program
and was not reviewed by a human for accuracy

------------------------------
PROGRAM OUTPUT
------------------------------

Output from '/sw/bin/make test':

PERL_DL_NONLAZY=1 /Users/hornenj/perl5/perlbrew/perls/perl-5.10.1/bin/perl "-MExtUtils::Command::MM" "-MTest::Harness" "-e" "undef *Test::Harness::Switches; test_harness(0, 'blib/lib', 'blib/arch')" t/*.t t/01-functions/*.t t/01-functions/01-fqn/*.t t/01-functions/02-load-module/01-core-modules/*.t t/01-functions/02-load-module/02-non-core-modules/*.t t/01-functions/03-build-object/*.t t/02-methods/01-new/*.t t/02-methods/02-load/*.t t/02-methods/03-build/*.t t/02-methods/04-load-and-build/*.t
t/01-functions/01-fqn/01-fqn.t ......................................... ok

#   Failed test 'Data::Dumper is not loaded'
#   at t/01-functions/02-load-module/01-core-modules/01-without-prefix.t line 11.
# Looks like you failed 1 test of 3.
t/01-functions/02-load-module/01-core-modules/01-without-prefix.t ...... 
Dubious, test returned 1 (wstat 256, 0x100)
Failed 1/3 subtests 

#   Failed test 'Data::Dumper is not loaded'
#   at t/01-functions/02-load-module/01-core-modules/02-with-prefix.t line 13.
# Looks like you failed 1 test of 3.
t/01-functions/02-load-module/01-core-modules/02-with-prefix.t ......... 
Dubious, test returned 1 (wstat 256, 0x100)
Failed 1/3 subtests 
t/01-functions/02-load-module/02-non-core-modules/01-without-prefix.t .. ok
t/01-functions/02-load-module/02-non-core-modules/02-with-prefix.t ..... ok
t/01-functions/03-build-object/01-build.t .............................. ok
t/01-functions/03-build-object/02-fail.t ............................... ok
t/01-functions/04-load-and-new.t ....................................... ok
t/02-methods/01-new/01-new.t ........................................... ok
t/02-methods/02-load/01-add-inc.t ...................................... ok
t/02-methods/02-load/02-set-inc.t ...................................... ok
t/02-methods/03-build/01-without-args.t ................................ ok
t/02-methods/03-build/02-with-args.t ................................... ok
t/02-methods/04-load-and-build/01-load-and-build.t ..................... ok
t/author-critic.t ...................................................... skipped: these tests are for testing by the author
t/release-pod-coverage.t ............................................... skipped: these tests are for release candidate testing
t/release-pod-syntax.t ................................................. skipped: these tests are for release candidate testing

Test Summary Report
-------------------
t/01-functions/02-load-module/01-core-modules/01-without-prefix.t    (Wstat: 256 Tests: 3 Failed: 1)
  Failed test:  1
  Non-zero exit status: 1
t/01-functions/02-load-module/01-core-modules/02-with-prefix.t       (Wstat: 256 Tests: 3 Failed: 1)
  Failed test:  1
  Non-zero exit status: 1
Files=17, Tests=57,  1 wallclock secs ( 0.06 usr  0.03 sys +  0.94 cusr  0.14 csys =  1.17 CPU)
Result: FAIL
Failed 2/17 test programs. 2/57 subtests failed.
make: *** [test_dynamic] Error 255

------------------------------
PREREQUISITES
------------------------------

Prerequisite modules loaded:

requires:

    Module              Need     Have    
    ------------------- -------- --------
    Carp                1.12     1.3301  
    Const::Fast         0.014    0.014   
    Moo                 1.004006 1.005000

build_requires:

    Module              Need     Have    
    ------------------- -------- --------
    ExtUtils::MakeMaker 0        6.98    
    File::Spec          3.47     3.47    
    Scalar::Util        1.38     1.41    
    Test::Most          0.34     0.34    
    Test::Perl::Critic  1.02     1.02    

configure_requires:

    Module              Need     Have    
    ------------------- -------- --------
    ExtUtils::MakeMaker 6.30     6.98    


------------------------------
ENVIRONMENT AND OTHER CONTEXT
------------------------------

Environment variables:

    AUTOMATED_TESTING = 1
    LANG = en_GB.UTF-8
    PATH = /Users/hornenj/perl5/perlbrew/bin:/Users/hornenj/perl5/perlbrew/perls/perl-5.10.1/bin:/Users/hornenj/perl5/perlbrew/bin:/Users/hornenj/perl5/perlbrew/perls/perl-5.21.3/bin:/Users/hornenj/bin:/usr/bin:/bin:/usr/local/bin:/opt/X11/bin:/usr/local/ncbi/blast/bin
    PERL5LIB = /Users/hornenj/.cpan/build/Const-Fast-0.014-pxSscF/blib/arch:/Users/hornenj/.cpan/build/Const-Fast-0.014-pxSscF/blib/lib:/Users/hornenj/.cpan/build/PathTools-3.47-n_uUBh/blib/arch:/Users/hornenj/.cpan/build/PathTools-3.47-n_uUBh/blib/lib
    PERL5OPT = 
    PERL5_CPANPLUS_IS_RUNNING = 96533
    PERL5_CPAN_IS_RUNNING = 96533
    PERL5_MINISMOKEBOX = 0.58
    PERLBREW_BASHRC_VERSION = 0.69
    PERLBREW_HOME = /Users/hornenj/.perlbrew
    PERLBREW_MANPATH = /Users/hornenj/perl5/perlbrew/perls/perl-5.10.1/man
    PERLBREW_PATH = /Users/hornenj/perl5/perlbrew/bin:/Users/hornenj/perl5/perlbrew/perls/perl-5.10.1/bin
    PERLBREW_PERL = perl-5.10.1
    PERLBREW_ROOT = /Users/hornenj/perl5/perlbrew
    PERLBREW_VERSION = 0.69
    PERL_EXTUTILS_AUTOINSTALL = --defaultdeps
    PERL_MM_USE_DEFAULT = 1
    SHELL = /bin/bash
    TERM = xterm-256color
    TMPDIR = /var/folders/pz/pd7y1qjs6s3cbk170cw50fjc000c61/T/
    VERSIONER_PERL_PREFER_32_BIT = no
    VERSIONER_PERL_VERSION = 5.16

Perl special variables (and OS-specific diagnostics, for MSWin32):

    $^X = /Users/hornenj/perl5/perlbrew/perls/perl-5.10.1/bin/perl
    $UID/$EUID = 12481 / 12481
    $GID = 14 14 5344 527 241
    $EGID = 14 14 5344 527 241

Perl module toolchain versions installed:

    Module              Have    
    ------------------- --------
    CPAN                2.05    
    CPAN::Meta          2.142060
    Cwd                 3.47    
    ExtUtils::CBuilder  0.280219
    ExtUtils::Command   1.18    
    ExtUtils::Install   1.68    
    ExtUtils::MakeMaker 6.98    
    ExtUtils::Manifest  1.65    
    ExtUtils::ParseXS   3.24    
    File::Spec          3.47    
    JSON                2.90    
    JSON::PP            2.27203 
    Module::Build       0.32    
    Module::Signature   n/a     
    Parse::CPAN::Meta   1.4414  
    Test::Harness       3.33    
    Test::More          1.001006
    YAML                1.11    
    YAML::Syck          1.27    
    version             0.9908  


--

Summary of my perl5 (revision 5 version 10 subversion 1) configuration:
   
  Platform:
    osname=darwin, osvers=12.5.0, archname=darwin-thread-multi-2level
    uname='darwin ncbimac2008.ncbi.nlm.nih.gov 12.5.0 darwin kernel version 12.5.0: sun sep 29 13:33:47 pdt 2013; root:xnu-2050.48.12~1release_x86_64 x86_64 '
    config_args='-Duseithreads -Dusemultiplicity -Dinstallprefix=/Users/hornenj/perl5/perlbrew/perls/perl-5.10.1 -Dprefix=/Users/hornenj/perl5/perlbrew/perls/perl-5.10.1 -de -Accflags=-O2 -W -Wformat=2 -Wswitch -Wshadow -Wwrite-strings -Wuninitialized -Wall -pipe -mtune=native -march=native -fomit-frame-pointer -msse2 -msse -mmmx -pedantic -D_FORTIFY_SOURCE=2 -Wpointer-arith -Wstrict-prototypes -fstack-protector -Wstack-protector -Wextra -Wbad-function-cast -Wcast-align -Wcast-qual -Wdisabled-optimization -Wendif-labels -Wfloat-equal -Wformat-nonliteral -Winline -Wmissing-declarations -Wmissing-prototypes -Wnested-externs -Wpointer-arith -Wundef -Wformat-security -fassociative-math -Acc=clang'
    hint=recommended, useposix=true, d_sigaction=define
    useithreads=define, usemultiplicity=define
    useperlio=define, d_sfio=undef, uselargefiles=define, usesocks=undef
    use64bitint=define, use64bitall=define, uselongdouble=undef
    usemymalloc=n, bincompat5005=undef
  Compiler:
    cc=' clang', ccflags ='-fno-common -DPERL_DARWIN -no-cpp-precomp -O2 -W -Wformat=2 -Wswitch -Wshadow -Wwrite-strings -Wuninitialized -Wall -pipe -mtune=native -march=native -fomit-frame-pointer -msse2 -msse -mmmx -pedantic -D_FORTIFY_SOURCE=2 -Wpointer-arith -Wstrict-prototypes -fstack-protector -Wstack-protector -Wextra -Wbad-function-cast -Wcast-align -Wcast-qual -Wdisabled-optimization -Wendif-labels -Wfloat-equal -Wformat-nonliteral -Winline -Wmissing-declarations -Wmissing-prototypes -Wnested-externs -Wpointer-arith -Wundef -Wformat-security -fassociative-math -fno-strict-aliasing -I/usr/local/include',
    optimize='-O3',
    cppflags='-no-cpp-precomp -fno-common -DPERL_DARWIN -no-cpp-precomp -O2 -W -Wformat=2 -Wswitch -Wshadow -Wwrite-strings -Wuninitialized -Wall -pipe -mtune=native -march=native -fomit-frame-pointer -msse2 -msse -mmmx -pedantic -D_FORTIFY_SOURCE=2 -Wpointer-arith -Wstrict-prototypes -fstack-protector -Wstack-protector -Wextra -Wbad-function-cast -Wcast-align -Wcast-qual -Wdisabled-optimization -Wendif-labels -Wfloat-equal -Wformat-nonliteral -Winline -Wmissing-declarations -Wmissing-prototypes -Wnested-externs -Wpointer-arith -Wundef -Wformat-security -fassociative-math -fno-strict-aliasing -I/usr/local/include'
    ccversion='', gccversion='4.2.1 Compatible Apple LLVM 4.2 (clang-425.0.24)', gccosandvers=''
    intsize=4, longsize=8, ptrsize=8, doublesize=8, byteorder=12345678
    d_longlong=define, longlongsize=8, d_longdbl=define, longdblsize=16
    ivtype='long', ivsize=8, nvtype='double', nvsize=8, Off_t='off_t', lseeksize=8
    alignbytes=8, prototype=define
  Linker and Libraries:
    ld='env MACOSX_DEPLOYMENT_TARGET=10.3 cc', ldflags =' -fstack-protector -L/usr/local/lib'
    libpth=/usr/local/lib /usr/lib
    libs=-ldbm -ldl -lm -lutil -lc
    perllibs=-ldl -lm -lutil -lc
    libc=, so=dylib, useshrplib=false, libperl=libperl.a
    gnulibc_version=''
  Dynamic Linking:
    dlsrc=dl_dlopen.xs, dlext=bundle, d_dlsymun=undef, ccdlflags=' '
    cccdlflags=' ', lddlflags=' -bundle -undefined dynamic_lookup -L/usr/local/lib -fstack-protector'


Characteristics of this binary (from libperl): 
  Compile-time options: MULTIPLICITY PERL_DONT_CREATE_GVSV
                        PERL_IMPLICIT_CONTEXT PERL_MALLOC_WRAP USE_64_BIT_ALL
                        USE_64_BIT_INT USE_ITHREADS USE_LARGE_FILES
                        USE_PERLIO USE_REENTRANT_API
  Built under darwin
  Compiled at Apr  1 2014 09:55:44
  %ENV:
    PERL5LIB="/Users/hornenj/.cpan/build/Const-Fast-0.014-pxSscF/blib/arch:/Users/hornenj/.cpan/build/Const-Fast-0.014-pxSscF/blib/lib:/Users/hornenj/.cpan/build/PathTools-3.47-n_uUBh/blib/arch:/Users/hornenj/.cpan/build/PathTools-3.47-n_uUBh/blib/lib"
    PERL5OPT=""
    PERL5_CPANPLUS_IS_RUNNING="96533"
    PERL5_CPAN_IS_RUNNING="96533"
    PERL5_MINISMOKEBOX="0.58"
    PERLBREW_BASHRC_VERSION="0.69"
    PERLBREW_HOME="/Users/hornenj/.perlbrew"
    PERLBREW_MANPATH="/Users/hornenj/perl5/perlbrew/perls/perl-5.10.1/man"
    PERLBREW_PATH="/Users/hornenj/perl5/perlbrew/bin:/Users/hornenj/perl5/perlbrew/perls/perl-5.10.1/bin"
    PERLBREW_PERL="perl-5.10.1"
    PERLBREW_ROOT="/Users/hornenj/perl5/perlbrew"
    PERLBREW_VERSION="0.69"
    PERL_EXTUTILS_AUTOINSTALL="--defaultdeps"
    PERL_MM_USE_DEFAULT="1"
  @INC:
    /Users/hornenj/.cpan/build/Const-Fast-0.014-pxSscF/blib/arch
    /Users/hornenj/.cpan/build/Const-Fast-0.014-pxSscF/blib/lib
    /Users/hornenj/.cpan/build/PathTools-3.47-n_uUBh/blib/arch
    /Users/hornenj/.cpan/build/PathTools-3.47-n_uUBh/blib/lib
    /Users/hornenj/perl5/perlbrew/perls/perl-5.10.1/lib/5.10.1/darwin-thread-multi-2level
    /Users/hornenj/perl5/perlbrew/perls/perl-5.10.1/lib/5.10.1
    /Users/hornenj/perl5/perlbrew/perls/perl-5.10.1/lib/site_perl/5.10.1/darwin-thread-multi-2level
    /Users/hornenj/perl5/perlbrew/perls/perl-5.10.1/lib/site_perl/5.10.1
    .