Plucene v1.25 Perl 5 v5.27.10 MSWin32-x86-multi-thread-64int

Status
Fail
From
Alexandr Ciornii (CHORNY)
Dist
Plucene v1.25
Platform
Perl 5 v5.27.10 MSWin32-x86-multi-thread-64int
Date
2018-04-16 18:57:36
ID
0b19c49a-6bf6-1014-9175-e4f0ef7c7c73
This distribution has been tested as part of the CPAN Testers
project, supporting the Perl programming language.  See
http://wiki.cpantesters.org/ for more information or email
questions to cpan-testers-discuss@perl.org


--
Dear Tony Bowden,

This is a computer-generated report for Plucene-1.25
on perl 5.27.10, created by CPAN-Reporter-1.2018.

Thank you for uploading your work to CPAN.  However, there was a problem
testing your distribution.

If you think this report is invalid, please consult the CPAN Testers Wiki
for suggestions on how to avoid getting FAIL reports for missing library
or binary dependencies, unsupported operating systems, and so on:

http://wiki.cpantesters.org/wiki/CPANAuthorNotes

Sections of this report:

    * Tester comments
    * Program output
    * Prerequisites
    * Environment and other context

------------------------------
TESTER COMMENTS
------------------------------

Additional comments from tester:

this report is from an automated smoke testing program
and was not reviewed by a human for accuracy

------------------------------
PROGRAM OUTPUT
------------------------------

Output from 'C:\Strawberry2710\perl\bin\perl.exe ./Build test':

t\98_pod_coverage.t .. ok

#   Failed test 'POD test for blib/lib/Plucene/TestCase.pm'
#   at C:/Strawberry2710/perl/vendor/lib/Test/Pod.pm line 187.
# blib/lib/Plucene/TestCase.pm (49): =over without closing =back

#   Failed test 'POD test for blib/lib/Plucene/Search/BooleanQuery.pm'
#   at C:/Strawberry2710/perl/vendor/lib/Test/Pod.pm line 187.
# blib/lib/Plucene/Search/BooleanQuery.pm (83): Expected text after =item, not a bullet
# Looks like you failed 2 tests of 73.
t\99_pod.t ........... 
Dubious, test returned 2 (wstat 512, 0x200)
Failed 2/73 subtests 
t\analyzers.t ........ ok
t\datesearch.t ....... ok
t\dateserializer.t ... ok
t\deletable.t ........ ok
t\delete.t ........... ok
t\indexsearcher.t .... ok
t\mergefactor.t ...... ok
t\queryparser.t ...... ok
t\regress-01.t ....... ok
t\regress-02.t ....... ok
t\regress-04.t ....... ok
t\search_hits.t ...... ok
cannot unlink file for C:\DOCUME~1\a\LOCALS~1\Temp\nou3Na_H8D\_7.f1: Permission denied at C:/Strawberry2710/perl/lib/File/Temp.pm line 784.
cannot unlink file for C:\DOCUME~1\a\LOCALS~1\Temp\nou3Na_H8D\_7.fdt: Permission denied at C:/Strawberry2710/perl/lib/File/Temp.pm line 784.
cannot unlink file for C:\DOCUME~1\a\LOCALS~1\Temp\nou3Na_H8D\_7.fdx: Permission denied at C:/Strawberry2710/perl/lib/File/Temp.pm line 784.
cannot unlink file for C:\DOCUME~1\a\LOCALS~1\Temp\nou3Na_H8D\_7.tis: Permission denied at C:/Strawberry2710/perl/lib/File/Temp.pm line 784.
cannot remove directory for C:/DOCUME~1/a/LOCALS~1/Temp/nou3Na_H8D: Directory not empty at C:/Strawberry2710/perl/lib/File/Temp.pm line 784.
t\searchtest.t ....... ok
t\segments.t ......... ok
t\similarity.t ....... ok
t\sloppy_scorer.t .... ok
# Indexing the entire Odyssey. This may take some time
# t/data/book1
# t/data/book10
# t/data/book11
# t/data/book12
# t/data/book13
# t/data/book14
# t/data/book15
# t/data/book16
# t/data/book17
# t/data/book18
# t/data/book19
# t/data/book2
# t/data/book20
# t/data/book21
# t/data/book22
# t/data/book23
# t/data/book24
# t/data/book3
# t/data/book4
# t/data/book5
# t/data/book6
# t/data/book7
# t/data/book8
# t/data/book9
# t/data/preface
# Closing
cannot unlink file for C:\DOCUME~1\a\LOCALS~1\Temp\rNOCO7qVPB\_10.f1: Permission denied at C:/Strawberry2710/perl/lib/File/Temp.pm line 784.
cannot unlink file for C:\DOCUME~1\a\LOCALS~1\Temp\rNOCO7qVPB\_10.f2: Permission denied at C:/Strawberry2710/perl/lib/File/Temp.pm line 784.
cannot unlink file for C:\DOCUME~1\a\LOCALS~1\Temp\rNOCO7qVPB\_10.f3: Permission denied at C:/Strawberry2710/perl/lib/File/Temp.pm line 784.
cannot unlink file for C:\DOCUME~1\a\LOCALS~1\Temp\rNOCO7qVPB\_10.fdt: Permission denied at C:/Strawberry2710/perl/lib/File/Temp.pm line 784.
cannot unlink file for C:\DOCUME~1\a\LOCALS~1\Temp\rNOCO7qVPB\_10.fdx: Permission denied at C:/Strawberry2710/perl/lib/File/Temp.pm line 784.
cannot unlink file for C:\DOCUME~1\a\LOCALS~1\Temp\rNOCO7qVPB\_10.tis: Permission denied at C:/Strawberry2710/perl/lib/File/Temp.pm line 784.
cannot unlink file for C:\DOCUME~1\a\LOCALS~1\Temp\rNOCO7qVPB\_21.f1: Permission denied at C:/Strawberry2710/perl/lib/File/Temp.pm line 784.
cannot unlink file for C:\DOCUME~1\a\LOCALS~1\Temp\rNOCO7qVPB\_21.f2: Permission denied at C:/Strawberry2710/perl/lib/File/Temp.pm line 784.
cannot unlink file for C:\DOCUME~1\a\LOCALS~1\Temp\rNOCO7qVPB\_21.f3: Permission denied at C:/Strawberry2710/perl/lib/File/Temp.pm line 784.
cannot unlink file for C:\DOCUME~1\a\LOCALS~1\Temp\rNOCO7qVPB\_21.fdt: Permission denied at C:/Strawberry2710/perl/lib/File/Temp.pm line 784.
cannot unlink file for C:\DOCUME~1\a\LOCALS~1\Temp\rNOCO7qVPB\_21.fdx: Permission denied at C:/Strawberry2710/perl/lib/File/Temp.pm line 784.
cannot unlink file for C:\DOCUME~1\a\LOCALS~1\Temp\rNOCO7qVPB\_21.tis: Permission denied at C:/Strawberry2710/perl/lib/File/Temp.pm line 784.
cannot unlink file for C:\DOCUME~1\a\LOCALS~1\Temp\rNOCO7qVPB\_27.f1: Permission denied at C:/Strawberry2710/perl/lib/File/Temp.pm line 784.
cannot unlink file for C:\DOCUME~1\a\LOCALS~1\Temp\rNOCO7qVPB\_27.f2: Permission denied at C:/Strawberry2710/perl/lib/File/Temp.pm line 784.
cannot unlink file for C:\DOCUME~1\a\LOCALS~1\Temp\rNOCO7qVPB\_27.f3: Permission denied at C:/Strawberry2710/perl/lib/File/Temp.pm line 784.
cannot unlink file for C:\DOCUME~1\a\LOCALS~1\Temp\rNOCO7qVPB\_27.fdt: Permission denied at C:/Strawberry2710/perl/lib/File/Temp.pm line 784.
cannot unlink file for C:\DOCUME~1\a\LOCALS~1\Temp\rNOCO7qVPB\_27.fdx: Permission denied at C:/Strawberry2710/perl/lib/File/Temp.pm line 784.
cannot unlink file for C:\DOCUME~1\a\LOCALS~1\Temp\rNOCO7qVPB\_27.tis: Permission denied at C:/Strawberry2710/perl/lib/File/Temp.pm line 784.
cannot remove directory for C:/DOCUME~1/a/LOCALS~1/Temp/rNOCO7qVPB: Directory not empty at C:/Strawberry2710/perl/lib/File/Temp.pm line 784.
t\stress.t ........... ok
t\terminfostest.t .... ok
t\testbitvector.t .... ok
t\testindexwriter.t .. ok
t\tokenfilter.t ...... ok
t\tokenizer.t ........ ok
t\utf8.t ............. ok

Test Summary Report
-------------------
t\99_pod.t         (Wstat: 512 Tests: 73 Failed: 2)
  Failed tests:  5, 46
  Non-zero exit status: 2
Files=25, Tests=6104, 56 wallclock secs ( 0.68 usr +  0.97 sys =  1.65 CPU)
Result: FAIL
Failed 1/25 test programs. 2/6104 subtests failed.

------------------------------
PREREQUISITES
------------------------------

Prerequisite modules loaded:

requires:

    Module                Need      Have   
    --------------------- --------- -------
    Bit::Vector::Minimal  1.0       1.3    
    Carp                  0         1.49   
    Class::Accessor       0.18      0.51   
    Class::Accessor::Fast 0.02      0.51   
    Class::Virtual        0.03      0.08   
    Encode                0         2.97   
    File::Spec::Functions 1.1       3.74   
    IO::File              1.08      1.16   
    IO::Handle            1.21_00   1.37   
    IO::Scalar            2.104     2.111  
    Lingua::Stem::En      2.12      2.16   
    List::Util            1.13      1.50   
    Memoize               1.01      1.03_01
    Tie::Array::Sorted    1.1       1.41   
    Time::Piece           1.08      1.3204 

build_requires:

    Module                Need      Have   
    --------------------- --------- -------
    File::Slurp           2002.1031 9999.19
    Test::Harness         2.30      3.42   


------------------------------
ENVIRONMENT AND OTHER CONTEXT
------------------------------

Environment variables:

    AUTOMATED_TESTING = 1
    COMSPEC = C:\WINDOWS\system32\cmd.exe
    NONINTERACTIVE_TESTING = 1
    NUMBER_OF_PROCESSORS = 1
    PATH = C:\Program Files\Far Manager\;C:\WINDOWS\system32;C:\WINDOWS;C:\WINDOWS\System32\Wbem;C:\Git\cmd;C:\Strawberry2710\c\bin;C:\Strawberry2710\perl\site\bin;C:\Strawberry2710\perl\bin
    PERL5LIB = 
    PERL5OPT = 
    PERL5_CPANPLUS_IS_RUNNING = 764
    PERL5_CPAN_IS_RUNNING = 764
    PERL5_CPAN_IS_RUNNING_IN_RECURSION = 328,764
    PERL_CR_SMOKER_CURRENT = Buscador
    PERL_EXTUTILS_AUTOINSTALL = --defaultdeps
    PERL_HASH_SEED = 0x11111111
    PERL_MM_USE_DEFAULT = 1
    PERL_USE_UNSAFE_INC = 1
    PROCESSOR_IDENTIFIER = x86 Family 16 Model 5 Stepping 3, AuthenticAMD
    TEMP = C:\DOCUME~1\a\LOCALS~1\Temp

Perl special variables (and OS-specific diagnostics, for MSWin32):

    $^X = C:\Strawberry2710\perl\bin\perl.exe
    $UID/$EUID = 0 / 0
    $GID = 0
    $EGID = 0
    Win32::GetOSName = WinXP/.Net
    Win32::GetOSVersion = Service Pack 3, 5, 1, 2600, 2, 3, 0, 256, 1
    Win32::FsType = NTFS
    Win32::IsAdminUser = 1

Perl module toolchain versions installed:

    Module              Have    
    ------------------- --------
    CPAN                2.20    
    CPAN::Meta          2.150010
    Cwd                 3.74    
    ExtUtils::CBuilder  0.280230
    ExtUtils::Command   7.34    
    ExtUtils::Install   2.14    
    ExtUtils::MakeMaker 7.34    
    ExtUtils::Manifest  1.70    
    ExtUtils::ParseXS   3.39    
    File::Spec          3.74    
    JSON                2.97001 
    JSON::PP            2.97001 
    Module::Build       0.4224  
    Module::Signature   0.81    
    Parse::CPAN::Meta   2.150010
    Test::Harness       3.42    
    Test::More          1.302135
    YAML                1.24    
    YAML::Syck          1.30    
    version             0.9918  


--

Summary of my perl5 (revision 5 version 27 subversion 10) configuration:
   
  Platform:
    osname=MSWin32
    osvers=5.1.2600
    archname=MSWin32-x86-multi-thread-64int
    uname='Win32 strawberry-perl 5.27.10.1-beta1 #1 Mon Apr  2 14:36:35 2018 i386'
    config_args='undef'
    hint=recommended
    useposix=true
    d_sigaction=undef
    useithreads=define
    usemultiplicity=define
    use64bitint=define
    use64bitall=undef
    uselongdouble=undef
    usemymalloc=n
    default_inc_excludes_dot=define
    bincompat5005=undef
  Compiler:
    cc='gcc'
    ccflags =' -s -O2 -DWIN32 -D__USE_MINGW_ANSI_STDIO -DPERL_TEXTMODE_SCRIPTS -DPERL_IMPLICIT_CONTEXT -DPERL_IMPLICIT_SYS -DUSE_PERLIO -fwrapv -fno-strict-aliasing -mms-bitfields'
    optimize='-s -O2'
    cppflags='-DWIN32'
    ccversion=''
    gccversion='7.1.0'
    gccosandvers=''
    intsize=4
    longsize=4
    ptrsize=4
    doublesize=8
    byteorder=12345678
    doublekind=3
    d_longlong=define
    longlongsize=8
    d_longdbl=define
    longdblsize=12
    longdblkind=3
    ivtype='long long'
    ivsize=8
    nvtype='double'
    nvsize=8
    Off_t='long long'
    lseeksize=8
    alignbytes=8
    prototype=define
  Linker and Libraries:
    ld='g++'
    ldflags ='-s -L"C:\STRAWB~1\perl\lib\CORE" -L"C:\STRAWB~1\c\lib"'
    libpth=C:\STRAWB~1\c\lib C:\STRAWB~1\c\i686-w64-mingw32\lib C:\STRAWB~1\c\lib\gcc\i686-w64-mingw32\7.1.0
    libs= -lmoldname -lkernel32 -luser32 -lgdi32 -lwinspool -lcomdlg32 -ladvapi32 -lshell32 -lole32 -loleaut32 -lnetapi32 -luuid -lws2_32 -lmpr -lwinmm -lversion -lodbc32 -lodbccp32 -lcomctl32
    perllibs= -lmoldname -lkernel32 -luser32 -lgdi32 -lwinspool -lcomdlg32 -ladvapi32 -lshell32 -lole32 -loleaut32 -lnetapi32 -luuid -lws2_32 -lmpr -lwinmm -lversion -lodbc32 -lodbccp32 -lcomctl32
    libc=
    so=dll
    useshrplib=true
    libperl=libperl527.a
    gnulibc_version=''
  Dynamic Linking:
    dlsrc=dl_win32.xs
    dlext=xs.dll
    d_dlsymun=undef
    ccdlflags=' '
    cccdlflags=' '
    lddlflags='-mdll -s -L"C:\STRAWB~1\perl\lib\CORE" -L"C:\STRAWB~1\c\lib"'


Characteristics of this binary (from libperl): 
  Compile-time options:
    HAS_TIMES
    HAVE_INTERP_INTERN
    MULTIPLICITY
    PERLIO_LAYERS
    PERL_COPY_ON_WRITE
    PERL_DONT_CREATE_GVSV
    PERL_IMPLICIT_CONTEXT
    PERL_IMPLICIT_SYS
    PERL_MALLOC_WRAP
    PERL_OP_PARENT
    PERL_PRESERVE_IVUV
    USE_64_BIT_INT
    USE_ITHREADS
    USE_LARGE_FILES
    USE_LOCALE
    USE_LOCALE_COLLATE
    USE_LOCALE_CTYPE
    USE_LOCALE_NUMERIC
    USE_LOCALE_TIME
    USE_PERLIO
    USE_PERL_ATOF
  Built under MSWin32
  Compiled at Apr  2 2018 14:46:21
  %ENV:
    PERL5_CPANPLUS_IS_RUNNING="764"
    PERL5_CPAN_IS_RUNNING="764"
    PERL5_CPAN_IS_RUNNING_IN_RECURSION="328,764"
    PERL_CR_SMOKER_CURRENT="Buscador"
    PERL_EXTUTILS_AUTOINSTALL="--defaultdeps"
    PERL_HASH_SEED="0x11111111"
    PERL_MM_USE_DEFAULT="1"
    PERL_USE_UNSAFE_INC="1"
  @INC:
    C:/Strawberry2710/perl/site/lib
    C:/Strawberry2710/perl/vendor/lib
    C:/Strawberry2710/perl/lib
    .