LWP-UserAgent-WithCache v0.13 Perl 5 v5.16.3 x86_64-linux-thread-multi
- Status
- Unknown
- From
- Nigel Horne
- Dist
-
LWP-UserAgent-WithCache v0.13
- Platform
- Perl 5 v5.16.3 x86_64-linux-thread-multi
- Date
- 2025-10-13 10:26:13
- ID
- 0b2bbbc2-a81f-11f0-b427-bc1cb989be80
This distribution has been tested as part of the CPAN Testers
project, supporting the Perl programming language. See
http://wiki.cpantesters.org/ for more information or email
questions to cpan-testers-discuss@perl.org
--
Dear Masayoshi Sekimura,
This is a computer-generated report for LWP-UserAgent-WithCache-0.13
on perl 5.16.3, created by CPAN-Reporter-1.2018.
Thank you for uploading your work to CPAN. However, attempting to
test your distribution gave an inconclusive result.
This could be because your distribution had an error during the make/build
stage, did not define tests, tests could not be found, because your tests were
interrupted before they finished, or because the results of the tests could not
be parsed. You may wish to consult the CPAN Testers Wiki:
http://wiki.cpantesters.org/wiki/CPANAuthorNotes
Sections of this report:
* Tester comments
* Program output
* Prerequisites
* Environment and other context
------------------------------
TESTER COMMENTS
------------------------------
Additional comments from tester:
none provided
------------------------------
PROGRAM OUTPUT
------------------------------
Output from '/usr/bin/make test':
PERL_DL_NONLAZY=1 "/home/njh/perl5/perlbrew/perls/perl-5.16.3/bin/perl" "-MExtUtils::Command::MM" "-MTest::Harness" "-e" "undef *Test::Harness::Switches; test_harness(0, 'blib/lib', 'blib/arch')" t/*.t
t/00_compile.t .. ok
t/01_new.t ...... ok
# Failed test at t/10_request.t line 38.
# got: '501'
# expected: '200'
# Looks like you failed 1 test of 4.
t/10_request.t ..
Dubious, test returned 1 (wstat 256, 0x100)
Failed 1/4 subtests
Test Summary Report
-------------------
t/10_request.t (Wstat: 256 Tests: 4 Failed: 1)
Failed test: 1
Non-zero exit status: 1
Files=3, Tests=10, 0 wallclock secs ( 0.01 usr 0.00 sys + 0.22 cusr 0.02 csys = 0.25 CPU)
Result: FAIL
Failed 1/3 test programs. 1/10 subtests failed.
make: *** [Makefile:842: test_dynamic] Error 1
------------------------------
PREREQUISITES
------------------------------
Prerequisite modules loaded:
requires:
Module Need Have
------------------- ---- -----
Cache::FileCache 0 0
File::HomeDir 0 1.004
LWP::UserAgent 0 6.80
build_requires:
Module Need Have
------------------- ---- -----
ExtUtils::MakeMaker 0 7.62
configure_requires:
Module Need Have
------------------- ---- -----
ExtUtils::MakeMaker 0 7.62
------------------------------
ENVIRONMENT AND OTHER CONTEXT
------------------------------
Environment variables:
LANG = en_US.UTF-8
PATH = /home/njh/perl5/perlbrew/bin:/home/njh/perl5/perlbrew/perls/perl-5.16.3/bin:/home/njh/perl5/perlbrew/bin:/home/njh/src/njh/smoker/bin:/usr/bin:/bin
PERL5LIB =
PERL5OPT =
PERL5_CPANPLUS_IS_RUNNING = 3172112
PERL5_CPAN_IS_RUNNING = 3172112
PERL5_CPAN_IS_RUNNING_IN_RECURSION = 3172108,3172112
PERLBREW_LIB =
PERLBREW_MANPATH = /home/njh/perl5/perlbrew/perls/perl-5.16.3/man
PERLBREW_PATH = /home/njh/perl5/perlbrew/bin:/home/njh/perl5/perlbrew/perls/perl-5.16.3/bin
PERLBREW_PERL = perl-5.16.3
PERLBREW_ROOT = /home/njh/perl5/perlbrew
PERLBREW_SHELLRC_VERSION = 0.91
PERLBREW_VERSION = 0.91
PERL_LOCAL_LIB_ROOT =
PERL_USE_UNSAFE_INC = 1
SHELL = /bin/sh
TEMP = /tmp/user/1000
TMPDIR = /tmp/user/1000
Perl special variables (and OS-specific diagnostics, for MSWin32):
$^X = /home/njh/perl5/perlbrew/perls/perl-5.16.3/bin/perl
$UID/$EUID = 1000 / 1000
$GID = 1000 4 24 25 29 30 44 46 103 108 115 123 996 1000
$EGID = 1000 4 24 25 29 30 44 46 103 108 115 123 996 1000
Perl module toolchain versions installed:
Module Have
------------------- --------
CPAN 2.28
CPAN::Meta 2.150005
Cwd 3.74
ExtUtils::CBuilder 0.280220
ExtUtils::Command 7.62
ExtUtils::Install 2.06
ExtUtils::MakeMaker 7.62
ExtUtils::Manifest 1.70
ExtUtils::ParseXS 3.24
File::Spec 3.74
JSON 4.02
JSON::PP 2.27400
Module::Build 0.4211
Module::Signature n/a
Parse::CPAN::Meta 1.4422
Test::Harness 3.35
Test::More 1.302186
YAML 1.31
YAML::Syck 1.34
version 0.99
--
Summary of my perl5 (revision 5 version 16 subversion 3) configuration:
Platform:
osname=linux, osvers=3.16-3-amd64, archname=x86_64-linux-thread-multi
uname='linux amelia 3.16-3-amd64 #1 smp debian 3.16.5-1 (2014-10-10) x86_64 gnulinux '
config_args='-de -Dprefix=/home/njh/perl5/perlbrew/perls/perl-5.16.3 -Duseithreads -Dusemultiplicity -Dusedevel -Accflags= -Aeval:scriptdir=/home/njh/perl5/perlbrew/perls/perl-5.16.3/bin'
hint=recommended, useposix=true, d_sigaction=define
useithreads=define, usemultiplicity=define
useperlio=define, d_sfio=undef, uselargefiles=define, usesocks=undef
use64bitint=define, use64bitall=define, uselongdouble=undef
usemymalloc=n, bincompat5005=undef
Compiler:
cc='cc', ccflags ='-D_REENTRANT -D_GNU_SOURCE -fno-strict-aliasing -pipe -fstack-protector -I/usr/local/include -D_LARGEFILE_SOURCE -D_FILE_OFFSET_BITS=64',
optimize='-O2',
cppflags='-D_REENTRANT -D_GNU_SOURCE -fno-strict-aliasing -pipe -fstack-protector -I/usr/local/include'
ccversion='', gccversion='4.9.2', gccosandvers=''
intsize=4, longsize=8, ptrsize=8, doublesize=8, byteorder=12345678
d_longlong=define, longlongsize=8, d_longdbl=define, longdblsize=16
ivtype='long', ivsize=8, nvtype='double', nvsize=8, Off_t='off_t', lseeksize=8
alignbytes=8, prototype=define
Linker and Libraries:
ld='cc', ldflags =' -fstack-protector -L/usr/local/lib'
libpth=/usr/local/lib /lib/x86_64-linux-gnu /lib/../lib /usr/lib/x86_64-linux-gnu /usr/lib/../lib /lib /usr/lib
libs=-lnsl -lgdbm -ldb -ldl -lm -lcrypt -lutil -lpthread -lc -lgdbm_compat
perllibs=-lnsl -ldl -lm -lcrypt -lutil -lpthread -lc
libc=libc-2.19.so, so=so, useshrplib=false, libperl=libperl.a
gnulibc_version='2.19'
Dynamic Linking:
dlsrc=dl_dlopen.xs, dlext=so, d_dlsymun=undef, ccdlflags='-Wl,-E'
cccdlflags='-fPIC', lddlflags='-shared -O2 -L/usr/local/lib -fstack-protector'
Characteristics of this binary (from libperl):
Compile-time options: HAS_TIMES MULTIPLICITY PERLIO_LAYERS
PERL_DONT_CREATE_GVSV PERL_IMPLICIT_CONTEXT
PERL_MALLOC_WRAP PERL_PRESERVE_IVUV PERL_USE_DEVEL
USE_64_BIT_ALL USE_64_BIT_INT USE_ITHREADS
USE_LARGE_FILES USE_LOCALE USE_LOCALE_COLLATE
USE_LOCALE_CTYPE USE_LOCALE_NUMERIC USE_PERLIO
USE_PERL_ATOF USE_REENTRANT_API
Built under linux
Compiled at Nov 15 2014 01:24:27
%ENV:
PERL5LIB=""
PERL5OPT=""
PERL5_CPANPLUS_IS_RUNNING="3172112"
PERL5_CPAN_IS_RUNNING="3172112"
PERL5_CPAN_IS_RUNNING_IN_RECURSION="3172108,3172112"
PERLBREW_LIB=""
PERLBREW_MANPATH="/home/njh/perl5/perlbrew/perls/perl-5.16.3/man"
PERLBREW_PATH="/home/njh/perl5/perlbrew/bin:/home/njh/perl5/perlbrew/perls/perl-5.16.3/bin"
PERLBREW_PERL="perl-5.16.3"
PERLBREW_ROOT="/home/njh/perl5/perlbrew"
PERLBREW_SHELLRC_VERSION="0.91"
PERLBREW_VERSION="0.91"
PERL_LOCAL_LIB_ROOT=""
PERL_USE_UNSAFE_INC="1"
@INC:
/home/njh/perl5/perlbrew/perls/perl-5.16.3/lib/site_perl/5.16.3/x86_64-linux-thread-multi
/home/njh/perl5/perlbrew/perls/perl-5.16.3/lib/site_perl/5.16.3
/home/njh/perl5/perlbrew/perls/perl-5.16.3/lib/5.16.3/x86_64-linux-thread-multi
/home/njh/perl5/perlbrew/perls/perl-5.16.3/lib/5.16.3
.