String-Tagged-Terminal v0.03_002 Perl 5 v5.8.9 x86_64-linux
- Status
- Fail
- From
- Andreas J. König (ANDK)
- Dist
-
String-Tagged-Terminal v0.03_002
- Platform
- Perl 5 v5.8.9 x86_64-linux
- Date
- 2018-09-20 12:52:34
- ID
- 0b5dad96-bcd4-11e8-b51e-740509bb374b
This distribution has been tested as part of the CPAN Testers
project, supporting the Perl programming language. See
http://wiki.cpantesters.org/ for more information or email
questions to cpan-testers-discuss@perl.org
--
Dear Paul Evans,
This is a computer-generated report for String-Tagged-Terminal-0.03_002
on perl 5.8.9, created by CPAN-Reporter-1.2018.
Thank you for uploading your work to CPAN. However, there was a problem
testing your distribution.
If you think this report is invalid, please consult the CPAN Testers Wiki
for suggestions on how to avoid getting FAIL reports for missing library
or binary dependencies, unsupported operating systems, and so on:
http://wiki.cpantesters.org/wiki/CPANAuthorNotes
Sections of this report:
* Tester comments
* Program output
* Prerequisites
* Environment and other context
------------------------------
TESTER COMMENTS
------------------------------
Additional comments from tester:
this report is from an automated smoke testing program
and was not reviewed by a human for accuracy
------------------------------
PROGRAM OUTPUT
------------------------------
Output from './Build test':
Bareword found where operator expected at /tmp/loop_over_bdir-14954-YHYvwQ/String-Tagged-Terminal-0.03_002-0/blib/lib/String/Tagged/Terminal.pm line 301, near "Prints the string to the terminal as per L</print_to_terminal"
(Might be a runaway multi-line // string starting on line 290)
(Do you need to predeclare Prints?)
# Failed test 'use String::Tagged::Terminal;'
# at t/00use.t line 8.
# Tried to use 'String::Tagged::Terminal'.
# Error: Search pattern not terminated at /tmp/loop_over_bdir-14954-YHYvwQ/String-Tagged-Terminal-0.03_002-0/blib/lib/String/Tagged/Terminal.pm line 311.
# Compilation failed in require at t/00use.t line 8.
# BEGIN failed--compilation aborted at t/00use.t line 8.
# Looks like you failed 1 test of 1.
t/00use.t .........
Dubious, test returned 1 (wstat 256, 0x100)
Failed 1/1 subtests
Bareword found where operator expected at /tmp/loop_over_bdir-14954-YHYvwQ/String-Tagged-Terminal-0.03_002-0/blib/lib/String/Tagged/Terminal.pm line 301, near "Prints the string to the terminal as per L</print_to_terminal"
(Might be a runaway multi-line // string starting on line 290)
(Do you need to predeclare Prints?)
Search pattern not terminated at /tmp/loop_over_bdir-14954-YHYvwQ/String-Tagged-Terminal-0.03_002-0/blib/lib/String/Tagged/Terminal.pm line 311.
Compilation failed in require at t/01build.t line 8.
BEGIN failed--compilation aborted at t/01build.t line 8.
t/01build.t .......
Dubious, test returned 9 (wstat 2304, 0x900)
No subtests run
Bareword found where operator expected at /tmp/loop_over_bdir-14954-YHYvwQ/String-Tagged-Terminal-0.03_002-0/blib/lib/String/Tagged/Terminal.pm line 301, near "Prints the string to the terminal as per L</print_to_terminal"
(Might be a runaway multi-line // string starting on line 290)
(Do you need to predeclare Prints?)
Search pattern not terminated at /tmp/loop_over_bdir-14954-YHYvwQ/String-Tagged-Terminal-0.03_002-0/blib/lib/String/Tagged/Terminal.pm line 311.
Compilation failed in require at t/10formatting.t line 8.
BEGIN failed--compilation aborted at t/10formatting.t line 8.
t/10formatting.t ..
Dubious, test returned 9 (wstat 2304, 0x900)
No subtests run
Bareword found where operator expected at /tmp/loop_over_bdir-14954-YHYvwQ/String-Tagged-Terminal-0.03_002-0/blib/lib/String/Tagged/Terminal.pm line 301, near "Prints the string to the terminal as per L</print_to_terminal"
(Might be a runaway multi-line // string starting on line 290)
(Do you need to predeclare Prints?)
Search pattern not terminated at /tmp/loop_over_bdir-14954-YHYvwQ/String-Tagged-Terminal-0.03_002-0/blib/lib/String/Tagged/Terminal.pm line 311.
Compilation failed in require at t/20print.t line 8.
BEGIN failed--compilation aborted at t/20print.t line 8.
t/20print.t .......
Dubious, test returned 9 (wstat 2304, 0x900)
No subtests run
t/99pod.t ......... ok
Test Summary Report
-------------------
t/00use.t (Wstat: 256 Tests: 1 Failed: 1)
Failed test: 1
Non-zero exit status: 1
t/01build.t (Wstat: 2304 Tests: 0 Failed: 0)
Non-zero exit status: 9
Parse errors: No plan found in TAP output
t/10formatting.t (Wstat: 2304 Tests: 0 Failed: 0)
Non-zero exit status: 9
Parse errors: No plan found in TAP output
t/20print.t (Wstat: 2304 Tests: 0 Failed: 0)
Non-zero exit status: 9
Parse errors: No plan found in TAP output
Files=5, Tests=3, 1 wallclock secs ( 0.00 usr 0.04 sys + 0.19 cusr 0.08 csys = 0.31 CPU)
Result: FAIL
Failed 4/5 test programs. 1/3 subtests failed.
------------------------------
PREREQUISITES
------------------------------
Prerequisite modules loaded:
requires:
Module Need Have
--------------------- ------ --------
constant 0 1.33
Convert::Color 0 0.11
Convert::Color::XTerm 0 0.05
String::Tagged 0 0.15
build_requires:
Module Need Have
--------------------- ------ --------
Test::More 0.88 1.302139
configure_requires:
Module Need Have
--------------------- ------ --------
Module::Build 0.4004 0.42_28
------------------------------
ENVIRONMENT AND OTHER CONTEXT
------------------------------
Environment variables:
AUTOMATED_TESTING = 1
LANG = en_US.UTF-8
PATH = /home/sand/bin:/usr/local/bin:/usr/bin:/bin:/usr/games:/usr/local/perl/bin:/usr/X11/bin:/sbin:/usr/sbin
PERL5LIB =
PERL5OPT =
PERL5_CPANPLUS_IS_RUNNING = 14955
PERL5_CPAN_IS_RUNNING = 14955
PERL_CANARY_STABILITY_NOPROMPT = 1
PERL_MM_USE_DEFAULT = 1
SHELL = /usr/bin/zsh
TERM = screen
Perl special variables (and OS-specific diagnostics, for MSWin32):
$^X = /home/sand/src/perl/repoperls/installed-perls/host/k93msid/perl-5.8.9/da1c/bin/perl
$UID/$EUID = 1005 / 1005
$GID = 1005 1005
$EGID = 1005 1005
Perl module toolchain versions installed:
Module Have
------------------- --------
CPAN 2.16
CPAN::Meta 2.150010
Cwd 3.74
ExtUtils::CBuilder 0.280230
ExtUtils::Command 7.35_06
ExtUtils::Install 2.14
ExtUtils::MakeMaker 7.35_06
ExtUtils::Manifest 1.70
ExtUtils::ParseXS 3.35
File::Spec 3.74
JSON 2.97001
JSON::PP 2.97001
Module::Build 0.42_28
Module::Signature 0.83
Parse::CPAN::Meta 2.150010
Test::Harness 3.43_01
Test::More 1.302139
YAML 1.26
YAML::Syck 1.30
version 0.9922
--
Summary of my perl5 (revision 5 version 8 subversion 9) configuration:
Platform:
osname=linux, osvers=4.14.0-3-amd64, archname=x86_64-linux
uname='linux k93msid 4.14.0-3-amd64 #1 smp debian 4.14.12-2 (2018-01-06) x86_64 gnulinux '
config_args='-Dprefix=/home/sand/src/perl/repoperls/installed-perls/host/k93msid/perl-5.8.9/da1c -Dmyhostname=k93msid -Dinstallusrbinperl=n -Uversiononly -Dusedevel -des -Ui_db -Dlibswanted=cl pthread socket inet nsl gdbm dbm malloc dl ld sun m crypt sec util c cposix posix ucb BSD gdbm_compat -Uuseithreads -Uuselongdouble -DEBUGGING=-g'
hint=recommended, useposix=true, d_sigaction=define
usethreads=undef use5005threads=undef useithreads=undef usemultiplicity=undef
useperlio=define d_sfio=undef uselargefiles=define usesocks=undef
use64bitint=define use64bitall=define uselongdouble=undef
usemymalloc=n, bincompat5005=undef
Compiler:
cc='cc', ccflags ='-fno-strict-aliasing -pipe -I/usr/local/include -D_LARGEFILE_SOURCE -D_FILE_OFFSET_BITS=64',
optimize='-O2 -g',
cppflags='-fno-strict-aliasing -pipe -I/usr/local/include'
ccversion='', gccversion='7.2.0', gccosandvers=''
intsize=4, longsize=8, ptrsize=8, doublesize=8, byteorder=12345678
d_longlong=define, longlongsize=8, d_longdbl=define, longdblsize=16
ivtype='long', ivsize=8, nvtype='double', nvsize=8, Off_t='off_t', lseeksize=8
alignbytes=8, prototype=define
Linker and Libraries:
ld='cc', ldflags =' -L/usr/local/lib'
libpth=/usr/local/lib /lib/x86_64-linux-gnu /lib/../lib /usr/lib/x86_64-linux-gnu /usr/lib/../lib /lib /usr/lib
libs=-lpthread -lnsl -ldl -lm -lcrypt -lutil -lc
perllibs=-lpthread -lnsl -ldl -lm -lcrypt -lutil -lc
libc=libc-2.26.so, so=so, useshrplib=false, libperl=libperl.a
gnulibc_version='2.26'
Dynamic Linking:
dlsrc=dl_dlopen.xs, dlext=so, d_dlsymun=undef, ccdlflags='-Wl,-E'
cccdlflags='-fPIC', lddlflags='-shared -O2 -g -L/usr/local/lib'
Characteristics of this binary (from libperl):
Compile-time options: PERL_MALLOC_WRAP USE_64_BIT_ALL USE_64_BIT_INT
USE_FAST_STDIO USE_LARGE_FILES USE_PERLIO
Built under linux
Compiled at Jan 10 2018 20:25:03
%ENV:
PERL5LIB=""
PERL5OPT=""
PERL5_CPANPLUS_IS_RUNNING="14955"
PERL5_CPAN_IS_RUNNING="14955"
PERL_CANARY_STABILITY_NOPROMPT="1"
PERL_MM_USE_DEFAULT="1"
@INC:
/home/sand/src/perl/repoperls/installed-perls/host/k93msid/perl-5.8.9/da1c/lib/5.8.9/x86_64-linux
/home/sand/src/perl/repoperls/installed-perls/host/k93msid/perl-5.8.9/da1c/lib/5.8.9
/home/sand/src/perl/repoperls/installed-perls/host/k93msid/perl-5.8.9/da1c/lib/site_perl/5.8.9/x86_64-linux
/home/sand/src/perl/repoperls/installed-perls/host/k93msid/perl-5.8.9/da1c/lib/site_perl/5.8.9
.