IPC-Run v0.98 Perl 5 v5.20.0 MSWin32-x64-multi-thread-IN-SPACE

Status
Fail
From
Ed J
Dist
IPC-Run v0.98
Platform
Perl 5 v5.20.0 MSWin32-x64-multi-thread-IN-SPACE
Date
2018-03-30 16:58:55
ID
0b69f76d-7119-1014-8ed6-0e6abb438ccc
This distribution has been tested as part of the CPAN Testers
project, supporting the Perl programming language.  See
http://wiki.cpantesters.org/ for more information or email
questions to cpan-testers-discuss@perl.org


--
Dear TODDR,

This is a computer-generated report for IPC-Run-0.98
on perl 5.20.0, created by App::cpanminus::reporter 0.12 (1.7040).

Thank you for uploading your work to CPAN.  However, there was a problem
testing your distribution.

If you think this report is invalid, please consult the CPAN Testers Wiki
for suggestions on how to avoid getting FAIL reports for missing library
or binary dependencies, unsupported operating systems, and so on:

http://wiki.cpantesters.org/wiki/CPANAuthorNotes

Sections of this report:

    * Tester comments
    * Program output
    * Prerequisites
    * Environment and other context

------------------------------
TESTER COMMENTS
------------------------------

Additional comments from tester:

none provided

------------------------------
PROGRAM OUTPUT
------------------------------

Output from '':

Building and testing IPC-Run-0.98
cp lib/IPC/Run/Win32Pump.pm blib\lib\IPC\Run\Win32Pump.pm
cp lib/IPC/Run/Win32Helper.pm blib\lib\IPC\Run\Win32Helper.pm
cp lib/IPC/Run/Timer.pm blib\lib\IPC\Run\Timer.pm
cp lib/IPC/Run/Debug.pm blib\lib\IPC\Run\Debug.pm
cp lib/IPC/Run/IO.pm blib\lib\IPC\Run\IO.pm
cp lib/IPC/Run/Win32IO.pm blib\lib\IPC\Run\Win32IO.pm
cp lib/IPC/Run.pm blib\lib\IPC\Run.pm
"D:\straw(berry) perl\perl\bin\perl.exe" "-MExtUtils::Command::MM" "-MTest::Harness" "-e" "undef *Test::Harness::Switches; test_harness(0, 'blib\lib', 'blib\arch')" t/*.t
t/97_meta.t .......................... skipped: Author tests not required for installation
t/98_pod.t ........................... skipped: Author tests not required for installation
t/98_pod_coverage.t .................. skipped: Author tests not required for installation
t/99_perl_minimum_version.t .......... skipped: Author tests not required for installation
t/adopt.t ............................ skipped: adopt not implemented yet

#   Failed test 'Unseting Autoflush on Windows doesn't work'
#   at t/autoflush.t line 37.
#          got: 'AUTOFLUSH main::STDOUT: 0'
#     expected: 'AUTOFLUSH main::STDOUT: 1'
# Looks like you failed 1 test of 4.
t/autoflush.t ........................ 
Dubious, test returned 1 (wstat 256, 0x100)
Failed 1/4 subtests 
t/binmode.t .......................... ok
t/bogus.t ............................ ok
No such signal: SIGUSR1 at t/eintr.t line 27.
t/eintr.t ............................ skipped: can't deliver a signal on this platform
t/filter.t ........................... ok
t/harness.t .......................... ok
t/io.t ............................... ok
t/kill_kill.t ........................ skipped: Temporarily ignoring test failure on Win32
t/parallel.t ......................... skipped: Parallel tests are dangerous on MSWin32
t/pty.t .............................. skipped: IO::Pty not installed
t/pump.t ............................. ok
file not found: /bin/echo at t/readonly.t line 42.
t/readonly.t ......................... 
Dubious, test returned 2 (wstat 512, 0x200)
No subtests run 
t/run.t .............................. ok
Command 'true' not found in D:\straw(berry) perl\perl\site\bin, D:\straw(berry) perl\perl\bin, D:\straw(berry) perl\c\bin, C:\ProgramData\Oracle\Java\javapath, C:\Program Files\Common Files\Microsoft Shared\Windows Live, C:\Program Files (x86)\Common Files\Microsoft Shared\Windows Live, C:\Program Files\ImageMagick-6.8.1-Q16, C:\Progra~1\perl64\bin, C:\Progra~1\perl64\site\bin, C:\Windows\system32, C:\Windows, C:\Windows\System32\Wbem, C:\Windows\System32\WindowsPowerShell\v1.0\, C:\Program Files (x86)\Windows Live\Shared, C:\Program Files (x86)\Toshiba\Bluetooth Toshiba Stack\sys\, C:\Program Files (x86)\Toshiba\Bluetooth Toshiba Stack\sys\x64\, C:\Progra~1\mingw64\bin, C:\Program Files\Microsoft SQL Server\110\Tools\Binn\, C:\Program Files (x86)\Windows Kits\8.1\Windows Performance Toolkit\, C:\Program Files (x86)\Microsoft SDKs\TypeScript\1.0\, C:\Program Files\Microsoft SQL Server\120\Tools\Binn\, D:\vagrant\install\bin, C:\Program Files (x86)\Skype\Phone\, C:\Program Files\Git\cmd at t/run_stdin-callback-return-array.t line 15.
# Looks like your test exited with 2 before it could output anything.
t/run_stdin-callback-return-array.t .. 
Dubious, test returned 2 (wstat 512, 0x200)
Failed 9/9 subtests 
t/signal.t ........................... skipped: Skipping on Win32
t/timeout.t .......................... ok
t/timer.t ............................ ok
t/utf8.t ............................. skipped: no cat on Windows
Subroutine IPPROTO_TCP redefined at D:/straw(berry) perl/perl/lib/Socket.pm line 4294967295.
t/win32_compile.t .................... ok
t/windows_search_path.t .............. ok

Test Summary Report
-------------------
t/autoflush.t                      (Wstat: 256 Tests: 4 Failed: 1)
  Failed test:  3
  Non-zero exit status: 1
t/readonly.t                       (Wstat: 512 Tests: 0 Failed: 0)
  Non-zero exit status: 2
  Parse errors: No plan found in TAP output
t/run_stdin-callback-return-array.t (Wstat: 512 Tests: 0 Failed: 0)
  Non-zero exit status: 2
  Parse errors: Bad plan.  You planned 9 tests but ran 0.
Files=25, Tests=654, 64 wallclock secs ( 0.22 usr +  0.11 sys =  0.33 CPU)
Result: FAIL

------------------------------
PREREQUISITES
------------------------------

Prerequisite modules loaded:

    No requirements found

------------------------------
ENVIRONMENT AND OTHER CONTEXT
------------------------------

Environment variables:

    COMSPEC = C:\Windows\system32\cmd.exe
    NUMBER_OF_PROCESSORS = 4
    PATH = D:\straw(berry) perl\perl\site\bin;D:\straw(berry) perl\perl\bin;D:\straw(berry) perl\c\bin;C:\ProgramData\Oracle\Java\javapath;C:\Program Files\Common Files\Microsoft Shared\Windows Live;C:\Program Files (x86)\Common Files\Microsoft Shared\Windows Live;C:\Program Files\ImageMagick-6.8.1-Q16;C:\Progra~1\perl64\bin;C:\Progra~1\perl64\site\bin;C:\Windows\system32;C:\Windows;C:\Windows\System32\Wbem;C:\Windows\System32\WindowsPowerShell\v1.0\;C:\Program Files (x86)\Windows Live\Shared;C:\Program Files (x86)\Toshiba\Bluetooth Toshiba Stack\sys\;C:\Program Files (x86)\Toshiba\Bluetooth Toshiba Stack\sys\x64\;C:\Progra~1\mingw64\bin;C:\Program Files\Microsoft SQL Server\110\Tools\Binn\;C:\Program Files (x86)\Windows Kits\8.1\Windows Performance Toolkit\;C:\Program Files (x86)\Microsoft SDKs\TypeScript\1.0\;C:\Program Files\Microsoft SQL Server\120\Tools\Binn\;D:\vagrant\install\bin;C:\Program Files (x86)\Skype\Phone\;C:\Program Files\Git\cmd
    PROCESSOR_IDENTIFIER = Intel64 Family 6 Model 42 Stepping 7, GenuineIntel
    TEMP = C:\Users\Currys\AppData\Local\Temp

Perl special variables (and OS-specific diagnostics, for MSWin32):

    EGID = 0
    EUID = 0
    EXECUTABLE_NAME = D:\straw(berry) perl\perl\bin\perl.exe
    GID = 0
    UID = 0
    Win32::FsType = NTFS
    Win32::GetOSName = Win7
    Win32::GetOSVersion = Service Pack 1, 6, 1, 7601, 2, 1, 0, 768, 1
    Win32::IsAdminUser = 0

Perl module toolchain versions installed:

    Module              Have    
    ------------------- --------
    CPAN                2.05    
    CPAN::Meta          2.143240
    Cwd                 3.47    
    ExtUtils::CBuilder  0.280216
    ExtUtils::Command   7.32    
    ExtUtils::Install   2.14    
    ExtUtils::MakeMaker 7.32    
    ExtUtils::Manifest  1.70    
    ExtUtils::ParseXS   3.30    
    File::Spec          3.47    
    JSON                2.90    
    JSON::PP            2.94    
    Module::Build       0.4205  
    Module::Signature   n/a     
    Parse::CPAN::Meta   1.4414  
    Test::Harness       3.30    
    Test::More          1.302091
    YAML                1.24    
    YAML::Syck          n/a     
    version             0.9908  


--

Summary of my perl5 (revision 5 version 20 subversion 0) configuration:
   
  Platform:
    osname=MSWin32, osvers=6.2, archname=MSWin32-x64-multi-thread-IN-SPACE
    uname='Win32 strawberry-perl 5.20.0.1 #1 Fri May 30 08:27:00 2014 x64'
    config_args='undef'
    hint=recommended, useposix=true, d_sigaction=undef
    useithreads=define, usemultiplicity=define
    use64bitint=define, use64bitall=undef, uselongdouble=undef
    usemymalloc=n, bincompat5005=undef
  Compiler:
    cc='gcc', ccflags =' -s -O2 -DWIN32 -DWIN64 -DCONSERVATIVE  -DPERL_TEXTMODE_SCRIPTS -DPERL_IMPLICIT_CONTEXT -DPERL_IMPLICIT_SYS -DUSE_PERLIO -fwrapv -fno-strict-aliasing -mms-bitfields',
    optimize='-s -O2',
    cppflags='-DWIN32'
    ccversion='', gccversion='4.8.2', gccosandvers=''
    intsize=4, longsize=4, ptrsize=8, doublesize=8, byteorder=12345678
    d_longlong=define, longlongsize=8, d_longdbl=define, longdblsize=12
    ivtype='long long', ivsize=8, nvtype='double', nvsize=8, Off_t='long long', lseeksize=8
    alignbytes=8, prototype=define
  Linker and Libraries:
    ld='g++', ldflags ='-s -L"D:\straw(berry) perl\perl\lib\CORE" -L"D:\straw(berry) perl\c\lib"'
    libpth=D:\straw(berry) perl\c\lib D:\straw(berry) perl\c\x86_64-w64-mingw32\lib D:\straw(berry) perl\c\lib\gcc\x86_64-w64-mingw32\4.8.2
    libs=-lmoldname -lkernel32 -luser32 -lgdi32 -lwinspool -lcomdlg32 -ladvapi32 -lshell32 -lole32 -loleaut32 -lnetapi32 -luuid -lws2_32 -lmpr -lwinmm -lversion -lodbc32 -lodbccp32 -lcomctl32
    perllibs=-lmoldname -lkernel32 -luser32 -lgdi32 -lwinspool -lcomdlg32 -ladvapi32 -lshell32 -lole32 -loleaut32 -lnetapi32 -luuid -lws2_32 -lmpr -lwinmm -lversion -lodbc32 -lodbccp32 -lcomctl32
    libc=, so=dll, useshrplib=true, libperl=libperl520.a
    gnulibc_version=''
  Dynamic Linking:
    dlsrc=dl_win32.xs, dlext=xs.dll, d_dlsymun=undef, ccdlflags=' '
    cccdlflags=' ', lddlflags='-mdll -s -L"D:\straw(berry) perl\perl\lib\CORE" -L"D:\straw(berry) perl\c\lib"'


Characteristics of this binary (from libperl): 
  Compile-time options: HAS_TIMES HAVE_INTERP_INTERN MULTIPLICITY
                        PERLIO_LAYERS PERL_DONT_CREATE_GVSV
                        PERL_HASH_FUNC_ONE_AT_A_TIME_HARD
                        PERL_IMPLICIT_CONTEXT PERL_IMPLICIT_SYS
                        PERL_MALLOC_WRAP PERL_NEW_COPY_ON_WRITE
                        PERL_PRESERVE_IVUV USE_64_BIT_INT USE_ITHREADS
                        USE_LARGE_FILES USE_LOCALE USE_LOCALE_COLLATE
                        USE_LOCALE_CTYPE USE_LOCALE_NUMERIC USE_PERLIO
                        USE_PERL_ATOF
  Built under MSWin32
  Compiled at May 30 2014 08:30:58
  @INC:
    D:/straw(berry) perl/perl/site/lib/MSWin32-x64-multi-thread
    D:/straw(berry) perl/perl/site/lib
    D:/straw(berry) perl/perl/vendor/lib
    D:/straw(berry) perl/perl/lib
    .