Report for Bricklayer-Templater-0.9.8

Back
From: metabase:user:314402c4-2aae-11df-837a-5e0a49663a4f
Subject: FAIL Bricklayer-Templater-0.9.8 v5.10.1 FreeBSD
Date: 2016-01-08T21:09:03Z

This distribution has been tested as part of the CPAN Testers
project, supporting the Perl programming language.  See
http://wiki.cpantesters.org/ for more information or email
questions to cpan-testers-discuss@perl.org


--
Dear Jeremy Wall,

This is a computer-generated report for Bricklayer-Templater-0.9.8
on perl 5.10.1, created by CPAN-Reporter-1.2015.

Thank you for uploading your work to CPAN.  However, there was a problem
testing your distribution.

If you think this report is invalid, please consult the CPAN Testers Wiki
for suggestions on how to avoid getting FAIL reports for missing library
or binary dependencies, unsupported operating systems, and so on:

http://wiki.cpantesters.org/wiki/CPANAuthorNotes

Sections of this report:

    * Tester comments
    * Program output
    * Prerequisites
    * Environment and other context

------------------------------
TESTER COMMENTS
------------------------------

Additional comments from tester:

none provided

------------------------------
PROGRAM OUTPUT
------------------------------

Output from '/usr/bin/make test':

PERL_DL_NONLAZY=1 "/usr/perl5.10.1/bin/perl" "-MExtUtils::Command::MM" "-MTest::Harness" "-e" "undef *Test::Harness::Switches; test_harness(0, 'inc', 'blib/lib', 'blib/arch')" t/01bricklayer_templater_parser.t t/02bricklayer_templater.t t/03bricklayer_templater_handler.t t/bricklayer_templater_handlers.t t/pod-coverage.t t/pod.t
t/01bricklayer_templater_parser.t ... ok
creating test templtes at t/02bricklayer_templater.t line 29.
Bricklayer::Templater Requires a working directory at t/02bricklayer_templater.t line 48.
Bricklayer::Templater Requires a context at t/02bricklayer_templater.t line 49.
loading /usr/home/eserte/.cpan/build/2016010821/Bricklayer-Templater-0.9.8-dLvVdp/templates/test.txml at t/02bricklayer_templater.t line 67.
loading /usr/home/eserte/.cpan/build/2016010821/Bricklayer-Templater-0.9.8-dLvVdp/templates/tmpl/test.txml at t/02bricklayer_templater.t line 68.
in the row handler with  at /usr/home/eserte/.cpan/build/2016010821/Bricklayer-Templater-0.9.8-dLvVdp/blib/lib/Bricklayer/Templater/Sequencer.pm line 107.
loading /usr/home/eserte/.cpan/build/2016010821/Bricklayer-Templater-0.9.8-dLvVdp/templates/tmpl/test.txml at t/02bricklayer_templater.t line 81.
in the row handler with  at /usr/home/eserte/.cpan/build/2016010821/Bricklayer-Templater-0.9.8-dLvVdp/blib/lib/Bricklayer/Templater/Sequencer.pm line 96.
removing test directory at t/02bricklayer_templater.t line 86.
t/02bricklayer_templater.t .......... ok
t/03bricklayer_templater_handler.t .. ok
t/bricklayer_templater_handlers.t ... ok
t/pod-coverage.t .................... ok

#   Failed test 'POD test for blib/lib/Bricklayer/Templater/Handler.pm'
#   at /usr/perl5.10.1/lib/site_perl/5.10.1/Test/Pod.pm line 187.
# blib/lib/Bricklayer/Templater/Handler.pm (35): Expected text after =item, not a bullet
# Looks like you failed 1 test of 16.
t/pod.t ............................. 
Dubious, test returned 1 (wstat 256, 0x100)
Failed 1/16 subtests 

Test Summary Report
-------------------
t/pod.t                           (Wstat: 256 Tests: 16 Failed: 1)
  Failed test:  2
  Non-zero exit status: 1
Files=6, Tests=65,  1 wallclock secs ( 0.10 usr  0.08 sys +  0.87 cusr  0.16 csys =  1.21 CPU)
Result: FAIL
Failed 1/6 test programs. 1/65 subtests failed.
*** [test_dynamic] Error code 1

Stop in /usr/home/eserte/.cpan/build/2016010821/Bricklayer-Templater-0.9.8-dLvVdp.

------------------------------
PREREQUISITES
------------------------------

Prerequisite modules loaded:

requires:

    Module              Need Have      
    ------------------- ---- ----------
    Carp                0    1.38      
    Test::MockObject    1.08 1.20150527
    Test::More          0.7  1.001014  

build_requires:

    Module              Need Have      
    ------------------- ---- ----------
    ExtUtils::MakeMaker 0    7.10      


------------------------------
ENVIRONMENT AND OTHER CONTEXT
------------------------------

Environment variables:

    LC_ALL = de_DE.ISO8859-1
    PATH = /usr/local/bin:/usr/bin:/bin:/usr/local/sbin:/usr/sbin:/sbin:/home/cpansand/bin/freebsd9.3:/home/cpansand/bin/sh:/home/cpansand/bin:/usr/games:/home/cpansand/devel:/usr/home/eserte/src/srezic-misc/scripts
    PERL5LIB = 
    PERL5OPT = 
    PERL5_CPANPLUS_IS_RUNNING = 96526
    PERL5_CPAN_IS_RUNNING = 96526
    PERL5_CPAN_IS_RUNNING_IN_RECURSION = 96360,96526
    PERLDOC = -MPod::Perldoc::ToTextOverstrike
    PERL_BATCH = yes
    PERL_CANARY_STABILITY_NOPROMPT = 1
    PERL_CPAN_REPORTER_CONFIG = /var/tmp/cpansmoker-1023/2016010821/cpanreporter_000_config.ini
    PERL_EXTUTILS_AUTOINSTALL = --defaultdeps
    SHELL = /usr/local/bin/zsh
    TERM = screen
    TMPDIR = /var/tmp/cpansmoker-1023/2016010821

Perl special variables (and OS-specific diagnostics, for MSWin32):

    $^X = /usr/perl5.10.1/bin/perl
    $UID/$EUID = 1023 / 1023
    $GID = 1023 1023
    $EGID = 1023 1023

Perl module toolchain versions installed:

    Module              Have    
    ------------------- --------
    CPAN                2.10    
    CPAN::Meta          2.150005
    Cwd                 3.60    
    ExtUtils::CBuilder  0.280224
    ExtUtils::Command   7.10    
    ExtUtils::Install   2.04    
    ExtUtils::MakeMaker 7.10    
    ExtUtils::Manifest  1.70    
    ExtUtils::ParseXS   3.30    
    File::Spec          3.60    
    JSON                2.90    
    JSON::PP            2.27203 
    Module::Build       0.4214  
    Module::Signature   0.79    
    Parse::CPAN::Meta   1.4417  
    Test::Harness       3.36    
    Test::More          1.001014
    YAML                1.15    
    YAML::Syck          1.29    
    version             0.9912  


--

Summary of my perl5 (revision 5 version 10 subversion 1) configuration:
   
  Platform:
    osname=freebsd, osvers=9.2-release-p4, archname=amd64-freebsd
    uname='freebsd cvrsnica-freebsd-92 9.2-release-p4 freebsd 9.2-release-p4 #0: tue apr 8 18:08:22 utc 2014 root@amd64-builder.daemonology.net:usrobjusrsrcsysgeneric amd64 '
    config_args='-ds -e -Dprefix=/usr/perl5.10.1'
    hint=recommended, useposix=true, d_sigaction=define
    useithreads=undef, usemultiplicity=undef
    useperlio=define, d_sfio=undef, uselargefiles=define, usesocks=undef
    use64bitint=define, use64bitall=define, uselongdouble=undef
    usemymalloc=n, bincompat5005=undef
  Compiler:
    cc='cc', ccflags ='-DHAS_FPSETMASK -DHAS_FLOATINGPOINT_H -fno-strict-aliasing -pipe -fstack-protector -I/usr/local/include',
    optimize='-O',
    cppflags='-DHAS_FPSETMASK -DHAS_FLOATINGPOINT_H -fno-strict-aliasing -pipe -fstack-protector -I/usr/local/include'
    ccversion='', gccversion='4.2.1 20070831 patched [FreeBSD]', gccosandvers=''
    intsize=4, longsize=8, ptrsize=8, doublesize=8, byteorder=12345678
    d_longlong=define, longlongsize=8, d_longdbl=define, longdblsize=16
    ivtype='long', ivsize=8, nvtype='double', nvsize=8, Off_t='off_t', lseeksize=8
    alignbytes=8, prototype=define
  Linker and Libraries:
    ld='cc', ldflags ='-Wl,-E  -fstack-protector -L/usr/local/lib'
    libpth=/usr/lib /usr/local/lib
    libs=-lgdbm -lm -lcrypt -lutil -lc
    perllibs=-lm -lcrypt -lutil -lc
    libc=, so=so, useshrplib=false, libperl=libperl.a
    gnulibc_version=''
  Dynamic Linking:
    dlsrc=dl_dlopen.xs, dlext=so, d_dlsymun=undef, ccdlflags=' '
    cccdlflags='-DPIC -fPIC', lddlflags='-shared  -L/usr/local/lib -fstack-protector'


Characteristics of this binary (from libperl): 
  Compile-time options: PERL_DONT_CREATE_GVSV PERL_MALLOC_WRAP USE_64_BIT_ALL
                        USE_64_BIT_INT USE_LARGE_FILES USE_PERLIO
  Built under freebsd
  Compiled at May 15 2014 23:30:26
  %ENV:
    PERL5LIB=""
    PERL5OPT=""
    PERL5_CPANPLUS_IS_RUNNING="96526"
    PERL5_CPAN_IS_RUNNING="96526"
    PERL5_CPAN_IS_RUNNING_IN_RECURSION="96360,96526"
    PERLDOC="-MPod::Perldoc::ToTextOverstrike"
    PERL_BATCH="yes"
    PERL_CANARY_STABILITY_NOPROMPT="1"
    PERL_CPAN_REPORTER_CONFIG="/var/tmp/cpansmoker-1023/2016010821/cpanreporter_000_config.ini"
    PERL_EXTUTILS_AUTOINSTALL="--defaultdeps"
  @INC:
    /usr/perl5.10.1/lib/5.10.1/amd64-freebsd
    /usr/perl5.10.1/lib/5.10.1
    /usr/perl5.10.1/lib/site_perl/5.10.1/amd64-freebsd
    /usr/perl5.10.1/lib/site_perl/5.10.1
    .