Back
From: metabase:user:3198cbe2-2aae-11df-837a-5e0a49663a4f
Subject: FAIL RDFStore-0.51 v5.12.2 GNU/Linux
Date: 2010-11-18T11:57:40Z
This distribution has been tested as part of the CPAN Testers
project, supporting the Perl programming language. See
http://wiki.cpantesters.org/ for more information or email
questions to cpan-testers-discuss@perl.org
--
Dear areggiori,
This is a computer-generated report for RDFStore-0.51
on perl 5.12.2, created by CPAN-Reporter-1.1805.
Thank you for uploading your work to CPAN. However, there was a problem
testing your distribution.
If you think this report is invalid, please consult the CPAN Testers Wiki
for suggestions on how to avoid getting FAIL reports for missing library
or binary dependencies, unsupported operating systems, and so on:
http://wiki.cpantesters.org/wiki/CPANAuthorNotes
Sections of this report:
* Tester comments
* Program output
* Prerequisites
* Environment and other context
------------------------------
TESTER COMMENTS
------------------------------
Additional comments from tester:
this report is from an automated smoke testing program
and was not reviewed by a human for accuracy
------------------------------
PROGRAM OUTPUT
------------------------------
Output from '/usr/bin/make test':
PERL_DL_NONLAZY=1 /home/graham/perltest/perl5122/perl/bin/perl "-MExtUtils::Command::MM" "-e" "test_harness(0, 'blib/lib', 'blib/arch')" t/*.t
Can't locate RDFStore/Util/UTF8.pm in @INC (@INC contains: /home/graham/perltest/perl5122/perl/lib/site_perl/5.12.2/i686-linux-thread-multi /home/graham/perltest/perl5122/perl/lib/site_perl/5.12.2 /home/graham/perltest/perl5122/perl/lib/5.12.2/i686-linux-thread-multi /home/graham/perltest/perl5122/perl/lib/5.12.2 .) at t/00_utf8.t line 13.
BEGIN failed--compilation aborted at t/00_utf8.t line 13.
Undefined subroutine &RDFStore::debug_malloc_dump called at t/00_utf8.t line 2.
END failed--call queue aborted at t/00_utf8.t line 13.
t/00_utf8.t ........
Dubious, test returned 22 (wstat 5632, 0x1600)
Failed 15/15 subtests
t/01_rdfstore.t .... ok
t/02_parser.t ...... ok
t/03_model.t ....... ok
Possible unintended interpolation of $\ in regex at /home/graham/perltest/perl5122/cpan/build/RDFStore-0.51-QxyLXT/blib/lib/RDQL/Parser.pm line 424.
Possible unintended interpolation of $\ in regex at /home/graham/perltest/perl5122/cpan/build/RDFStore-0.51-QxyLXT/blib/lib/RDQL/Parser.pm line 424.
Possible unintended interpolation of $\ in regex at /home/graham/perltest/perl5122/cpan/build/RDFStore-0.51-QxyLXT/blib/lib/RDQL/Parser.pm line 941.
Possible unintended interpolation of $\ in regex at /home/graham/perltest/perl5122/cpan/build/RDFStore-0.51-QxyLXT/blib/lib/RDQL/Parser.pm line 941.
t/04_rdql.t ........ ok
t/05_serializer.t .. ok
Use of uninitialized value in null operation.
t/06_objects.t ..... ok
Test Summary Report
-------------------
t/00_utf8.t (Wstat: 5632 Tests: 1 Failed: 1)
Failed test: 1
Non-zero exit status: 22
Parse errors: Bad plan. You planned 15 tests but ran 1.
Files=7, Tests=591, 8 wallclock secs ( 0.19 usr 0.03 sys + 5.53 cusr 1.04 csys = 6.79 CPU)
Result: FAIL
Failed 1/7 test programs. 1/591 subtests failed.
make: *** [test_dynamic] Error 255
------------------------------
PREREQUISITES
------------------------------
Prerequisite modules loaded:
No requirements found
------------------------------
ENVIRONMENT AND OTHER CONTEXT
------------------------------
Environment variables:
AUTOMATED_TESTING = 1
LANG = C
PATH = /home/graham/perltest/perl5122/perl/bin:/bin:/usr/bin:/sbin:/usr/sbin:/opt/java/bin:/opt/java/jre/bin:/opt/kde/bin:/usr/bin/perlbin/site:/usr/bin/perlbin/vendor:/usr/bin/perlbin/core:/opt/qt/bin
PERL5LIB =
PERL5OPT =
PERL5_CPANPLUS_IS_RUNNING = 24180
PERL5_CPAN_IS_RUNNING = 24180
PERL5_CPAN_IS_RUNNING_IN_RECURSION = 3664,24180
PERL_CR_SMOKER_CURRENT = RDFStore-0.51
PERL_EXTUTILS_AUTOINSTALL = --defaultdeps
PERL_MM_USE_DEFAULT = 1
SHELL = /bin/bash
TERM = xterm
Perl special variables (and OS-specific diagnostics, for MSWin32):
$^X = /home/graham/perltest/perl5122/perl/bin/perl
$UID/$EUID = 1000 / 1000
$GID = 1000 7 10 91 92 93 95 98 100 108 1000 1001
$EGID = 1000 7 10 91 92 93 95 98 100 108 1000 1001
Perl module toolchain versions installed:
Module Have
------------------- -------
CPAN 1.9304
Cwd 3.33
ExtUtils::CBuilder 0.27_07
ExtUtils::Command 1.16
ExtUtils::Install 1.52
ExtUtils::MakeMaker 6.56
ExtUtils::Manifest 1.58
ExtUtils::ParseXS 2.2206
File::Spec 3.33
Module::Build 0.36_17
Module::Signature 0.66
Test::Harness 3.22
Test::More 2.00_01
YAML 0.72
YAML::Syck 1.15
version 0.85
--
Summary of my perl5 (revision 5 version 12 subversion 2) configuration:
Platform:
osname=linux, osvers=2.6.33-arch, archname=i686-linux-thread-multi
uname='linux lorant 2.6.33-arch #1 smp preempt thu may 13 12:06:25 cest 2010 i686 intel(r) pentium(r) 4 cpu 2.80ghz genuineintel gnulinux '
config_args=''
hint=recommended, useposix=true, d_sigaction=define
useithreads=define, usemultiplicity=define
useperlio=define, d_sfio=undef, uselargefiles=define, usesocks=undef
use64bitint=undef, use64bitall=undef, uselongdouble=undef
usemymalloc=n, bincompat5005=undef
Compiler:
cc='cc', ccflags ='-D_REENTRANT -D_GNU_SOURCE -fno-strict-aliasing -pipe -fstack-protector -I/usr/local/include -D_LARGEFILE_SOURCE -D_FILE_OFFSET_BITS=64',
optimize='-O2',
cppflags='-D_REENTRANT -D_GNU_SOURCE -fno-strict-aliasing -pipe -fstack-protector -I/usr/local/include'
ccversion='', gccversion='4.5.0 20100520 (prerelease)', gccosandvers=''
intsize=4, longsize=4, ptrsize=4, doublesize=8, byteorder=1234
d_longlong=define, longlongsize=8, d_longdbl=define, longdblsize=12
ivtype='long', ivsize=4, nvtype='double', nvsize=8, Off_t='off_t', lseeksize=8
alignbytes=4, prototype=define
Linker and Libraries:
ld='cc', ldflags =' -fstack-protector -L/usr/local/lib'
libpth=/usr/local/lib /lib /usr/lib
libs=-lnsl -lgdbm -ldb -ldl -lm -lcrypt -lutil -lpthread -lc -lgdbm_compat
perllibs=-lnsl -ldl -lm -lcrypt -lutil -lpthread -lc
libc=/lib/libc-2.12.so, so=so, useshrplib=true, libperl=libperl.so
gnulibc_version='2.12'
Dynamic Linking:
dlsrc=dl_dlopen.xs, dlext=so, d_dlsymun=undef, ccdlflags='-Wl,-E -Wl,-rpath,/home/graham/perltest/perl5122/perl/lib/5.12.2/i686-linux-thread-multi/CORE'
cccdlflags='-fPIC', lddlflags='-shared -O2 -L/usr/local/lib -fstack-protector'
Characteristics of this binary (from libperl):
Compile-time options: MULTIPLICITY PERL_DONT_CREATE_GVSV
PERL_IMPLICIT_CONTEXT PERL_MALLOC_WRAP USE_ITHREADS
USE_LARGE_FILES USE_PERLIO USE_PERL_ATOF
USE_REENTRANT_API
Built under linux
Compiled at Oct 18 2010 11:28:26
%ENV:
PERL5LIB=""
PERL5OPT=""
PERL5_CPANPLUS_IS_RUNNING="24180"
PERL5_CPAN_IS_RUNNING="24180"
PERL5_CPAN_IS_RUNNING_IN_RECURSION="3664,24180"
PERL_CR_SMOKER_CURRENT="RDFStore-0.51"
PERL_EXTUTILS_AUTOINSTALL="--defaultdeps"
PERL_MM_USE_DEFAULT="1"
@INC:
/home/graham/perltest/perl5122/perl/lib/site_perl/5.12.2/i686-linux-thread-multi
/home/graham/perltest/perl5122/perl/lib/site_perl/5.12.2
/home/graham/perltest/perl5122/perl/lib/5.12.2/i686-linux-thread-multi
/home/graham/perltest/perl5122/perl/lib/5.12.2
.