POE v1.370 Perl 5 v5.40.0 darwin-2level

Status
Fail
From
Dist
POE v1.370
Platform
Perl 5 v5.40.0 darwin-2level
Date
2024-06-09 22:53:11
ID
0bd1cc7c-26b3-11ef-b904-f4bf805cfe12
This distribution has been tested as part of the CPAN Testers
project, supporting the Perl programming language.  See
http://wiki.cpantesters.org/ for more information or email
questions to cpan-testers-discuss@perl.org


--
Dear BINGOS,

This is a computer-generated report for POE-1.370
on perl 5.40.0, created by App::cpanminus::reporter 0.21 (1.7047).

Thank you for uploading your work to CPAN.  However, there was a problem
testing your distribution.

If you think this report is invalid, please consult the CPAN Testers Wiki
for suggestions on how to avoid getting FAIL reports for missing library
or binary dependencies, unsupported operating systems, and so on:

http://wiki.cpantesters.org/wiki/CPANAuthorNotes

Sections of this report:

    * Tester comments
    * Program output
    * Prerequisites
    * Environment and other context

------------------------------
TESTER COMMENTS
------------------------------

Additional comments from tester:

none provided

------------------------------
PROGRAM OUTPUT
------------------------------

Output from '':

Building and testing POE-1.370
"/Volumes/chambord/Users/ether/perl5/perlbrew/perls/40.0/bin/perl" mylib/gen-tests.perl lib/POE.pm 
"/Volumes/chambord/Users/ether/perl5/perlbrew/perls/40.0/bin/perl" mylib/gen-tests.perl lib/POE.pm 
PERL_DL_NONLAZY=1 "/Volumes/chambord/Users/ether/perl5/perlbrew/perls/40.0/bin/perl" "-MExtUtils::Command::MM" "-MTest::Harness" "-e" "undef *Test::Harness::Switches; test_harness(0, 'blib/lib', 'blib/arch')" t/*.t t/*/*.t t/*/*/*.t
t/10_units/01_pod/02_pod_coverage.t ................ skipped: enable by setting RELEASE_TESTING
t/10_units/01_pod/01_pod.t ......................... skipped: enable by setting RELEASE_TESTING
t/10_units/01_pod/04_pod_linkcheck.t ............... skipped: enable by setting RELEASE_TESTING
t/10_units/01_pod/03_pod_no404s.t .................. skipped: enable by setting RELEASE_TESTING
t/10_units/02_pipes/01_base.t ...................... skipped: not implemented yet
# Testing POE 1.370, POE::Test::Loops 1.360, Perl 5.040000, /Volumes/chambord/Users/ether/perl5/perlbrew/perls/40.0/bin/perl on darwin
# pogomips: 73170018
t/00_info.t ........................................ ok
t/10_units/03_base/03_component.t .................. ok
t/10_units/02_pipes/02_oneway.t .................... ok
t/10_units/03_base/01_poe.t ........................ ok
t/10_units/02_pipes/03_twoway.t .................... ok
t/10_units/03_base/04_driver.t ..................... ok
t/10_units/03_base/05_filter.t ..................... ok
t/10_units/03_base/06_loop.t ....................... ok
t/10_units/03_base/07_queue.t ...................... ok
t/10_units/03_base/08_resource.t ................... ok
t/10_units/03_base/09_resources.t .................. ok
t/10_units/03_base/10_wheel.t ...................... ok
t/10_units/03_base/11_assert_usage.t ............... ok
t/10_units/03_base/12_assert_retval.t .............. ok
t/10_units/03_base/13_assert_data.t ................ ok
t/10_units/03_base/15_kernel_internal.t ............ ok
t/10_units/03_base/14_kernel.t ..................... ok
t/10_units/03_base/16_nfa_usage.t .................. ok
t/10_units/04_drivers/01_sysrw.t ................... ok
t/10_units/05_filters/01_block.t ................... ok
t/10_units/05_filters/02_grep.t .................... ok
t/10_units/03_base/17_detach_start.t ............... ok
t/10_units/05_filters/04_line.t .................... ok
Downgrading wide characters in HTTP header. Consider installing Email::MIME::RFC2047::Encoder at /Volumes/chambord/Users/ether/.cpanm/work/1717970678.92376/POE-1.370/blib/lib/POE/Filter/HTTPD.pm line 73.
	POE::Filter::HTTPD::__ANON__("En \x{e9}t\x{e9}") called at /Volumes/chambord/Users/ether/.cpanm/work/1717970678.92376/POE-1.370/blib/lib/POE/Filter/HTTPD.pm line 449
	POE::Filter::HTTPD::headers_as_strings(POE::Filter::HTTPD=ARRAY(0x1573bb5f8), HTTP::Headers=HASH(0x1573baf98), "\x{d}\x{a}") called at /Volumes/chambord/Users/ether/.cpanm/work/1717970678.92376/POE-1.370/blib/lib/POE/Filter/HTTPD.pm line 411
	POE::Filter::HTTPD::put(POE::Filter::HTTPD=ARRAY(0x1573bb5f8), ARRAY(0x1573babd8)) called at t/10_units/05_filters/03_http.t line 426
t/10_units/05_filters/03_http.t .................... ok
t/10_units/05_filters/05_map.t ..................... ok
t/10_units/05_filters/06_recordblock.t ............. ok
t/10_units/05_filters/08_stream.t .................. ok
t/10_units/05_filters/07_reference.t ............... ok
t/10_units/05_filters/50_stackable.t ............... ok
t/10_units/05_filters/51_reference_die.t ........... ok
t/10_units/05_filters/99_filterchange.t ............ ok
t/10_units/07_exceptions/02_turn_off.t ............. ok
t/10_units/07_exceptions/03_not_handled.t .......... ok
t/10_units/08_loops/01_explicit_loop.t ............. ok
t/10_units/06_queues/01_array.t .................... ok
t/10_units/08_loops/02_explicit_loop_fail.t ........ ok
t/10_units/08_loops/03_explicit_loop_poll.t ........ ok
t/10_units/08_loops/04_explicit_loop_envvar.t ...... ok
t/10_units/08_loops/05_kernel_loop.t ............... ok
t/10_units/08_loops/06_kernel_loop_poll.t .......... ok
t/10_units/08_loops/07_kernel_loop_fail.t .......... ok
t/10_units/08_loops/08_kernel_loop_search_poll.t ... ok
t/10_units/08_loops/09_naive_loop_load.t ........... ok
t/10_units/08_loops/11_double_loop.t ............... ok
t/10_units/08_loops/10_naive_loop_load_poll.t ...... ok
t/20_resources/10_perl/aliases.t ................... ok
t/20_resources/10_perl/caller_state.t .............. ok
t/20_resources/10_perl/events.t .................... ok
t/20_resources/10_perl/extrefs.t ................... ok
t/20_resources/10_perl/extrefs_gc.t ................ ok
t/20_resources/10_perl/sessions.t .................. ok
t/20_resources/10_perl/sids.t ...................... ok
t/20_resources/10_perl/signals.t ................... ok
# Testing POE 1.370, POE::Test::Loops 1.360, Using Loop(POE::Loop::IO_Poll), Perl 5.040000, /Volumes/chambord/Users/ether/perl5/perlbrew/perls/40.0/bin/perl on darwin
t/30_loops/io_poll/00_info.t ....................... ok
t/30_loops/io_poll/all_errors.t .................... skipped: most of these should move into other test files
t/30_loops/io_poll/comp_tcp.t ...................... ok
# You might see a 'disconnect' error during this test.
# It may be ignored.
t/30_loops/io_poll/comp_tcp_concurrent.t ........... ok
t/30_loops/io_poll/connect_errors.t ................ ok
t/30_loops/io_poll/k_aliases.t ..................... ok
t/30_loops/io_poll/k_run_returns.t ................. ok
t/10_units/07_exceptions/01_normal.t ............... ok
t/30_loops/io_poll/k_alarms.t ...................... ok
t/30_loops/io_poll/k_detach.t ...................... ok
t/30_loops/io_poll/k_signals_rerun.t ............... ok
t/30_loops/io_poll/ses_nfa.t ....................... ok
# This test generates some STDERR during trace testing.
t/20_resources/10_perl/filehandles.t ............... ok
t/30_loops/io_poll/sbk_signal_init.t ............... ok
t/30_loops/io_poll/k_sig_child.t ................... ok
t/30_loops/io_poll/wheel_curses.t .................. skipped: Curses not available
t/30_loops/io_poll/k_signals.t ..................... ok
t/30_loops/io_poll/wheel_run.t ..................... ok
t/30_loops/io_poll/wheel_readline.t ................ ok
t/30_loops/io_poll/wheel_run_size.t ................ skipped: This test requires Term::Size
t/30_loops/io_poll/wheel_sf_ipv6.t ................. skipped: Socket::GetAddrInfo is needed for IPv6 tests
t/30_loops/io_poll/wheel_sf_tcp.t .................. ok
t/30_loops/io_poll/wheel_accept.t .................. ok
t/30_loops/io_poll/wheel_sf_unix.t ................. ok
t/30_loops/io_poll/k_selects.t ..................... ok
t/30_loops/io_poll/wheel_readwrite.t ............... ok
# Using '/usr/bin/true' as our thing to run under system()
t/30_loops/io_poll/z_merijn_sigchld_system.t ....... ok
t/30_loops/io_poll/z_kogman_sig_order.t ............ ok
# Parent 64577 waiting 3sec for slow systems to settle.
# sending sigusr1
# sent sigusr1
t/30_loops/io_poll/z_rt39872_sigchld.t ............. ok
t/30_loops/io_poll/z_leolo_wheel_run.t ............. ok
t/30_loops/io_poll/wheel_tail.t .................... ok
t/30_loops/io_poll/wheel_sf_udp.t .................. ok
t/30_loops/io_poll/z_rt39872_sigchld_stop.t ........ ok
=== 64540 === 23 -> _start (from /Volumes/chambord/Users/ether/.cpanm/work/1717970678.92376/POE-1.370/blib/lib/POE/Kernel.pm at 1498)
=== 64540 === 23 -> woot (from /Volumes/chambord/Users/ether/.perlbrew/libs/40.0@std/lib/perl5/POE/Test/Loops/ses_session.pm at 691)
=== 64540 === 23 -> narf (from /Volumes/chambord/Users/ether/.perlbrew/libs/40.0@std/lib/perl5/POE/Test/Loops/ses_session.pm at 692)
t/30_loops/select/all_errors.t ..................... skipped: most of these should move into other test files
=== 64540 === 23 -> _stop (from /Volumes/chambord/Users/ether/.cpanm/work/1717970678.92376/POE-1.370/blib/lib/POE/Resource/Sessions.pm at 571)
t/30_loops/io_poll/ses_session.t ................... ok
t/30_loops/io_poll/z_steinert_signal_integrity.t ... ok
# Testing POE 1.370, POE::Test::Loops 1.360, Using Loop(POE::Loop::Select), Perl 5.040000, /Volumes/chambord/Users/ether/perl5/perlbrew/perls/40.0/bin/perl on darwin
t/30_loops/select/00_info.t ........................ ok
# You might see a 'disconnect' error during this test.
# It may be ignored.
t/30_loops/select/comp_tcp.t ....................... ok
t/30_loops/select/connect_errors.t ................. ok
t/30_loops/select/comp_tcp_concurrent.t ............ ok
t/30_loops/select/k_aliases.t ...................... ok
t/30_loops/select/k_run_returns.t .................. ok
t/30_loops/select/k_alarms.t ....................... ok
t/30_loops/select/k_detach.t ....................... ok
t/30_loops/select/k_signals_rerun.t ................ ok
t/30_loops/io_poll/z_rt53302_fh_watchers.t ......... ok
t/30_loops/select/ses_nfa.t ........................ ok
# This test generates some STDERR during trace testing.
t/30_loops/select/k_sig_child.t .................... ok
t/30_loops/select/sbk_signal_init.t ................ ok
t/30_loops/select/wheel_curses.t ................... skipped: Curses not available
t/30_loops/select/wheel_readline.t ................. ok
t/30_loops/select/k_signals.t ...................... ok
t/30_loops/select/k_selects.t ...................... ok
t/30_loops/select/wheel_run_size.t ................. skipped: This test requires Term::Size
t/30_loops/select/wheel_sf_ipv6.t .................. skipped: Socket::GetAddrInfo is needed for IPv6 tests
t/30_loops/select/wheel_run.t ...................... ok
t/30_loops/select/wheel_sf_tcp.t ................... ok
t/30_loops/select/wheel_sf_unix.t .................. ok
t/30_loops/select/wheel_readwrite.t ................ ok
t/30_loops/select/z_kogman_sig_order.t ............. ok
t/30_loops/io_poll/z_rt54319_bazerka_followtail.t .. ok
t/30_loops/select/wheel_accept.t ................... ok
# Using '/usr/bin/true' as our thing to run under system()
t/30_loops/select/z_merijn_sigchld_system.t ........ ok
# Parent 64674 waiting 3sec for slow systems to settle.
# sending sigusr1
# sent sigusr1
t/30_loops/select/z_rt39872_sigchld.t .............. ok
t/30_loops/select/wheel_tail.t ..................... ok
t/30_loops/select/wheel_sf_udp.t ................... ok
t/30_loops/select/z_leolo_wheel_run.t .............. ok
t/30_loops/select/z_rt39872_sigchld_stop.t ......... ok
=== 64633 === 23 -> _start (from /Volumes/chambord/Users/ether/.cpanm/work/1717970678.92376/POE-1.370/blib/lib/POE/Kernel.pm at 1498)
=== 64633 === 23 -> woot (from /Volumes/chambord/Users/ether/.perlbrew/libs/40.0@std/lib/perl5/POE/Test/Loops/ses_session.pm at 691)
=== 64633 === 23 -> narf (from /Volumes/chambord/Users/ether/.perlbrew/libs/40.0@std/lib/perl5/POE/Test/Loops/ses_session.pm at 692)
=== 64633 === 23 -> _stop (from /Volumes/chambord/Users/ether/.cpanm/work/1717970678.92376/POE-1.370/blib/lib/POE/Resource/Sessions.pm at 571)
t/30_loops/select/ses_session.t .................... ok
t/90_regression/averell-callback-ret.t ............. ok
t/90_regression/bingos-followtail.t ................ ok
t/90_regression/agaran-filter-httpd.t .............. ok
t/90_regression/broeren-win32-nbio.t ............... skipped: This test examines ActiveState Perl behavior.
t/90_regression/cfedde-filter-httpd.t .............. ok
t/90_regression/grinnz-die-in-die.t ................ ok
Died at t/90_regression/hinrik-wheel-run-die.t line 21.
t/90_regression/hinrik-wheel-run-die.t ............. ok
t/90_regression/ferrari-server-unix.t .............. ok
# This test can take up to 10 seconds
t/30_loops/select/z_steinert_signal_integrity.t .... ok
# This test can take up to 10 seconds
t/30_loops/select/z_rt53302_fh_watchers.t .......... ok
# This test can take up to 10 seconds
t/90_regression/kjeldahl-stop-start-sig-nopipe.t ... ok
t/90_regression/kjeldahl-stop-start-sig-pipe.t ..... ok
t/90_regression/leolo-sig-die.t .................... ok
t/90_regression/neyuki_detach.t .................... ok
t/90_regression/meh-startstop-return.t ............. ok
t/90_regression/rt14444-arg1.t ..................... ok
t/90_regression/prumike-win32-stat.t ............... skipped: This test examines Strawberry/ActiveState Perl behavior.
t/90_regression/rt1648-tied-stderr.t ............... ok
t/90_regression/rt19908-merlyn-stop.t .............. ok
t/90_regression/rt23181-sigchld-rc.t ............... ok
t/90_regression/rt65460-forking.t .................. skipped: enable by setting (AUTOMATED|RELEASE)_TESTING
t/90_regression/rt47966-sigchld.t .................. skipped: enable by setting RELEASE_TESTING
t/90_regression/rt56417-wheel-run.t ................ ok
t/90_regression/socketfactory-timeout.t ............ ok

#   Failed test 'client connected to server'
#   at t/90_regression/somni-poco-server-tcp.t line 105.
#          got: 'client connected'
#     expected: 'client connected to server'

#   Failed test 'client flushed'
#   at t/90_regression/somni-poco-server-tcp.t line 105.
#          got: 'client connected to server'
#     expected: 'client flushed'

#   Failed test 'received from server: Go away.'
#   at t/90_regression/somni-poco-server-tcp.t line 105.
#          got: 'client connected to server'
#     expected: 'received from server: Go away.'

#   Failed test 'client disconnected'
#   at t/90_regression/somni-poco-server-tcp.t line 105.
#          got: 'client connected to server'
#     expected: 'client disconnected'

#   Failed test 'state is empty'
#   at t/90_regression/somni-poco-server-tcp.t line 101.

#   Failed test 'client connected to server'
#   at t/90_regression/somni-poco-server-tcp.t line 105.
#          got: 'client connected'
#     expected: 'client connected to server'

#   Failed test 'client flushed'
#   at t/90_regression/somni-poco-server-tcp.t line 105.
#          got: 'client connected to server'
#     expected: 'client flushed'

#   Failed test 'received from server: Go away.'
#   at t/90_regression/somni-poco-server-tcp.t line 105.
#          got: 'client connected to server'
#     expected: 'received from server: Go away.'

#   Failed test 'client disconnected'
#   at t/90_regression/somni-poco-server-tcp.t line 105.
#          got: 'client connected to server'
#     expected: 'client disconnected'

#   Failed test 'state is empty'
#   at t/90_regression/somni-poco-server-tcp.t line 101.
# Looks like you failed 10 tests of 43.
t/90_regression/somni-poco-server-tcp.t ............ 
Dubious, test returned 10 (wstat 2560, 0xa00)
Failed 10/43 subtests 
t/90_regression/steinert-passed-wheel.t ............ ok
t/90_regression/suzman_windows.t ................... ok
t/90_regression/ton-stop-corruption.t .............. ok
t/90_regression/whelan-dieprop.t ................... ok
t/90_regression/kjeldahl-stop-start-polling.t ...... ok
t/90_regression/pipe-followtail.t .................. ok
t/90_regression/tracing-sane-exit.t ................ ok
t/30_loops/select/z_rt54319_bazerka_followtail.t ... ok
t/90_regression/whjackson-followtail.t ............. ok

Test Summary Report
-------------------
t/10_units/05_filters/03_http.t                  (Wstat: 0 Tests: 137 Failed: 0)
  TODO passed:   85
t/90_regression/somni-poco-server-tcp.t          (Wstat: 2560 (exited 10) Tests: 43 Failed: 10)
  Failed tests:  3, 5, 8-10, 13, 15, 18-20
  Non-zero exit status: 10
Files=161, Tests=4221, 17 wallclock secs ( 0.31 usr  0.18 sys +  7.94 cusr  1.84 csys = 10.27 CPU)
Result: FAIL

------------------------------
PREREQUISITES
------------------------------

Prerequisite modules loaded:

runtime:

    Module           Need  Have  
    ---------------- ----- ------
    Carp             0     1.54  
    Errno            1.09  1.38  
    Exporter         0     5.78  
    File::Spec       0.87  3.90  
    IO               1.24  1.55  
    IO::Handle       1.27  1.55  
    IO::Pipely       0.005 0.006 
    IO::Tty          1.08  1.20  
    POE::Test::Loops 1.360 1.360 
    POSIX            1.02  2.20  
    Socket           1.7   2.038 
    Storable         2.16  3.32  
    Test::Harness    2.26  3.48  
    Time::HiRes      1.59  1.9777

build:

    Module           Need  Have  
    ---------------- ----- ------
    POE::Test::Loops 1.360 1.360 

configure:

    Module           Need  Have  
    ---------------- ----- ------
    POE::Test::Loops 1.360 1.360 


------------------------------
ENVIRONMENT AND OTHER CONTEXT
------------------------------

Environment variables:

    HARNESS_OPTIONS = j6:c
    LANG = en_CA.UTF-8
    LC_ALL = en_CA.UTF-8
    LC_CTYPE = en_CA.UTF-8
    NO_NETWORK_TESTING = 1
    PATH = /Volumes/chambord/Users/ether/.perlbrew/libs/40.0@std/bin:/Volumes/chambord/Users/ether/perl5/perlbrew/bin:/Volumes/chambord/Users/ether/perl5/perlbrew/perls/40.0/bin:/Volumes/chambord/Users/ether/bin:/Volumes/chambord/Users/ether/git/misc/install/advocaat/bin:/Volumes/chambord/Users/ether/git/misc/install/generic/bin:/opt/local/bin:/opt/local/sbin:/Volumes/chambord/Users/ether/git/git-hub/lib:/usr/local/bin:/System/Cryptexes/App/usr/bin:/usr/bin:/bin:/usr/sbin:/sbin:/var/run/com.apple.security.cryptexd/codex.system/bootstrap/usr/local/bin:/var/run/com.apple.security.cryptexd/codex.system/bootstrap/usr/bin:/var/run/com.apple.security.cryptexd/codex.system/bootstrap/usr/appleinternal/bin:/Library/Apple/usr/bin:/opt/local/share/git-core/contrib/workdir
    PERL5LIB = /Volumes/chambord/Users/ether/.perlbrew/libs/40.0@std/lib/perl5
    PERLBREW_HOME = /Volumes/chambord/Users/ether/.perlbrew
    PERLBREW_LIB = std
    PERLBREW_MANPATH = /Volumes/chambord/Users/ether/.perlbrew/libs/40.0@std/man:/Volumes/chambord/Users/ether/perl5/perlbrew/perls/40.0/man
    PERLBREW_PATH = /Volumes/chambord/Users/ether/.perlbrew/libs/40.0@std/bin:/Volumes/chambord/Users/ether/perl5/perlbrew/bin:/Volumes/chambord/Users/ether/perl5/perlbrew/perls/40.0/bin
    PERLBREW_PERL = 40.0
    PERLBREW_ROOT = /Volumes/chambord/Users/ether/perl5/perlbrew
    PERLBREW_SHELLRC_VERSION = 0.98
    PERLBREW_VERSION = 0.98
    PERLDOC = -oman
    PERLDOC_PAGER = less -sicMr
    PERL_AUTOINSTALL_PREFER_CPAN = 1
    PERL_INSTALL_QUIET = 1
    PERL_LOCAL_LIB_ROOT = /Volumes/chambord/Users/ether/.perlbrew/libs/40.0@std
    PERL_MB_OPT = --install_base /Volumes/chambord/Users/ether/.perlbrew/libs/40.0@std
    PERL_MM_OPT = INSTALL_BASE=/Volumes/chambord/Users/ether/.perlbrew/libs/40.0@std
    PERL_TEST_HARNESS_ASAP = 1
    PERL_USE_UNSAFE_INC = 0
    SHELL = /bin/bash
    TERM = xterm-color

Perl special variables (and OS-specific diagnostics, for MSWin32):

    EGID = 20 20 12 61 79 80 81 98 701 704 703 702 705 33 100 204 250
    EUID = 502
    EXECUTABLE_NAME = /Volumes/chambord/Users/ether/perl5/perlbrew/perls/40.0/bin/perl
    GID = 20 20 12 61 79 80 81 98 701 704 703 702 705 33 100 204 250
    UID = 502

Perl module toolchain versions installed:

    Module              Have    
    ------------------- --------
    CPAN                2.36    
    CPAN::Meta          2.150010
    Cwd                 3.90    
    ExtUtils::CBuilder  0.280240
    ExtUtils::Command   7.70    
    ExtUtils::Install   2.22    
    ExtUtils::MakeMaker 7.70    
    ExtUtils::Manifest  1.75    
    ExtUtils::ParseXS   3.51    
    File::Spec          3.90    
    JSON                4.10    
    JSON::PP            4.17_01 
    Module::Build       0.4234  
    Module::Signature   n/a     
    Parse::CPAN::Meta   2.150010
    Test::Harness       3.48    
    Test::More          1.302199
    YAML                1.31    
    YAML::Syck          1.34    
    version             0.9930  


--

Summary of my perl5 (revision 5 version 40 subversion 0) configuration:
   
  Platform:
    osname=darwin
    osvers=23.5.0
    archname=darwin-2level
    uname='darwin advocaat 23.5.0 darwin kernel version 23.5.0: wed may 1 20:19:05 pdt 2024; root:xnu-10063.121.3~5release_arm64_t8112 arm64 '
    config_args='-de -Dprefix=/Volumes/chambord/Users/ether/perl5/perlbrew/perls/40.0 -Dman1dir=none -Dman3dir=none -Aeval:scriptdir=/Volumes/chambord/Users/ether/perl5/perlbrew/perls/40.0/bin'
    hint=recommended
    useposix=true
    d_sigaction=define
    useithreads=undef
    usemultiplicity=undef
    use64bitint=define
    use64bitall=define
    uselongdouble=undef
    usemymalloc=n
    default_inc_excludes_dot=define
  Compiler:
    cc='cc'
    ccflags ='-fno-common -DPERL_DARWIN -mmacosx-version-min=14.5 -DNO_THREAD_SAFE_QUERYLOCALE -DNO_POSIX_2008_LOCALE -fno-strict-aliasing -pipe -fstack-protector-strong -I/opt/local/include'
    optimize='-O3'
    cppflags='-fno-common -DPERL_DARWIN -mmacosx-version-min=14.5 -DNO_THREAD_SAFE_QUERYLOCALE -DNO_POSIX_2008_LOCALE -fno-strict-aliasing -pipe -fstack-protector-strong -I/opt/local/include'
    ccversion=''
    gccversion='Apple LLVM 15.0.0 (clang-1500.3.9.4)'
    gccosandvers=''
    intsize=4
    longsize=8
    ptrsize=8
    doublesize=8
    byteorder=12345678
    doublekind=3
    d_longlong=define
    longlongsize=8
    d_longdbl=define
    longdblsize=8
    longdblkind=0
    ivtype='long'
    ivsize=8
    nvtype='double'
    nvsize=8
    Off_t='off_t'
    lseeksize=8
    alignbytes=8
    prototype=define
  Linker and Libraries:
    ld='cc'
    ldflags =' -mmacosx-version-min=14.5 -fstack-protector-strong -L/opt/local/lib'
    libpth=/Applications/Xcode.app/Contents/Developer/Toolchains/XcodeDefault.xctoolchain/usr/lib/clang/15.0.0/lib /Applications/Xcode.app/Contents/Developer/Platforms/MacOSX.platform/Developer/SDKs/MacOSX.sdk/usr/lib /Applications/Xcode.app/Contents/Developer/Toolchains/XcodeDefault.xctoolchain/usr/lib /opt/local/lib /usr/lib
    libs=-lgdbm
    perllibs=
    libc=
    so=dylib
    useshrplib=false
    libperl=libperl.a
    gnulibc_version=''
  Dynamic Linking:
    dlsrc=dl_dlopen.xs
    dlext=bundle
    d_dlsymun=undef
    ccdlflags=' '
    cccdlflags=' '
    lddlflags=' -mmacosx-version-min=14.5 -bundle -undefined dynamic_lookup -L/opt/local/lib -fstack-protector-strong'


Characteristics of this binary (from libperl): 
  Compile-time options:
    HAS_LONG_DOUBLE
    HAS_STRTOLD
    HAS_TIMES
    PERLIO_LAYERS
    PERL_COPY_ON_WRITE
    PERL_DONT_CREATE_GVSV
    PERL_HASH_FUNC_SIPHASH13
    PERL_HASH_USE_SBOX32
    PERL_MALLOC_WRAP
    PERL_OP_PARENT
    PERL_PRESERVE_IVUV
    PERL_USE_SAFE_PUTENV
    USE_64_BIT_ALL
    USE_64_BIT_INT
    USE_LARGE_FILES
    USE_LOCALE
    USE_LOCALE_COLLATE
    USE_LOCALE_CTYPE
    USE_LOCALE_NUMERIC
    USE_LOCALE_TIME
    USE_PERLIO
    USE_PERL_ATOF
  Built under darwin
  Compiled at Jun  9 2024 14:18:03
  %ENV:
    PERL5LIB="/Volumes/chambord/Users/ether/.perlbrew/libs/40.0@std/lib/perl5"
    PERLBREW_HOME="/Volumes/chambord/Users/ether/.perlbrew"
    PERLBREW_LIB="std"
    PERLBREW_MANPATH="/Volumes/chambord/Users/ether/.perlbrew/libs/40.0@std/man:/Volumes/chambord/Users/ether/perl5/perlbrew/perls/40.0/man"
    PERLBREW_PATH="/Volumes/chambord/Users/ether/.perlbrew/libs/40.0@std/bin:/Volumes/chambord/Users/ether/perl5/perlbrew/bin:/Volumes/chambord/Users/ether/perl5/perlbrew/perls/40.0/bin"
    PERLBREW_PERL="40.0"
    PERLBREW_ROOT="/Volumes/chambord/Users/ether/perl5/perlbrew"
    PERLBREW_SHELLRC_VERSION="0.98"
    PERLBREW_VERSION="0.98"
    PERLDOC="-oman"
    PERLDOC_PAGER="less -sicMr"
    PERL_AUTOINSTALL_PREFER_CPAN="1"
    PERL_INSTALL_QUIET="1"
    PERL_LOCAL_LIB_ROOT="/Volumes/chambord/Users/ether/.perlbrew/libs/40.0@std"
    PERL_MB_OPT="--install_base /Volumes/chambord/Users/ether/.perlbrew/libs/40.0@std"
    PERL_MM_OPT="INSTALL_BASE=/Volumes/chambord/Users/ether/.perlbrew/libs/40.0@std"
    PERL_TEST_HARNESS_ASAP="1"
    PERL_USE_UNSAFE_INC="0"
  @INC:
    /Volumes/chambord/Users/ether/.perlbrew/libs/40.0@std/lib/perl5/darwin-2level
    /Volumes/chambord/Users/ether/.perlbrew/libs/40.0@std/lib/perl5
    /Volumes/chambord/Users/ether/perl5/perlbrew/perls/40.0/lib/site_perl/5.40.0/darwin-2level
    /Volumes/chambord/Users/ether/perl5/perlbrew/perls/40.0/lib/site_perl/5.40.0
    /Volumes/chambord/Users/ether/perl5/perlbrew/perls/40.0/lib/5.40.0/darwin-2level
    /Volumes/chambord/Users/ether/perl5/perlbrew/perls/40.0/lib/5.40.0