Back
From: metabase:user:e3434da8-b236-11df-85ca-0247c6d74bde
Subject: FAIL WebService-Uptrack-v0.0.2 v5.12.2 GNU/Linux
Date: 2011-02-24T05:58:05Z
This distribution has been tested as part of the CPAN Testers
project, supporting the Perl programming language. See
http://wiki.cpantesters.org/ for more information or email
questions to cpan-testers-discuss@perl.org
--
Dear Steve Huff,
This is a computer-generated report for WebService-Uptrack-v0.0.2
on perl 5.12.2, created by CPAN-Reporter-1.1902.
Thank you for uploading your work to CPAN. However, there was a problem
testing your distribution.
If you think this report is invalid, please consult the CPAN Testers Wiki
for suggestions on how to avoid getting FAIL reports for missing library
or binary dependencies, unsupported operating systems, and so on:
http://wiki.cpantesters.org/wiki/CPANAuthorNotes
Sections of this report:
* Tester comments
* Program output
* Prerequisites
* Environment and other context
------------------------------
TESTER COMMENTS
------------------------------
Additional comments from tester:
this report is from an automated smoke testing program
and was not reviewed by a human for accuracy
------------------------------
PROGRAM OUTPUT
------------------------------
Output from './Build test':
# Testing WebService::Uptrack 0.0.2
t/00.load.t ....... ok
# Instantiating WebService::Uptrack 0.0.2
t/01.init.t ....... ok
# Test initialization of _ua
t/02.ua.t ......... ok
# Test initialization of _json
t/03.json.t ....... ok
t/kwalitee.t ...... skipped: Test::Kwalitee not installed; skipping
Can't locate Test/Perl/Critic.pm in @INC (@INC contains: /home/tester/testing/perl-5.12.2/.cpan/build/WebService-Uptrack-v0.0.2-UsV4c1/blib/lib /home/tester/testing/perl-5.12.2/.cpan/build/WebService-Uptrack-v0.0.2-UsV4c1/blib/arch /home/tester/testing/perl-5.12.2/.cpan/build/MooseX-StrictConstructor-0.13-zm6U2Q/blib/arch /home/tester/testing/perl-5.12.2/.cpan/build/MooseX-StrictConstructor-0.13-zm6U2Q/blib/lib /home/tester/testing/perl-5.12.2/.cpan/build/Readonly-1.03-QAnSFD/blib/arch /home/tester/testing/perl-5.12.2/.cpan/build/Readonly-1.03-QAnSFD/blib/lib /home/tester/testing/perl-5.12.2/.cpan/build/MooseX-StrictConstructor-0.13-zm6U2Q/blib/arch /home/tester/testing/perl-5.12.2/.cpan/build/MooseX-StrictConstructor-0.13-zm6U2Q/blib/lib /home/tester/testing/perl-5.12.2/.cpan/build/Readonly-1.03-QAnSFD/blib/arch /home/tester/testing/perl-5.12.2/.cpan/build/Readonly-1.03-QAnSFD/blib/lib /home/tester/testing/perl-5.12.2/lib/site_perl/5.12.2/x86_64-linux-thread-multi /home/tester/testing/perl-5.12.2/lib/site_perl/5.12.2 /home/tester/testing/perl-5.12.2/lib/5.12.2/x86_64-linux-thread-multi /home/tester/testing/perl-5.12.2/lib/5.12.2 .) at t/perlcritic.t line 3.
t/perlcritic.t ....
Dubious, test returned 2 (wstat 512, 0x200)
No subtests run
t/pod-coverage.t .. ok
t/pod.t ........... ok
Test Summary Report
-------------------
t/perlcritic.t (Wstat: 512 Tests: 0 Failed: 0)
Non-zero exit status: 2
Parse errors: No plan found in TAP output
Files=8, Tests=9, 5 wallclock secs ( 0.04 usr 0.02 sys + 1.54 cusr 0.23 csys = 1.83 CPU)
Result: FAIL
Failed 1/8 test programs. 0/9 subtests failed.
------------------------------
PREREQUISITES
------------------------------
Prerequisite modules loaded:
requires:
Module Need Have
---------------------------- ---- ------
Carp 0 1.17
Data::Dumper 0 2.125
HTTP::Request 0 5.827
HTTP::Response 0 5.836
JSON::XS 0 2.3
LWP::UserAgent 0 5.835
Moose 0 1.23
Moose::Util::TypeConstraints 0 1.23
MooseX::StrictConstructor 0 0.13
Readonly 0 1.03
version 0 0.88
build_requires:
Module Need Have
---------------------------- ---- ------
Test::More 0 0.96
configure_requires:
Module Need Have
---------------------------- ---- ------
Module::Build 0.36 0.3624
------------------------------
ENVIRONMENT AND OTHER CONTEXT
------------------------------
Environment variables:
AUTOMATED_TESTING = 1
LANG = en_US.UTF-8
LC_COLLATE = C
LC_MONETARY = nl_NL.utf8
PATH = /home/tester/perl5/perlbrew/bin:/home/tester/perl5/perlbrew/perls/perl-5.12.3/bin:/usr/lib64/qt-3.3/bin:/usr/lib64/ccache:/usr/local/bin:/bin:/usr/bin:/usr/local/sbin:/usr/sbin:/sbin:/home/tester/bin:/home/tester/bin
PATH_WITHOUT_PERLBREW = /usr/lib64/qt-3.3/bin:/usr/lib64/ccache:/usr/local/bin:/bin:/usr/bin:/usr/local/sbin:/usr/sbin:/sbin:/home/tester/bin
PERL5LIB = /home/tester/testing/perl-5.12.2/.cpan/build/MooseX-StrictConstructor-0.13-zm6U2Q/blib/arch:/home/tester/testing/perl-5.12.2/.cpan/build/MooseX-StrictConstructor-0.13-zm6U2Q/blib/lib:/home/tester/testing/perl-5.12.2/.cpan/build/Readonly-1.03-QAnSFD/blib/arch:/home/tester/testing/perl-5.12.2/.cpan/build/Readonly-1.03-QAnSFD/blib/lib
PERL5OPT =
PERL5_CPANPLUS_IS_RUNNING = 5369
PERL5_CPAN_IS_RUNNING = 5369
PERL5_MINISMOKEBOX = 0.42
PERLBREW_PATH = /home/tester/perl5/perlbrew/bin:/home/tester/perl5/perlbrew/perls/perl-5.12.3/bin
PERLBREW_PERL = perl-5.12.3
PERLBREW_ROOT = /home/tester/perl5/perlbrew
PERLBREW_VERSION = 0.15
PERL_EXTUTILS_AUTOINSTALL = --defaultdeps
PERL_MM_USE_DEFAULT = 1
SHELL = /bin/bash
TERM = screen
Perl special variables (and OS-specific diagnostics, for MSWin32):
$^X = /home/tester/testing/perl-5.12.2/bin/perl
$UID/$EUID = 501 / 501
$GID = 501 501
$EGID = 501 501
Perl module toolchain versions installed:
Module Have
------------------- --------
CPAN 1.94_56
Cwd 3.33
ExtUtils::CBuilder 0.280202
ExtUtils::Command 1.16
ExtUtils::Install 1.55
ExtUtils::MakeMaker 6.56
ExtUtils::Manifest 1.58
ExtUtils::ParseXS 2.2206
File::Spec 3.33
Module::Build 0.3624
Module::Signature n/a
Test::Harness 3.22
Test::More 0.96
YAML n/a
YAML::Syck 1.17
version 0.88
--
Summary of my perl5 (revision 5 version 12 subversion 2) configuration:
Platform:
osname=linux, osvers=2.6.35.6-45.fc14.x86_64, archname=x86_64-linux-thread-multi
uname='linux firenze.fritz.box 2.6.35.6-45.fc14.x86_64 #1 smp mon oct 18 23:57:44 utc 2010 x86_64 x86_64 x86_64 gnulinux '
config_args='-des -Dprefix=/home/tester/testing/perl-5.12.2 -Dusethreads -Duse64bitint'
hint=recommended, useposix=true, d_sigaction=define
useithreads=define, usemultiplicity=define
useperlio=define, d_sfio=undef, uselargefiles=define, usesocks=undef
use64bitint=define, use64bitall=define, uselongdouble=undef
usemymalloc=n, bincompat5005=undef
Compiler:
cc='cc', ccflags ='-D_REENTRANT -D_GNU_SOURCE -fno-strict-aliasing -pipe -fstack-protector -I/usr/local/include -D_LARGEFILE_SOURCE -D_FILE_OFFSET_BITS=64',
optimize='-O2',
cppflags='-D_REENTRANT -D_GNU_SOURCE -fno-strict-aliasing -pipe -fstack-protector -I/usr/local/include'
ccversion='', gccversion='4.5.1 20100924 (Red Hat 4.5.1-4)', gccosandvers=''
intsize=4, longsize=8, ptrsize=8, doublesize=8, byteorder=12345678
d_longlong=define, longlongsize=8, d_longdbl=define, longdblsize=16
ivtype='long', ivsize=8, nvtype='double', nvsize=8, Off_t='off_t', lseeksize=8
alignbytes=8, prototype=define
Linker and Libraries:
ld='cc', ldflags =' -fstack-protector -L/usr/local/lib'
libpth=/usr/local/lib /lib /usr/lib /lib64 /usr/lib64 /usr/local/lib64
libs=-lnsl -lgdbm -ldb -ldl -lm -lcrypt -lutil -lpthread -lc -lgdbm_compat
perllibs=-lnsl -ldl -lm -lcrypt -lutil -lpthread -lc
libc=, so=so, useshrplib=false, libperl=libperl.a
gnulibc_version='2.12.90'
Dynamic Linking:
dlsrc=dl_dlopen.xs, dlext=so, d_dlsymun=undef, ccdlflags='-Wl,-E'
cccdlflags='-fPIC', lddlflags='-shared -O2 -L/usr/local/lib -fstack-protector'
Characteristics of this binary (from libperl):
Compile-time options: MULTIPLICITY PERL_DONT_CREATE_GVSV
PERL_IMPLICIT_CONTEXT PERL_MALLOC_WRAP USE_64_BIT_ALL
USE_64_BIT_INT USE_ITHREADS USE_LARGE_FILES
USE_PERLIO USE_PERL_ATOF USE_REENTRANT_API
Built under linux
Compiled at Jan 31 2011 09:24:41
%ENV:
PERL5LIB="/home/tester/testing/perl-5.12.2/.cpan/build/MooseX-StrictConstructor-0.13-zm6U2Q/blib/arch:/home/tester/testing/perl-5.12.2/.cpan/build/MooseX-StrictConstructor-0.13-zm6U2Q/blib/lib:/home/tester/testing/perl-5.12.2/.cpan/build/Readonly-1.03-QAnSFD/blib/arch:/home/tester/testing/perl-5.12.2/.cpan/build/Readonly-1.03-QAnSFD/blib/lib"
PERL5OPT=""
PERL5_CPANPLUS_IS_RUNNING="5369"
PERL5_CPAN_IS_RUNNING="5369"
PERL5_MINISMOKEBOX="0.42"
PERLBREW_PATH="/home/tester/perl5/perlbrew/bin:/home/tester/perl5/perlbrew/perls/perl-5.12.3/bin"
PERLBREW_PERL="perl-5.12.3"
PERLBREW_ROOT="/home/tester/perl5/perlbrew"
PERLBREW_VERSION="0.15"
PERL_EXTUTILS_AUTOINSTALL="--defaultdeps"
PERL_MM_USE_DEFAULT="1"
@INC:
/home/tester/testing/perl-5.12.2/.cpan/build/MooseX-StrictConstructor-0.13-zm6U2Q/blib/arch
/home/tester/testing/perl-5.12.2/.cpan/build/MooseX-StrictConstructor-0.13-zm6U2Q/blib/lib
/home/tester/testing/perl-5.12.2/.cpan/build/Readonly-1.03-QAnSFD/blib/arch
/home/tester/testing/perl-5.12.2/.cpan/build/Readonly-1.03-QAnSFD/blib/lib
/home/tester/testing/perl-5.12.2/lib/site_perl/5.12.2/x86_64-linux-thread-multi
/home/tester/testing/perl-5.12.2/lib/site_perl/5.12.2
/home/tester/testing/perl-5.12.2/lib/5.12.2/x86_64-linux-thread-multi
/home/tester/testing/perl-5.12.2/lib/5.12.2
.