Report for Data-Bind-0.30

Back
From: metabase:user:0d96120c-29e2-11e5-b049-ede3035d37de
Subject: FAIL Data-Bind-0.30 v5.23.1 GNU/Linux
Date: 2015-08-07T23:43:05Z

This distribution has been tested as part of the CPAN Testers
project, supporting the Perl programming language.  See
http://wiki.cpantesters.org/ for more information or email
questions to cpan-testers-discuss@perl.org


--
Dear Chia-liang Kao,

This is a computer-generated report for Data-Bind-0.30
on perl 5.23.1, created by CPAN-Reporter-1.2015.

Thank you for uploading your work to CPAN.  However, there was a problem
testing your distribution.

If you think this report is invalid, please consult the CPAN Testers Wiki
for suggestions on how to avoid getting FAIL reports for missing library
or binary dependencies, unsupported operating systems, and so on:

http://wiki.cpantesters.org/wiki/CPANAuthorNotes

Sections of this report:

    * Tester comments
    * Program output
    * Prerequisites
    * Environment and other context

------------------------------
TESTER COMMENTS
------------------------------

Additional comments from tester:

CPU            : Intel(R) Xeon(R) CPU E5-2680 v2 @ 2.80GHz
MEMORY         : 1.94 GB
ARCH           : x86_64
OS             : CentOS 7.1.1503
KERNEL         : Linux 4.1.0-x86_64-linode59
VIRTUALIZATION : xen0

------------------------------
PROGRAM OUTPUT
------------------------------

Output from '/usr/bin/make test':

Running Mkbootstrap for Data::Bind ()
chmod 644 "Bind.bs"
PERL_DL_NONLAZY=1 "/home/jmaslak/perl5/perlbrew/perls/perl-5.23.1-thread-multi-ld/bin/perl5.23.1" "-MExtUtils::Command::MM" "-MTest::Harness" "-e" "undef *Test::Harness::Switches; test_harness(0, 'inc', 'blib/lib', 'blib/arch')" t/*.t
Attempt to free nonexistent shared string 'new_value', Perl interpreter: 0xf62010 at /home/jmaslak/perl5/perlbrew/perls/perl-5.23.1-thread-multi-ld/lib/5.23.1/Test/More.pm line 1487.
Attempt to free nonexistent shared string 'P?รน', Perl interpreter: 0xf62010 at t/arrays.t line 157.
t/arrays.t .......... ok
t/coderef.t ......... ok
t/compat.t .......... ok
t/highlevel.t ....... ok
t/multidimension.t .. ok
t/objects.t ......... ok
t/overload.t ........ ok
Use of uninitialized value $got in string eq at (eval in cmp_ok) t/scalars.t line 100.

#   Failed test 'bound readonly sub param was bound correctly (1)'
#   at t/scalars.t line 100.
Use of uninitialized value in concatenation (.) or string at /home/jmaslak/perl5/perlbrew/perls/perl-5.23.1-thread-multi-ld/lib/5.23.1/Test/Builder.pm line 1025.
#          got: ''
#     expected: '42'
Use of uninitialized value $got in string eq at (eval in cmp_ok) t/scalars.t line 102.

#   Failed test 'bound readonly sub param was bound correctly (2)'
#   at t/scalars.t line 102.
Use of uninitialized value in concatenation (.) or string at /home/jmaslak/perl5/perlbrew/perls/perl-5.23.1-thread-multi-ld/lib/5.23.1/Test/Builder.pm line 1025.
#          got: ''
#     expected: '43'
Use of uninitialized value $got in string eq at (eval in cmp_ok) t/scalars.t line 107.

#   Failed test 'bound readonly sub param remains readonly (2)'
#   at t/scalars.t line 107.
Use of uninitialized value in concatenation (.) or string at /home/jmaslak/perl5/perlbrew/perls/perl-5.23.1-thread-multi-ld/lib/5.23.1/Test/Builder.pm line 1025.
#          got: ''
#     expected: '43'
Use of uninitialized value $got in string eq at (eval in cmp_ok) t/scalars.t line 123.

#   Failed test 'bound rw sub param was bound correctly (1)'
#   at t/scalars.t line 123.
Use of uninitialized value in concatenation (.) or string at /home/jmaslak/perl5/perlbrew/perls/perl-5.23.1-thread-multi-ld/lib/5.23.1/Test/Builder.pm line 1025.
#          got: ''
#     expected: '42'
Use of uninitialized value $got in string eq at (eval in cmp_ok) t/scalars.t line 125.

#   Failed test 'bound rw sub param was bound correctly (2)'
#   at t/scalars.t line 125.
Use of uninitialized value in concatenation (.) or string at /home/jmaslak/perl5/perlbrew/perls/perl-5.23.1-thread-multi-ld/lib/5.23.1/Test/Builder.pm line 1025.
#          got: ''
#     expected: '43'
Use of uninitialized value $got in string eq at (eval in cmp_ok) t/scalars.t line 128.

#   Failed test 'bound rw sub param remains rw (2)'
#   at t/scalars.t line 128.
Use of uninitialized value in concatenation (.) or string at /home/jmaslak/perl5/perlbrew/perls/perl-5.23.1-thread-multi-ld/lib/5.23.1/Test/Builder.pm line 1025.
#          got: ''
#     expected: '23'
# Looks like you failed 6 tests of 28.
t/scalars.t ......... 
Dubious, test returned 6 (wstat 1536, 0x600)
Failed 6/28 subtests 
	(less 1 skipped subtest: 21 okay)
# Testing with positional arguments
Use of uninitialized value $got in string eq at (eval in cmp_ok) t/slurpy_param.t line 51.

#   Failed test 'Testing the value for positional'
#   at t/slurpy_param.t line 51.
Use of uninitialized value in concatenation (.) or string at /home/jmaslak/perl5/perlbrew/perls/perl-5.23.1-thread-multi-ld/lib/5.23.1/Test/Builder.pm line 1025.
#          got: ''
#     expected: '1'
# Testing without positional arguments
Use of uninitialized value $got in string eq at (eval in cmp_ok) t/slurpy_param.t line 70.

#   Failed test 'Testing the value for positional'
#   at t/slurpy_param.t line 70.
Use of uninitialized value in concatenation (.) or string at /home/jmaslak/perl5/perlbrew/perls/perl-5.23.1-thread-multi-ld/lib/5.23.1/Test/Builder.pm line 1025.
#          got: ''
#     expected: '20'
# Testing with named arguments (named param isn't required)
Use of uninitialized value $got in string eq at (eval in cmp_ok) t/slurpy_param.t line 125.

#   Failed test 'Testing the named argument'
#   at t/slurpy_param.t line 125.
Use of uninitialized value in concatenation (.) or string at /home/jmaslak/perl5/perlbrew/perls/perl-5.23.1-thread-multi-ld/lib/5.23.1/Test/Builder.pm line 1025.
#          got: ''
#     expected: '20'
# Testing with named arguments (named param is required) (++ version)
# Testing with named arguments (named param is required) (trait version)
# Testing with slurpy scalar
Use of uninitialized value $got in string eq at (eval in cmp_ok) t/slurpy_param.t line 191.

#   Failed test 'Testing the first slurpy scalar...'
#   at t/slurpy_param.t line 191.
Use of uninitialized value in concatenation (.) or string at /home/jmaslak/perl5/perlbrew/perls/perl-5.23.1-thread-multi-ld/lib/5.23.1/Test/Builder.pm line 1025.
#          got: ''
#     expected: '1'
Use of uninitialized value $got in string eq at (eval in cmp_ok) t/slurpy_param.t line 193.

#   Failed test 'Testing the second slurpy scalar...'
#   at t/slurpy_param.t line 193.
Use of uninitialized value in concatenation (.) or string at /home/jmaslak/perl5/perlbrew/perls/perl-5.23.1-thread-multi-ld/lib/5.23.1/Test/Builder.pm line 1025.
#          got: ''
#     expected: '2'
# Looks like you failed 5 tests of 26.
t/slurpy_param.t .... 
Dubious, test returned 5 (wstat 1280, 0x500)
Failed 5/26 subtests 
t/sub.t ............. ok

Test Summary Report
-------------------
t/scalars.t       (Wstat: 1536 Tests: 28 Failed: 6)
  Failed tests:  17-18, 20, 22-23, 25
  Non-zero exit status: 6
t/slurpy_param.t  (Wstat: 1280 Tests: 26 Failed: 5)
  Failed tests:  2, 7, 17, 24-25
  Non-zero exit status: 5
Files=10, Tests=140,  1 wallclock secs ( 0.05 usr  0.06 sys +  0.44 cusr  0.10 csys =  0.65 CPU)
Result: FAIL
Failed 2/10 test programs. 11/140 subtests failed.
make: *** [test_dynamic] Error 255

------------------------------
PREREQUISITES
------------------------------

Prerequisite modules loaded:

requires:

    Module                Need Have   
    --------------------- ---- -------
    Class::Accessor::Fast 0    0.34   
    Data::Capture         0    0.27   
    Devel::Caller         0.10 2.06   
    Devel::LexAlias       0    0.05   
    PadWalker             0    2.1    
    Test::Exception       0    0.40   

build_requires:

    Module                Need Have   
    --------------------- ---- -------
    ExtUtils::MakeMaker   0    7.04_01


------------------------------
ENVIRONMENT AND OTHER CONTEXT
------------------------------

Environment variables:

    LANG = en_US.UTF-8
    NONINTERACTIVE_TESTING = 1
    PATH = /home/jmaslak/perl5/perlbrew/bin:/home/jmaslak/perl5/perlbrew/perls/perl-5.23.1-thread-multi-ld/bin:/home/jmaslak/perl5/perlbrew/bin:/home/jmaslak/perl5/perlbrew/perls/perl-5.23.1/bin:/usr/local/bin:/usr/bin:/usr/local/sbin:/usr/sbin:/usr/sbin:~/perltest/bin
    PERL5LIB = 
    PERL5OPT = 
    PERL5_CPANPLUS_IS_RUNNING = 9453
    PERL5_CPAN_IS_RUNNING = 9453
    PERLBREW_BASHRC_VERSION = 0.73
    PERLBREW_HOME = /home/jmaslak/.perlbrew
    PERLBREW_LIB = 
    PERLBREW_MANPATH = /home/jmaslak/perl5/perlbrew/perls/perl-5.23.1-thread-multi-ld/man
    PERLBREW_PATH = /home/jmaslak/perl5/perlbrew/bin:/home/jmaslak/perl5/perlbrew/perls/perl-5.23.1-thread-multi-ld/bin
    PERLBREW_PERL = perl-5.23.1-thread-multi-ld
    PERLBREW_ROOT = /home/jmaslak/perl5/perlbrew
    PERLBREW_VERSION = 0.73
    PERL_LOCAL_LIB_ROOT = 
    PERL_MM_USE_DEFAULT = 1
    SHELL = /bin/bash
    TERM = screen-256color

Perl special variables (and OS-specific diagnostics, for MSWin32):

    $^X = /home/jmaslak/perl5/perlbrew/perls/perl-5.23.1-thread-multi-ld/bin/perl5.23.1
    $UID/$EUID = 1000 / 1000
    $GID = 1000 10 1000
    $EGID = 1000 10 1000

Perl module toolchain versions installed:

    Module              Have    
    ------------------- --------
    CPAN                2.11    
    CPAN::Meta          2.150005
    Cwd                 3.56    
    ExtUtils::CBuilder  0.280223
    ExtUtils::Command   1.20    
    ExtUtils::Install   2.04    
    ExtUtils::MakeMaker 7.04_01 
    ExtUtils::Manifest  1.70    
    ExtUtils::ParseXS   3.28    
    File::Spec          3.56    
    JSON                2.90    
    JSON::PP            2.27300 
    Module::Build       0.4214  
    Module::Signature   n/a     
    Parse::CPAN::Meta   1.4417  
    Test::Harness       3.35    
    Test::More          1.001014
    YAML                1.15    
    YAML::Syck          n/a     
    version             0.9909  


--

Summary of my perl5 (revision 5 version 23 subversion 1) configuration:
   
  Platform:
    osname=linux, osvers=4.1.0-x86_64-linode59, archname=x86_64-linux-thread-multi-ld
    uname='linux cpantest.antelope.net 4.1.0-x86_64-linode59 #1 smp mon jun 22 10:39:23 edt 2015 x86_64 x86_64 x86_64 gnulinux '
    config_args='-de -Dprefix=/home/jmaslak/perl5/perlbrew/perls/perl-5.23.1-thread-multi-ld -Dusethreads -Duselongdouble -Dusemultiplicity -Dusedevel -Aeval:scriptdir=/home/jmaslak/perl5/perlbrew/perls/perl-5.23.1-thread-multi-ld/bin'
    hint=recommended, useposix=true, d_sigaction=define
    useithreads=define, usemultiplicity=define
    use64bitint=define, use64bitall=define, uselongdouble=define
    usemymalloc=n, bincompat5005=undef
  Compiler:
    cc='cc', ccflags ='-D_REENTRANT -D_GNU_SOURCE -fwrapv -fno-strict-aliasing -pipe -fstack-protector-strong -I/usr/local/include -D_LARGEFILE_SOURCE -D_FILE_OFFSET_BITS=64 -D_FORTIFY_SOURCE=2',
    optimize='-O2',
    cppflags='-D_REENTRANT -D_GNU_SOURCE -fwrapv -fno-strict-aliasing -pipe -fstack-protector-strong -I/usr/local/include'
    ccversion='', gccversion='4.8.3 20140911 (Red Hat 4.8.3-9)', gccosandvers=''
    intsize=4, longsize=8, ptrsize=8, doublesize=8, byteorder=12345678, doublekind=3
    d_longlong=define, longlongsize=8, d_longdbl=define, longdblsize=16, longdblkind=3
    ivtype='long', ivsize=8, nvtype='long double', nvsize=16, Off_t='off_t', lseeksize=8
    alignbytes=16, prototype=define
  Linker and Libraries:
    ld='cc', ldflags =' -fstack-protector-strong -L/usr/local/lib'
    libpth=/usr/local/lib /usr/lib /lib/../lib64 /usr/lib/../lib64 /lib /lib64 /usr/lib64 /usr/local/lib64
    libs=-lpthread -lnsl -ldl -lm -lcrypt -lutil -lc
    perllibs=-lpthread -lnsl -ldl -lm -lcrypt -lutil -lc
    libc=libc-2.17.so, so=so, useshrplib=false, libperl=libperl.a
    gnulibc_version='2.17'
  Dynamic Linking:
    dlsrc=dl_dlopen.xs, dlext=so, d_dlsymun=undef, ccdlflags='-Wl,-E'
    cccdlflags='-fPIC', lddlflags='-shared -O2 -L/usr/local/lib -fstack-protector-strong'


Characteristics of this binary (from libperl): 
  Compile-time options: HAS_TIMES MULTIPLICITY PERLIO_LAYERS
                        PERL_COPY_ON_WRITE PERL_DONT_CREATE_GVSV
                        PERL_HASH_FUNC_ONE_AT_A_TIME_HARD
                        PERL_IMPLICIT_CONTEXT PERL_MALLOC_WRAP
                        PERL_PRESERVE_IVUV PERL_USE_DEVEL USE_64_BIT_ALL
                        USE_64_BIT_INT USE_ITHREADS USE_LARGE_FILES
                        USE_LOCALE USE_LOCALE_COLLATE USE_LOCALE_CTYPE
                        USE_LOCALE_NUMERIC USE_LOCALE_TIME USE_LONG_DOUBLE
                        USE_PERLIO USE_PERL_ATOF USE_REENTRANT_API
  Locally applied patches:
	Devel::PatchPerl 1.38
  Built under linux
  Compiled at Jul 26 2015 05:30:26
  %ENV:
    PERL5LIB=""
    PERL5OPT=""
    PERL5_CPANPLUS_IS_RUNNING="9453"
    PERL5_CPAN_IS_RUNNING="9453"
    PERLBREW_BASHRC_VERSION="0.73"
    PERLBREW_HOME="/home/jmaslak/.perlbrew"
    PERLBREW_LIB=""
    PERLBREW_MANPATH="/home/jmaslak/perl5/perlbrew/perls/perl-5.23.1-thread-multi-ld/man"
    PERLBREW_PATH="/home/jmaslak/perl5/perlbrew/bin:/home/jmaslak/perl5/perlbrew/perls/perl-5.23.1-thread-multi-ld/bin"
    PERLBREW_PERL="perl-5.23.1-thread-multi-ld"
    PERLBREW_ROOT="/home/jmaslak/perl5/perlbrew"
    PERLBREW_VERSION="0.73"
    PERL_LOCAL_LIB_ROOT=""
    PERL_MM_USE_DEFAULT="1"
  @INC:
    /home/jmaslak/perl5/perlbrew/perls/perl-5.23.1-thread-multi-ld/lib/site_perl/5.23.1/x86_64-linux-thread-multi-ld
    /home/jmaslak/perl5/perlbrew/perls/perl-5.23.1-thread-multi-ld/lib/site_perl/5.23.1
    /home/jmaslak/perl5/perlbrew/perls/perl-5.23.1-thread-multi-ld/lib/5.23.1/x86_64-linux-thread-multi-ld
    /home/jmaslak/perl5/perlbrew/perls/perl-5.23.1-thread-multi-ld/lib/5.23.1
    .