Back
From: metabase:user:d2c9f356-b46f-11df-9a90-20a83c0b7757
Subject: FAIL SVG-Graph-0.03 v5.15.6 SunOS/Solaris
Date: 2012-01-07T06:08:42Z
This distribution has been tested as part of the CPAN Testers
project, supporting the Perl programming language. See
http://wiki.cpantesters.org/ for more information or email
questions to cpan-testers-discuss@perl.org
--
Dear Christopher Fields,
This is a computer-generated report for SVG-Graph-0.03
on perl 5.15.6, created by CPAN-Reporter-1.2003.
Thank you for uploading your work to CPAN. However, there was a problem
testing your distribution.
If you think this report is invalid, please consult the CPAN Testers Wiki
for suggestions on how to avoid getting FAIL reports for missing library
or binary dependencies, unsupported operating systems, and so on:
http://wiki.cpantesters.org/wiki/CPANAuthorNotes
Sections of this report:
* Tester comments
* Program output
* Prerequisites
* Environment and other context
------------------------------
TESTER COMMENTS
------------------------------
Additional comments from tester:
this report is from an automated smoke testing program
and was not reviewed by a human for accuracy
------------------------------
PROGRAM OUTPUT
------------------------------
Output from './Build test':
Can't locate SVG.pm in @INC (@INC contains: lib /export/home/cpant4/.cpan/build/SVG-Graph-0.03-d2Qshs/blib/lib /export/home/cpant4/.cpan/build/SVG-Graph-0.03-d2Qshs/blib/arch /export/home/cpant4/perl5/lib/site_perl/5.15.6/i86pc-solaris-64int /export/home/cpant4/perl5/lib/site_perl/5.15.6 /export/home/cpant4/perl5/lib/5.15.6/i86pc-solaris-64int /export/home/cpant4/perl5/lib/5.15.6 /export/home/cpant4/perl5/lib/site_perl .) at lib/SVG/Graph.pm line 9.
BEGIN failed--compilation aborted at lib/SVG/Graph.pm line 9.
Compilation failed in require at -e line 1.
# Failed test 'SVG::Graph loaded ok'
# at t/00-compile.t line 62.
# ''
# doesn't match '(?^s:^\s*SVG::Graph ok)'
Can't locate Statistics/Descriptive.pm in @INC (@INC contains: lib /export/home/cpant4/.cpan/build/SVG-Graph-0.03-d2Qshs/blib/lib /export/home/cpant4/.cpan/build/SVG-Graph-0.03-d2Qshs/blib/arch /export/home/cpant4/perl5/lib/site_perl/5.15.6/i86pc-solaris-64int /export/home/cpant4/perl5/lib/site_perl/5.15.6 /export/home/cpant4/perl5/lib/5.15.6/i86pc-solaris-64int /export/home/cpant4/perl5/lib/5.15.6 /export/home/cpant4/perl5/lib/site_perl .) at lib/SVG/Graph/Data.pm line 9.
BEGIN failed--compilation aborted at lib/SVG/Graph/Data.pm line 9.
Compilation failed in require at -e line 1.
# Failed test 'SVG::Graph::Data loaded ok'
# at t/00-compile.t line 62.
# ''
# doesn't match '(?^s:^\s*SVG::Graph::Data ok)'
Can't locate Statistics/Descriptive.pm in @INC (@INC contains: lib /export/home/cpant4/.cpan/build/SVG-Graph-0.03-d2Qshs/blib/lib /export/home/cpant4/.cpan/build/SVG-Graph-0.03-d2Qshs/blib/arch /export/home/cpant4/perl5/lib/site_perl/5.15.6/i86pc-solaris-64int /export/home/cpant4/perl5/lib/site_perl/5.15.6 /export/home/cpant4/perl5/lib/5.15.6/i86pc-solaris-64int /export/home/cpant4/perl5/lib/5.15.6 /export/home/cpant4/perl5/lib/site_perl .) at lib/SVG/Graph/Data.pm line 9.
BEGIN failed--compilation aborted at lib/SVG/Graph/Data.pm line 9.
Compilation failed in require at (eval 2) line 2.
...propagated at /export/home/cpant4/perl5/lib/5.15.6/base.pm line 84.
BEGIN failed--compilation aborted at lib/SVG/Graph/Frame.pm line 8.
Compilation failed in require at -e line 1.
# Failed test 'SVG::Graph::Frame loaded ok'
# at t/00-compile.t line 62.
# ''
# doesn't match '(?^s:^\s*SVG::Graph::Frame ok)'
Can't locate Math/Spline.pm in @INC (@INC contains: lib /export/home/cpant4/.cpan/build/SVG-Graph-0.03-d2Qshs/blib/lib /export/home/cpant4/.cpan/build/SVG-Graph-0.03-d2Qshs/blib/arch /export/home/cpant4/perl5/lib/site_perl/5.15.6/i86pc-solaris-64int /export/home/cpant4/perl5/lib/site_perl/5.15.6 /export/home/cpant4/perl5/lib/5.15.6/i86pc-solaris-64int /export/home/cpant4/perl5/lib/5.15.6 /export/home/cpant4/perl5/lib/site_perl .) at lib/SVG/Graph/Glyph/bezier.pm line 10.
BEGIN failed--compilation aborted at lib/SVG/Graph/Glyph/bezier.pm line 10.
Compilation failed in require at -e line 1.
# Failed test 'SVG::Graph::Glyph::bezier loaded ok'
# at t/00-compile.t line 62.
# ''
# doesn't match '(?^s:^\s*SVG::Graph::Glyph::bezier ok)'
# Looks like you failed 4 tests of 19.
t/00-compile.t ..........
Dubious, test returned 4 (wstat 1024, 0x400)
Failed 4/19 subtests
Can't locate SVG.pm in @INC (@INC contains: /export/home/cpant4/.cpan/build/SVG-Graph-0.03-d2Qshs/blib/lib /export/home/cpant4/.cpan/build/SVG-Graph-0.03-d2Qshs/blib/arch /export/home/cpant4/perl5/lib/site_perl/5.15.6/i86pc-solaris-64int /export/home/cpant4/perl5/lib/site_perl/5.15.6 /export/home/cpant4/perl5/lib/5.15.6/i86pc-solaris-64int /export/home/cpant4/perl5/lib/5.15.6 /export/home/cpant4/perl5/lib/site_perl .) at t/4seasons.t line 5.
BEGIN failed--compilation aborted at t/4seasons.t line 5.
t/4seasons.t ............
Dubious, test returned 2 (wstat 512, 0x200)
No subtests run
Can't locate SVG.pm in @INC (@INC contains: /export/home/cpant4/.cpan/build/SVG-Graph-0.03-d2Qshs/blib/lib /export/home/cpant4/.cpan/build/SVG-Graph-0.03-d2Qshs/blib/arch /export/home/cpant4/perl5/lib/site_perl/5.15.6/i86pc-solaris-64int /export/home/cpant4/perl5/lib/site_perl/5.15.6 /export/home/cpant4/perl5/lib/5.15.6/i86pc-solaris-64int /export/home/cpant4/perl5/lib/5.15.6 /export/home/cpant4/perl5/lib/site_perl .) at /export/home/cpant4/.cpan/build/SVG-Graph-0.03-d2Qshs/blib/lib/SVG/Graph.pm line 9.
BEGIN failed--compilation aborted at /export/home/cpant4/.cpan/build/SVG-Graph-0.03-d2Qshs/blib/lib/SVG/Graph.pm line 9.
Compilation failed in require at t/bezier.t line 5.
BEGIN failed--compilation aborted at t/bezier.t line 5.
t/bezier.t ..............
Dubious, test returned 2 (wstat 512, 0x200)
No subtests run
Can't locate SVG.pm in @INC (@INC contains: /export/home/cpant4/.cpan/build/SVG-Graph-0.03-d2Qshs/blib/lib /export/home/cpant4/.cpan/build/SVG-Graph-0.03-d2Qshs/blib/arch /export/home/cpant4/perl5/lib/site_perl/5.15.6/i86pc-solaris-64int /export/home/cpant4/perl5/lib/site_perl/5.15.6 /export/home/cpant4/perl5/lib/5.15.6/i86pc-solaris-64int /export/home/cpant4/perl5/lib/5.15.6 /export/home/cpant4/perl5/lib/site_perl .) at /export/home/cpant4/.cpan/build/SVG-Graph-0.03-d2Qshs/blib/lib/SVG/Graph.pm line 9.
BEGIN failed--compilation aborted at /export/home/cpant4/.cpan/build/SVG-Graph-0.03-d2Qshs/blib/lib/SVG/Graph.pm line 9.
Compilation failed in require at t/bubble.t line 5.
BEGIN failed--compilation aborted at t/bubble.t line 5.
t/bubble.t ..............
Dubious, test returned 2 (wstat 512, 0x200)
No subtests run
Can't locate SVG.pm in @INC (@INC contains: /export/home/cpant4/.cpan/build/SVG-Graph-0.03-d2Qshs/blib/lib /export/home/cpant4/.cpan/build/SVG-Graph-0.03-d2Qshs/blib/arch /export/home/cpant4/perl5/lib/site_perl/5.15.6/i86pc-solaris-64int /export/home/cpant4/perl5/lib/site_perl/5.15.6 /export/home/cpant4/perl5/lib/5.15.6/i86pc-solaris-64int /export/home/cpant4/perl5/lib/5.15.6 /export/home/cpant4/perl5/lib/site_perl .) at /export/home/cpant4/.cpan/build/SVG-Graph-0.03-d2Qshs/blib/lib/SVG/Graph.pm line 9.
BEGIN failed--compilation aborted at /export/home/cpant4/.cpan/build/SVG-Graph-0.03-d2Qshs/blib/lib/SVG/Graph.pm line 9.
Compilation failed in require at t/line.t line 4.
BEGIN failed--compilation aborted at t/line.t line 4.
t/line.t ................
Dubious, test returned 2 (wstat 512, 0x200)
No subtests run
t/release-eol.t ......... skipped: these tests are for release candidate testing
t/release-no-tabs.t ..... skipped: these tests are for release candidate testing
t/release-pod-syntax.t .. skipped: these tests are for release candidate testing
Can't locate SVG.pm in @INC (@INC contains: /export/home/cpant4/.cpan/build/SVG-Graph-0.03-d2Qshs/blib/lib /export/home/cpant4/.cpan/build/SVG-Graph-0.03-d2Qshs/blib/arch /export/home/cpant4/perl5/lib/site_perl/5.15.6/i86pc-solaris-64int /export/home/cpant4/perl5/lib/site_perl/5.15.6 /export/home/cpant4/perl5/lib/5.15.6/i86pc-solaris-64int /export/home/cpant4/perl5/lib/5.15.6 /export/home/cpant4/perl5/lib/site_perl .) at /export/home/cpant4/.cpan/build/SVG-Graph-0.03-d2Qshs/blib/lib/SVG/Graph.pm line 9.
BEGIN failed--compilation aborted at /export/home/cpant4/.cpan/build/SVG-Graph-0.03-d2Qshs/blib/lib/SVG/Graph.pm line 9.
Compilation failed in require at t/scatter.t line 4.
BEGIN failed--compilation aborted at t/scatter.t line 4.
t/scatter.t .............
Dubious, test returned 2 (wstat 512, 0x200)
No subtests run
Can't locate SVG.pm in @INC (@INC contains: /export/home/cpant4/.cpan/build/SVG-Graph-0.03-d2Qshs/blib/lib /export/home/cpant4/.cpan/build/SVG-Graph-0.03-d2Qshs/blib/arch /export/home/cpant4/perl5/lib/site_perl/5.15.6/i86pc-solaris-64int /export/home/cpant4/perl5/lib/site_perl/5.15.6 /export/home/cpant4/perl5/lib/5.15.6/i86pc-solaris-64int /export/home/cpant4/perl5/lib/5.15.6 /export/home/cpant4/perl5/lib/site_perl .) at /export/home/cpant4/.cpan/build/SVG-Graph-0.03-d2Qshs/blib/lib/SVG/Graph.pm line 9.
BEGIN failed--compilation aborted at /export/home/cpant4/.cpan/build/SVG-Graph-0.03-d2Qshs/blib/lib/SVG/Graph.pm line 9.
Compilation failed in require at t/tree.t line 5.
BEGIN failed--compilation aborted at t/tree.t line 5.
t/tree.t ................
Dubious, test returned 2 (wstat 512, 0x200)
No subtests run
Can't locate SVG.pm in @INC (@INC contains: /export/home/cpant4/.cpan/build/SVG-Graph-0.03-d2Qshs/blib/lib /export/home/cpant4/.cpan/build/SVG-Graph-0.03-d2Qshs/blib/arch /export/home/cpant4/perl5/lib/site_perl/5.15.6/i86pc-solaris-64int /export/home/cpant4/perl5/lib/site_perl/5.15.6 /export/home/cpant4/perl5/lib/5.15.6/i86pc-solaris-64int /export/home/cpant4/perl5/lib/5.15.6 /export/home/cpant4/perl5/lib/site_perl .) at /export/home/cpant4/.cpan/build/SVG-Graph-0.03-d2Qshs/blib/lib/SVG/Graph.pm line 9.
BEGIN failed--compilation aborted at /export/home/cpant4/.cpan/build/SVG-Graph-0.03-d2Qshs/blib/lib/SVG/Graph.pm line 9.
Compilation failed in require at t/wedge.t line 5.
BEGIN failed--compilation aborted at t/wedge.t line 5.
t/wedge.t ...............
Dubious, test returned 2 (wstat 512, 0x200)
No subtests run
Test Summary Report
-------------------
t/00-compile.t (Wstat: 1024 Tests: 19 Failed: 4)
Failed tests: 1-2, 7, 12
Non-zero exit status: 4
t/4seasons.t (Wstat: 512 Tests: 0 Failed: 0)
Non-zero exit status: 2
Parse errors: No plan found in TAP output
t/bezier.t (Wstat: 512 Tests: 0 Failed: 0)
Non-zero exit status: 2
Parse errors: No plan found in TAP output
t/bubble.t (Wstat: 512 Tests: 0 Failed: 0)
Non-zero exit status: 2
Parse errors: No plan found in TAP output
t/line.t (Wstat: 512 Tests: 0 Failed: 0)
Non-zero exit status: 2
Parse errors: No plan found in TAP output
t/scatter.t (Wstat: 512 Tests: 0 Failed: 0)
Non-zero exit status: 2
Parse errors: No plan found in TAP output
t/tree.t (Wstat: 512 Tests: 0 Failed: 0)
Non-zero exit status: 2
Parse errors: No plan found in TAP output
t/wedge.t (Wstat: 512 Tests: 0 Failed: 0)
Non-zero exit status: 2
Parse errors: No plan found in TAP output
Files=11, Tests=19, 4 wallclock secs ( 0.04 usr 0.02 sys + 0.33 cusr 0.02 csys = 0.41 CPU)
Result: FAIL
Failed 8/11 test programs. 4/19 subtests failed.
------------------------------
PREREQUISITES
------------------------------
Prerequisite modules loaded:
build_requires:
Module Need Have
------------- ------ -------
Module::Build 0.3601 0.39_01
configure_requires:
Module Need Have
------------- ------ -------
Module::Build 0.3601 0.39_01
------------------------------
ENVIRONMENT AND OTHER CONTEXT
------------------------------
Environment variables:
AUTOMATED_TESTING = 1
LANG = C
LD_LIBRARY_PATH = /usr/local/lib:
PATH = /export/home/cpant4/perl5/bin:/usr/local/bin:/usr/bin
PERL5LIB =
PERL5OPT =
PERL5_CPANPLUS_IS_RUNNING = 15323
PERL5_CPAN_IS_RUNNING = 15323
PERL5_CPAN_IS_RUNNING_IN_RECURSION = 18508,15323
PERL_CR_SMOKER_CURRENT = SVG-Graph-0.03
PERL_EXTUTILS_AUTOINSTALL = --defaultdeps
PERL_MM_USE_DEFAULT = 1
SHELL = /bin/bash
TERM = xterm
Perl special variables (and OS-specific diagnostics, for MSWin32):
$^X = /export/home/cpant4/perl5/bin/perl5.15.6
$UID/$EUID = 104 / 104
$GID = 1 1
$EGID = 1 1
Perl module toolchain versions installed:
Module Have
------------------- --------
CPAN 1.9800
CPAN::Meta 2.113640
Cwd 3.38
ExtUtils::CBuilder 0.280205
ExtUtils::Command 1.17
ExtUtils::Install 1.57
ExtUtils::MakeMaker 6.63_02
ExtUtils::Manifest 1.60
ExtUtils::ParseXS 3.11
File::Spec 3.34
JSON 2.53
JSON::PP 2.27200
Module::Build 0.39_01
Module::Signature n/a
Parse::CPAN::Meta 1.4401
Test::Harness 3.23
Test::More 0.98
YAML 0.78
YAML::Syck 1.19
version 0.95
--
Summary of my perl5 (revision 5 version 15 subversion 6) configuration:
Platform:
osname=solaris, osvers=2.10, archname=i86pc-solaris-64int
uname='sunos vmrz0046 5.10 generic_141445-09 i86pc i386 i86pc solaris '
config_args='-Dcc=gcc -Dprefix=~/perl5 -Duse64bitint -Dusedevel -d'
hint=recommended, useposix=true, d_sigaction=define
useithreads=undef, usemultiplicity=undef
useperlio=define, d_sfio=undef, uselargefiles=define, usesocks=undef
use64bitint=define, use64bitall=undef, uselongdouble=undef
usemymalloc=n, bincompat5005=undef
Compiler:
cc='gcc', ccflags ='-DPTR_IS_LONG -fno-strict-aliasing -pipe -I/usr/local/include -D_LARGEFILE_SOURCE -D_FILE_OFFSET_BITS=64 -DPERL_USE_SAFE_PUTENV',
optimize='-O',
cppflags='-DPTR_IS_LONG -fno-strict-aliasing -pipe -I/usr/local/include'
ccversion='', gccversion='3.4.6', gccosandvers='solaris2.10'
intsize=4, longsize=4, ptrsize=4, doublesize=8, byteorder=12345678
d_longlong=define, longlongsize=8, d_longdbl=define, longdblsize=12
ivtype='long long', ivsize=8, nvtype='double', nvsize=8, Off_t='off_t', lseeksize=8
alignbytes=4, prototype=define
Linker and Libraries:
ld='gcc', ldflags =' -L/usr/local/lib '
libpth=/usr/local/lib /usr/lib /usr/ccs/lib
libs=-lsocket -lnsl -lgdbm -ldl -lm -lc
perllibs=-lsocket -lnsl -ldl -lm -lc
libc=/lib/libc.so, so=so, useshrplib=false, libperl=libperl.a
gnulibc_version=''
Dynamic Linking:
dlsrc=dl_dlopen.xs, dlext=so, d_dlsymun=undef, ccdlflags=' '
cccdlflags='-fPIC', lddlflags='-G -L/usr/local/lib'
Characteristics of this binary (from libperl):
Compile-time options: HAS_TIMES PERLIO_LAYERS PERL_DONT_CREATE_GVSV
PERL_MALLOC_WRAP PERL_PRESERVE_IVUV PERL_USE_DEVEL
PERL_USE_SAFE_PUTENV USE_64_BIT_INT USE_LARGE_FILES
USE_LOCALE USE_LOCALE_COLLATE USE_LOCALE_CTYPE
USE_LOCALE_NUMERIC USE_PERLIO USE_PERL_ATOF
Built under solaris
Compiled at Jan 2 2012 15:02:15
%ENV:
PERL5LIB=""
PERL5OPT=""
PERL5_CPANPLUS_IS_RUNNING="15323"
PERL5_CPAN_IS_RUNNING="15323"
PERL5_CPAN_IS_RUNNING_IN_RECURSION="18508,15323"
PERL_CR_SMOKER_CURRENT="SVG-Graph-0.03"
PERL_EXTUTILS_AUTOINSTALL="--defaultdeps"
PERL_MM_USE_DEFAULT="1"
@INC:
/export/home/cpant4/perl5/lib/site_perl/5.15.6/i86pc-solaris-64int
/export/home/cpant4/perl5/lib/site_perl/5.15.6
/export/home/cpant4/perl5/lib/5.15.6/i86pc-solaris-64int
/export/home/cpant4/perl5/lib/5.15.6
/export/home/cpant4/perl5/lib/site_perl
.