Time-Format v1.16 Perl 5 v5.41.14 x86_64-linux
- Status
- Fail
- From
- Carlos Guevara
- Dist
-
Time-Format v1.16
- Platform
- Perl 5 v5.41.14 x86_64-linux
- Date
- 2025-06-22 02:38:58
- ID
- 0cacde9c-4f12-11f0-b68b-aa4b14ea154d
This distribution has been tested as part of the CPAN Testers
project, supporting the Perl programming language. See
http://wiki.cpantesters.org/ for more information or email
questions to cpan-testers-discuss@perl.org
--
Dear Eric J. Roode,
This is a computer-generated report for Time-Format-1.16
on perl 5.41.14, created by CPAN-Reporter-1.2020.
Thank you for uploading your work to CPAN. However, there was a problem
testing your distribution.
If you think this report is invalid, please consult the CPAN Testers Wiki
for suggestions on how to avoid getting FAIL reports for missing library
or binary dependencies, unsupported operating systems, and so on:
http://wiki.cpantesters.org/wiki/CPANAuthorNotes
Sections of this report:
* Tester comments
* Program output
* Prerequisites
* Environment and other context
------------------------------
TESTER COMMENTS
------------------------------
Additional comments from tester:
this report is from an automated smoke testing program
and was not reviewed by a human for accuracy
------------------------------
PROGRAM OUTPUT
------------------------------
Output from './Build test':
t/0-signature.t .. ok
t/1-load.t ....... ok
t/DateManip.t .... ok
t/DateTime.t ..... ok
t/die.t .......... ok
t/doc.t .......... ok
t/epoch.t ........ ok
t/export1.t ...... ok
t/export2.t ...... ok
t/export3.t ...... ok
t/funcs.t ........ ok
# Failed test 'Mois français'
# at t/locale.t line 68.
# got: 'june'
# expected: 'juin'
# Failed test 'Jour de la semaine français'
# at t/locale.t line 69.
# got: 'thursday'
# expected: 'jeudi'
# Failed test 'Deutscher Monat'
# at t/locale.t line 76.
# got: 'june'
# expected: 'juni'
# Failed test 'Deutscher Wochentag'
# at t/locale.t line 77.
# got: 'thursday'
# expected: 'donnerstag'
# Failed test 'Mes español'
# at t/locale.t line 84.
# got: 'june'
# expected: 'junio'
# Failed test 'DÃa español de la semana'
# at t/locale.t line 85.
# got: 'thursday'
# expected: 'jueves'
# Looks like you failed 6 tests of 9.
t/locale.t .......
Dubious, test returned 6 (wstat 1536, 0x600)
Failed 6/9 subtests
t/manip.t ........ ok
t/msec.t ......... ok
t/past.t ......... ok
t/quot.t ......... ok
t/strftime.t ..... ok
t/string.t ....... ok
t/time.t ......... ok
t/verysmall.t .... ok
t/xs_DateTime.t .. ok
t/xs_doc.t ....... ok
t/xs_funcs.t ..... ok
t/xs_locale.t .... ok
t/xs_quot.t ...... ok
t/xs_time.t ...... ok
Test Summary Report
-------------------
t/locale.t (Wstat: 1536 (exited 6) Tests: 9 Failed: 6)
Failed tests: 4-9
Non-zero exit status: 6
Files=26, Tests=533, 6 wallclock secs ( 0.08 usr 0.03 sys + 2.09 cusr 0.61 csys = 2.81 CPU)
Result: FAIL
Failed 1/26 test programs. 6/533 subtests failed.
------------------------------
PREREQUISITES
------------------------------
Prerequisite modules loaded:
requires:
Module Need Have
----------------- ------ --------
perl v5.6.1 5.041014
Time::Local 1.07 1.35
build_requires:
Module Need Have
----------------- ------ --------
FindBin 0 1.54
Symbol 0 1.09
Test::Simple 0.40 1.302214
configure_requires:
Module Need Have
----------------- ------ --------
Module::Build 0.4 0.4234
opt_requires:
Module Need Have
----------------- ------ --------
Date::Manip 0 6.98
DateTime 0 1.66
I18N::Langinfo 0 0.24
Module::Signature 0 0.90
POSIX 0 2.23
Socket 0 2.038
Time::HiRes 0 1.9778
------------------------------
ENVIRONMENT AND OTHER CONTEXT
------------------------------
Environment variables:
AUTOMATED_TESTING = 1
DATE_MANIP_TEST_DM5 = 1
LANG = en_US.UTF-8
LC_ALL = C
LC_COLLATE = C
NONINTERACTIVE_TESTING = 1
NO_NETWORK_TESTING = 1
PATH = /home/cpan/bin/perl/bin:/home/cpan/bin:/home/cpan/bin:/usr/local/sbin:/usr/local/bin:/usr/bin:/usr/sbin:/sbin:/bin
PERL5LIB =
PERL5OPT =
PERL5_CPANPLUS_IS_RUNNING = 18942
PERL5_CPAN_IS_RUNNING = 18942
PERL_MM_USE_DEFAULT = 1
PERL_USE_UNSAFE_INC = 1
SHELL = /bin/bash
TERM = screen
TMPDIR = /home/cpan/tmp
Perl special variables (and OS-specific diagnostics, for MSWin32):
$^X = /home/cpan/bin/perl/bin/perl5.41.14
$UID/$EUID = 1001 / 1001
$GID = 1001 1001
$EGID = 1001 1001
Perl module toolchain versions installed:
Module Have
------------------- --------
CPAN 2.38
CPAN::Meta 2.150010
Cwd 3.94
ExtUtils::CBuilder 0.280241
ExtUtils::Command 7.76
ExtUtils::Install 2.22
ExtUtils::MakeMaker 7.76
ExtUtils::Manifest 1.75
ExtUtils::ParseXS 3.57
File::Spec 3.94
JSON 4.10
JSON::PP 4.16
Module::Build 0.4234
Module::Signature 0.90
Parse::CPAN::Meta 2.150010
Test2 1.302214
Test::Harness 3.52
Test::More 1.302214
YAML 1.31
YAML::Syck 1.34
version 0.9933
--
Summary of my perl5 (revision 5 version 41 subversion 14) configuration:
Commit id: 8cd9e2a10075e1d309571ac09a3588fe6519027c
Platform:
osname=linux
osvers=6.12.34_1
archname=x86_64-linux
uname='linux cjg-void 6.12.34_1 #1 smp preempt_dynamic sat jun 21 02:19:00 utc 2025 x86_64 gnulinux '
config_args='-des -Dprefix=/home/cpan/bin/perl -Dscriptdir=/home/cpan/bin/perl/bin -Dusedevel -Duse64bitall'
hint=recommended
useposix=true
d_sigaction=define
useithreads=undef
usemultiplicity=undef
use64bitint=define
use64bitall=define
uselongdouble=undef
usemymalloc=n
default_inc_excludes_dot=define
Compiler:
cc='cc'
ccflags ='-D_GNU_SOURCE -fwrapv -fno-strict-aliasing -pipe -fstack-protector-strong -I/usr/local/include -D_LARGEFILE_SOURCE -D_FILE_OFFSET_BITS=64 -D_FORTIFY_SOURCE=2'
optimize='-O2'
cppflags='-D_GNU_SOURCE -fwrapv -fno-strict-aliasing -pipe -fstack-protector-strong -I/usr/local/include'
ccversion=''
gccversion='14.2.1 20250405'
gccosandvers=''
intsize=4
longsize=8
ptrsize=8
doublesize=8
byteorder=12345678
doublekind=3
d_longlong=define
longlongsize=8
d_longdbl=define
longdblsize=16
longdblkind=3
ivtype='long'
ivsize=8
nvtype='double'
nvsize=8
Off_t='off_t'
lseeksize=8
alignbytes=8
prototype=define
Linker and Libraries:
ld='cc'
ldflags =' -fstack-protector-strong -L/usr/local/lib'
libpth=/usr/local/lib /usr/lib
libs=-lpthread -ldb -ldl -lm -lcrypt -lutil -lc
perllibs=-lpthread -ldl -lm -lcrypt -lutil -lc
libc=/lib/../lib64/libc.so
so=so
useshrplib=false
libperl=libperl.a
gnulibc_version=''
Dynamic Linking:
dlsrc=dl_dlopen.xs
dlext=so
d_dlsymun=undef
ccdlflags='-Wl,-E'
cccdlflags='-fPIC'
lddlflags='-shared -O2 -L/usr/local/lib -fstack-protector-strong'
Characteristics of this binary (from libperl):
Compile-time options:
HAS_LONG_DOUBLE
HAS_STRTOLD
HAS_TIMES
PERLIO_LAYERS
PERL_COPY_ON_WRITE
PERL_DONT_CREATE_GVSV
PERL_HASH_FUNC_SIPHASH13
PERL_HASH_USE_SBOX32
PERL_MALLOC_WRAP
PERL_OP_PARENT
PERL_PRESERVE_IVUV
PERL_USE_DEVEL
PERL_USE_SAFE_PUTENV
USE_64_BIT_ALL
USE_64_BIT_INT
USE_LARGE_FILES
USE_LOCALE
USE_LOCALE_COLLATE
USE_LOCALE_CTYPE
USE_LOCALE_NUMERIC
USE_LOCALE_TIME
USE_PERLIO
USE_PERL_ATOF
Built under linux
Compiled at Jun 21 2025 18:09:55
%ENV:
PERL5LIB=""
PERL5OPT=""
PERL5_CPANPLUS_IS_RUNNING="18942"
PERL5_CPAN_IS_RUNNING="18942"
PERL_MM_USE_DEFAULT="1"
PERL_USE_UNSAFE_INC="1"
@INC:
/home/cpan/bin/perl/lib/site_perl/5.41.14/x86_64-linux
/home/cpan/bin/perl/lib/site_perl/5.41.14
/home/cpan/bin/perl/lib/5.41.14/x86_64-linux
/home/cpan/bin/perl/lib/5.41.14
.