WebService-NotifyMyAndroid v0.0.6 Perl 5 v5.27.5 x86_64-linux-thread-multi-ld

Status
Fail
From
Andreas J. König (ANDK)
Dist
WebService-NotifyMyAndroid v0.0.6
Platform
Perl 5 v5.27.5 x86_64-linux-thread-multi-ld
Date
2017-12-05 02:21:49
ID
0cbd183e-d963-11e7-9a17-a804b5d65ef4
This distribution has been tested as part of the CPAN Testers
project, supporting the Perl programming language.  See
http://wiki.cpantesters.org/ for more information or email
questions to cpan-testers-discuss@perl.org


--
Dear Chisel,

This is a computer-generated report for WebService-NotifyMyAndroid-0.0.6
on perl 5.27.5, created by CPAN-Reporter-1.2018.

Thank you for uploading your work to CPAN.  However, there was a problem
testing your distribution.

If you think this report is invalid, please consult the CPAN Testers Wiki
for suggestions on how to avoid getting FAIL reports for missing library
or binary dependencies, unsupported operating systems, and so on:

http://wiki.cpantesters.org/wiki/CPANAuthorNotes

Sections of this report:

    * Tester comments
    * Program output
    * Prerequisites
    * Environment and other context

------------------------------
TESTER COMMENTS
------------------------------

Additional comments from tester:

this report is from an automated smoke testing program
and was not reviewed by a human for accuracy

------------------------------
PROGRAM OUTPUT
------------------------------

Output from '/usr/bin/make test':

PERL_DL_NONLAZY=1 "/home/sand/src/perl/repoperls/installed-perls/host/k93msid/v5.27.5/5ea4/bin/perl" "-MExtUtils::Command::MM" "-MTest::Harness" "-e" "undef *Test::Harness::Switches; test_harness(0, 'blib/lib', 'blib/arch')" t/*.t
t/00-load.t ............... ok
# Testing WebService::NotifyMyAndroid 0.0.6
t/00.load.t ............... ok
request to https://www.notifymyandroid.com/publicapi/verify?apikey=67f9b6dbd5cc00f245ff677e288f4e3aecc97f49cbf3b2a3 failed at t/01.verify.t line 14.
# Looks like your test exited with 255 just after 1.
t/01.verify.t ............. 
Dubious, test returned 255 (wstat 65280, 0xff00)
Failed 2/3 subtests 
t/02.notify.t ............. ok

#   Failed test 'Test::Perl::Critic for "blib/lib/WebService/NotifyMyAndroid.pm"'
#   at /home/sand/src/perl/repoperls/installed-perls/host/k93msid/v5.27.5/5ea4/lib/site_perl/5.27.5/Test/Perl/Critic.pm line 104.
# 
# Perl::Critic had errors in "blib/lib/WebService/NotifyMyAndroid.pm":
# 	Exception::Fatal::PolicyDefinition: A bug in a policy was found.
# 
# Unable to create policy "Perl::Critic::Policy::ProhibitSmartmatch": Can't locate object method "new" via package "Perl::Critic::Policy::ProhibitSmartmatch" at /home/sand/src/perl/repoperls/installed-perls/host/k93msid/v5.27.5/5ea4/lib/site_perl/5.27.5/Perl/Critic/PolicyFactory.pm line 253.
# 
# 
# Tue Dec  5 02:21:29 2017
# 
# Trace begun at /home/sand/src/perl/repoperls/installed-perls/host/k93msid/v5.27.5/5ea4/lib/site_perl/5.27.5/Perl/Critic/PolicyFactory.pm line 282
# Perl::Critic::PolicyFactory::_handle_policy_instantiation_exception('Perl::Critic::Policy::ProhibitSmartmatch', undef, 'Can\'t locate object method "new" via package "Perl::Critic::Policy::ProhibitSmartmatch" at /home/sand/src/perl/repoperls/installed-perls/host/k93msid/v5.27.5/5ea4/lib/site_perl/5.27.5/Perl/Critic/PolicyFactory.pm line 253.^J') called at /home/sand/src/perl/repoperls/installed-perls/host/k93msid/v5.27.5/5ea4/lib/site_perl/5.27.5/Perl/Critic/PolicyFactory.pm line 254
# Perl::Critic::PolicyFactory::_instantiate_policy('Perl::Critic::PolicyFactory=HASH(0x562142a3cdb0)', 'Perl::Critic::Policy::ProhibitSmartmatch', 'Perl::Critic::PolicyConfig=HASH(0x562142af64b0)') called at /home/sand/src/perl/repoperls/installed-perls/host/k93msid/v5.27.5/5ea4/lib/site_perl/5.27.5/Perl/Critic/PolicyFactory.pm line 197
# Perl::Critic::PolicyFactory::create_policy('Perl::Critic::PolicyFactory=HASH(0x562142a3cdb0)', '-name', 'Perl::Critic::Policy::ProhibitSmartmatch') called at /home/sand/src/perl/repoperls/installed-perls/host/k93msid/v5.27.5/5ea4/lib/site_perl/5.27.5/Perl/Critic/PolicyFactory.pm line 213
# eval {...} at /home/sand/src/perl/repoperls/installed-perls/host/k93msid/v5.27.5/5ea4/lib/site_perl/5.27.5/Perl/Critic/PolicyFactory.pm line 213
# Perl::Critic::PolicyFactory::create_all_policies('Perl::Critic::PolicyFactory=HASH(0x562142a3cdb0)', 'Perl::Critic::Exception::AggregateConfiguration=HASH(0x562142a0ca98)') called at /home/sand/src/perl/repoperls/installed-perls/host/k93msid/v5.27.5/5ea4/lib/site_perl/5.27.5/Perl/Critic/Config.pm line 212
# Perl::Critic::Config::_load_policies('Perl::Critic::Config=HASH(0x562142a0c990)', 'Perl::Critic::Exception::AggregateConfiguration=HASH(0x562142a0ca98)') called at /home/sand/src/perl/repoperls/installed-perls/host/k93msid/v5.27.5/5ea4/lib/site_perl/5.27.5/Perl/Critic/Config.pm line 143
# Perl::Critic::Config::_init('Perl::Critic::Config=HASH(0x562142a0c990)', '-profile', 't/perlcriticrc') called at /home/sand/src/perl/repoperls/installed-perls/host/k93msid/v5.27.5/5ea4/lib/site_perl/5.27.5/Perl/Critic/Config.pm line 45
# Perl::Critic::Config::new('Perl::Critic::Config', '-profile', 't/perlcriticrc') called at /home/sand/src/perl/repoperls/installed-perls/host/k93msid/v5.27.5/5ea4/lib/site_perl/5.27.5/Perl/Critic.pm line 35
# Perl::Critic::new('Perl::Critic', '-profile', 't/perlcriticrc') called at /home/sand/src/perl/repoperls/installed-perls/host/k93msid/v5.27.5/5ea4/lib/site_perl/5.27.5/Test/Perl/Critic.pm line 64
# eval {...} at /home/sand/src/perl/repoperls/installed-perls/host/k93msid/v5.27.5/5ea4/lib/site_perl/5.27.5/Test/Perl/Critic.pm line 63
# Test::Perl::Critic::critic_ok('blib/lib/WebService/NotifyMyAndroid.pm') called at /home/sand/src/perl/repoperls/installed-perls/host/k93msid/v5.27.5/5ea4/lib/site_perl/5.27.5/Test/Perl/Critic.pm line 104
# Test::Perl::Critic::__ANON__ at /home/sand/src/perl/repoperls/installed-perls/host/k93msid/v5.27.5/5ea4/lib/site_perl/5.27.5/MCE/Grep.pm line 334
# MCE::Grep::__ANON__('MCE=HASH(0x56213f7c72e8)', 'ARRAY(0x562142a0c8d0)', 1) called at /home/sand/src/perl/repoperls/installed-perls/host/k93msid/v5.27.5/5ea4/lib/site_perl/5.27.5/MCE/Core/Worker.pm line 350
# MCE::_do_user_func('MCE=HASH(0x56213f7c72e8)', 'ARRAY(0x562142a0c8d0)', 1) called at /home/sand/src/perl/repoperls/installed-perls/host/k93msid/v5.27.5/5ea4/lib/site_perl/5.27.5/MCE/Core/Input/Request.pm line 141
# MCE::_worker_request_chunk at /home/sand/src/perl/repoperls/installed-perls/host/k93msid/v5.27.5/5ea4/lib/site_perl/5.27.5/MCE/Core/Worker.pm line 447
# MCE::_worker_do at /home/sand/src/perl/repoperls/installed-perls/host/k93msid/v5.27.5/5ea4/lib/site_perl/5.27.5/MCE/Core/Worker.pm line 596
# MCE::_worker_loop at /home/sand/src/perl/repoperls/installed-perls/host/k93msid/v5.27.5/5ea4/lib/site_perl/5.27.5/MCE/Core/Worker.pm line 718
# MCE::_worker_main at /home/sand/src/perl/repoperls/installed-perls/host/k93msid/v5.27.5/5ea4/lib/site_perl/5.27.5/MCE.pm line 1959
# MCE::_dispatch at /home/sand/src/perl/repoperls/installed-perls/host/k93msid/v5.27.5/5ea4/lib/site_perl/5.27.5/MCE.pm line 2004
# MCE::_dispatch_child at /home/sand/src/perl/repoperls/installed-perls/host/k93msid/v5.27.5/5ea4/lib/site_perl/5.27.5/MCE.pm line 625
# MCE::spawn('MCE=HASH(0x56213f7c72e8)') called at /home/sand/src/perl/repoperls/installed-perls/host/k93msid/v5.27.5/5ea4/lib/site_perl/5.27.5/MCE.pm line 940
# MCE::run at /home/sand/src/perl/repoperls/installed-perls/host/k93msid/v5.27.5/5ea4/lib/site_perl/5.27.5/MCE.pm line 740
# MCE::process at /home/sand/src/perl/repoperls/installed-perls/host/k93msid/v5.27.5/5ea4/lib/site_perl/5.27.5/MCE/Grep.pm line 382
# MCE::Grep::run(undef, 'blib/lib/WebService/NotifyMyAndroid.pm') called at /home/sand/src/perl/repoperls/installed-perls/host/k93msid/v5.27.5/5ea4/lib/site_perl/5.27.5/Test/Perl/Critic.pm line 104
# Test::Perl::Critic::all_critic_ok at t/perlcritic.t line 15
t/perlcritic.t ............ 
Dubious, test returned 1 (wstat 256, 0x100)
Failed 1/1 subtests 
t/pod-coverage.t .......... ok
t/pod.t ................... ok
t/release-no-tabs.t ....... skipped: these tests are for release candidate testing
t/release-pod-coverage.t .. skipped: these tests are for release candidate testing
t/release-pod-syntax.t .... skipped: these tests are for release candidate testing

Test Summary Report
-------------------
t/01.verify.t           (Wstat: 65280 Tests: 1 Failed: 0)
  Non-zero exit status: 255
  Parse errors: Bad plan.  You planned 3 tests but ran 1.
t/perlcritic.t          (Wstat: 256 Tests: 1 Failed: 1)
  Failed test:  1
  Non-zero exit status: 1
Files=10, Tests=7, 20 wallclock secs ( 0.05 usr  0.06 sys +  2.09 cusr  0.75 csys =  2.95 CPU)
Result: FAIL
Failed 2/10 test programs. 1/7 subtests failed.
Makefile:870: recipe for target 'test_dynamic' failed
make: *** [test_dynamic] Error 255

------------------------------
PREREQUISITES
------------------------------

Prerequisite modules loaded:

requires:

    Module               Need Have      
    -------------------- ---- ----------
    base                 0    2.26      
    Carp                 0    1.43      
    Data::Printer        0    0.40      
    FindBin::libs        0    2.12      
    LWP::Protocol::https 0    6.07      
    Params::Validate     0    1.29      
    Readonly             0    2.05      
    Regexp::Common       0    2017060201
    strictures           1    2.000003  
    WebService::Simple   0    0.25      

build_requires:

    Module               Need Have      
    -------------------- ---- ----------
    Data::Dumper         0    2.167_02  
    strict               0    1.11      
    Test::More           0    1.302120  
    Test::UseAllModules  0    0.17      
    warnings             0    1.37      

configure_requires:

    Module               Need Have      
    -------------------- ---- ----------
    ExtUtils::MakeMaker  6.30 7.31_05   


------------------------------
ENVIRONMENT AND OTHER CONTEXT
------------------------------

Environment variables:

    AUTOMATED_TESTING = 1
    LANG = en_US.UTF-8
    PATH = /home/sand/bin:/usr/local/bin:/usr/bin:/bin:/usr/games:/usr/local/perl/bin:/usr/X11/bin:/sbin:/usr/sbin
    PERL5LIB = /tmp/loop_over_bdir-1285-GBJoqJ/WebService-Simple-0.25-0/blib/arch:/tmp/loop_over_bdir-1285-GBJoqJ/WebService-Simple-0.25-0/blib/lib:/tmp/loop_over_bdir-1285-GBJoqJ/Class-Data-ConfigHash-0.00002-0/blib/arch:/tmp/loop_over_bdir-1285-GBJoqJ/Class-Data-ConfigHash-0.00002-0/blib/lib:/tmp/loop_over_bdir-1285-GBJoqJ/FindBin-libs-2.15-0/blib/arch:/tmp/loop_over_bdir-1285-GBJoqJ/FindBin-libs-2.15-0/blib/lib
    PERL5OPT = 
    PERL5_CPANPLUS_IS_RUNNING = 1290
    PERL5_CPAN_IS_RUNNING = 1290
    PERL5_CPAN_IS_RUNNING_IN_RECURSION = 8141,1290
    PERL_CANARY_STABILITY_NOPROMPT = 1
    PERL_MM_USE_DEFAULT = 1
    PERL_USE_UNSAFE_INC = 1
    SHELL = /usr/bin/zsh
    TERM = screen

Perl special variables (and OS-specific diagnostics, for MSWin32):

    $^X = /home/sand/src/perl/repoperls/installed-perls/host/k93msid/v5.27.5/5ea4/bin/perl
    $UID/$EUID = 1005 / 1005
    $GID = 1005 1005
    $EGID = 1005 1005

Perl module toolchain versions installed:

    Module              Have    
    ------------------- --------
    CPAN                2.20    
    CPAN::Meta          2.150010
    Cwd                 3.68    
    ExtUtils::CBuilder  0.280228
    ExtUtils::Command   7.31_05 
    ExtUtils::Install   2.14    
    ExtUtils::MakeMaker 7.31_05 
    ExtUtils::Manifest  1.70    
    ExtUtils::ParseXS   3.35    
    File::Spec          3.68    
    JSON                2.95    
    JSON::PP            2.97000 
    Module::Build       0.4224  
    Module::Signature   0.81    
    Parse::CPAN::Meta   2.150010
    Test::Harness       3.39    
    Test::More          1.302120
    YAML                1.23    
    YAML::Syck          1.30    
    version             0.9918  


--

Summary of my perl5 (revision 5 version 27 subversion 5) configuration:
  Commit id: 3c675937046386c0f536bcf1409bcbb3af65588c
  Platform:
    osname=linux
    osvers=4.12.0-2-amd64
    archname=x86_64-linux-thread-multi-ld
    uname='linux k93msid 4.12.0-2-amd64 #1 smp debian 4.12.13-1 (2017-09-19) x86_64 gnulinux '
    config_args='-Dprefix=/home/sand/src/perl/repoperls/installed-perls/host/k93msid/v5.27.5/5ea4 -Dmyhostname=k93msid -Dinstallusrbinperl=n -Uversiononly -Dusedevel -des -Ui_db -Dlibswanted=cl pthread socket inet nsl gdbm dbm malloc dl ld sun m crypt sec util c cposix posix ucb BSD gdbm_compat -Duseithreads -Duselongdouble -DDEBUGGING=-g'
    hint=recommended
    useposix=true
    d_sigaction=define
    useithreads=define
    usemultiplicity=define
    use64bitint=define
    use64bitall=define
    uselongdouble=define
    usemymalloc=n
    default_inc_excludes_dot=define
    bincompat5005=undef
  Compiler:
    cc='cc'
    ccflags ='-D_REENTRANT -D_GNU_SOURCE -fwrapv -fno-strict-aliasing -pipe -fstack-protector-strong -I/usr/local/include -D_LARGEFILE_SOURCE -D_FILE_OFFSET_BITS=64 -D_FORTIFY_SOURCE=2'
    optimize='-O2 -g'
    cppflags='-D_REENTRANT -D_GNU_SOURCE -fwrapv -fno-strict-aliasing -pipe -fstack-protector-strong -I/usr/local/include'
    ccversion=''
    gccversion='7.2.0'
    gccosandvers=''
    intsize=4
    longsize=8
    ptrsize=8
    doublesize=8
    byteorder=12345678
    doublekind=3
    d_longlong=define
    longlongsize=8
    d_longdbl=define
    longdblsize=16
    longdblkind=3
    ivtype='long'
    ivsize=8
    nvtype='long double'
    nvsize=16
    Off_t='off_t'
    lseeksize=8
    alignbytes=16
    prototype=define
  Linker and Libraries:
    ld='cc'
    ldflags =' -fstack-protector-strong -L/usr/local/lib'
    libpth=/usr/local/lib /usr/lib/gcc/x86_64-linux-gnu/7/include-fixed /usr/include/x86_64-linux-gnu /usr/lib /lib/x86_64-linux-gnu /lib/../lib /usr/lib/x86_64-linux-gnu /usr/lib/../lib /lib
    libs=-lpthread -lnsl -ldl -lm -lcrypt -lutil -lc
    perllibs=-lpthread -lnsl -ldl -lm -lcrypt -lutil -lc
    libc=libc-2.24.so
    so=so
    useshrplib=false
    libperl=libperl.a
    gnulibc_version='2.24'
  Dynamic Linking:
    dlsrc=dl_dlopen.xs
    dlext=so
    d_dlsymun=undef
    ccdlflags='-Wl,-E'
    cccdlflags='-fPIC'
    lddlflags='-shared -O2 -g -L/usr/local/lib -fstack-protector-strong'


Characteristics of this binary (from libperl): 
  Compile-time options:
    HAS_TIMES
    MULTIPLICITY
    PERLIO_LAYERS
    PERL_COPY_ON_WRITE
    PERL_DONT_CREATE_GVSV
    PERL_IMPLICIT_CONTEXT
    PERL_MALLOC_WRAP
    PERL_OP_PARENT
    PERL_PRESERVE_IVUV
    PERL_USE_DEVEL
    USE_64_BIT_ALL
    USE_64_BIT_INT
    USE_ITHREADS
    USE_LARGE_FILES
    USE_LOCALE
    USE_LOCALE_COLLATE
    USE_LOCALE_CTYPE
    USE_LOCALE_NUMERIC
    USE_LOCALE_TIME
    USE_LONG_DOUBLE
    USE_PERLIO
    USE_PERL_ATOF
    USE_REENTRANT_API
  Built under linux
  Compiled at Oct 21 2017 04:10:25
  %ENV:
    PERL5LIB="/tmp/loop_over_bdir-1285-GBJoqJ/WebService-Simple-0.25-0/blib/arch:/tmp/loop_over_bdir-1285-GBJoqJ/WebService-Simple-0.25-0/blib/lib:/tmp/loop_over_bdir-1285-GBJoqJ/Class-Data-ConfigHash-0.00002-0/blib/arch:/tmp/loop_over_bdir-1285-GBJoqJ/Class-Data-ConfigHash-0.00002-0/blib/lib:/tmp/loop_over_bdir-1285-GBJoqJ/FindBin-libs-2.15-0/blib/arch:/tmp/loop_over_bdir-1285-GBJoqJ/FindBin-libs-2.15-0/blib/lib"
    PERL5OPT=""
    PERL5_CPANPLUS_IS_RUNNING="1290"
    PERL5_CPAN_IS_RUNNING="1290"
    PERL5_CPAN_IS_RUNNING_IN_RECURSION="8141,1290"
    PERL_CANARY_STABILITY_NOPROMPT="1"
    PERL_MM_USE_DEFAULT="1"
    PERL_USE_UNSAFE_INC="1"
  @INC:
    /tmp/loop_over_bdir-1285-GBJoqJ/WebService-Simple-0.25-0/blib/arch
    /tmp/loop_over_bdir-1285-GBJoqJ/WebService-Simple-0.25-0/blib/lib
    /tmp/loop_over_bdir-1285-GBJoqJ/Class-Data-ConfigHash-0.00002-0/blib/arch
    /tmp/loop_over_bdir-1285-GBJoqJ/Class-Data-ConfigHash-0.00002-0/blib/lib
    /tmp/loop_over_bdir-1285-GBJoqJ/FindBin-libs-2.15-0/blib/arch
    /tmp/loop_over_bdir-1285-GBJoqJ/FindBin-libs-2.15-0/blib/lib
    /home/sand/src/perl/repoperls/installed-perls/host/k93msid/v5.27.5/5ea4/lib/site_perl/5.27.5/x86_64-linux-thread-multi-ld
    /home/sand/src/perl/repoperls/installed-perls/host/k93msid/v5.27.5/5ea4/lib/site_perl/5.27.5
    /home/sand/src/perl/repoperls/installed-perls/host/k93msid/v5.27.5/5ea4/lib/5.27.5/x86_64-linux-thread-multi-ld
    /home/sand/src/perl/repoperls/installed-perls/host/k93msid/v5.27.5/5ea4/lib/5.27.5
    .