Github-Score v0.2.0 Perl 5 v5.28.0 amd64-freebsd
- Status
- Fail
- From
- Slaven Rezić (SREZIC)
- Dist
-
Github-Score v0.2.0
- Platform
- Perl 5 v5.28.0 amd64-freebsd
- Date
- 2018-10-03 13:05:49
- ID
- 0cea54e6-c70d-11e8-8cec-f59666bf3b8c
This distribution has been tested as part of the CPAN Testers
project, supporting the Perl programming language. See
http://wiki.cpantesters.org/ for more information or email
questions to cpan-testers-discuss@perl.org
--
Dear canardee-io,
This is a computer-generated report for Github-Score-0.2.0
on perl 5.28.0, created by CPAN-Reporter-1.2018.
Thank you for uploading your work to CPAN. However, there was a problem
testing your distribution.
If you think this report is invalid, please consult the CPAN Testers Wiki
for suggestions on how to avoid getting FAIL reports for missing library
or binary dependencies, unsupported operating systems, and so on:
http://wiki.cpantesters.org/wiki/CPANAuthorNotes
Sections of this report:
* Tester comments
* Program output
* Prerequisites
* Environment and other context
------------------------------
TESTER COMMENTS
------------------------------
Additional comments from tester:
none provided
------------------------------
PROGRAM OUTPUT
------------------------------
Output from '/usr/bin/make test':
PERL_DL_NONLAZY=1 "/usr/perl5.28.0p/bin/perl" "-MExtUtils::Command::MM" "-MTest::Harness" "-e" "undef *Test::Harness::Switches; test_harness(0, 'blib/lib', 'blib/arch')" t/*.t
# Failed test 'Found at least one of stevan|doy|arcanez|jasonmay'
# at t/api-v2.t line 9.
# '0'
# >
# '0'
# Failed test 'Found scores'
# at t/api-v2.t line 34.
# '0'
# >
# '0'
Smartmatch is experimental at (eval in cmp_ok) t/api-v2.t line 35.
Smartmatch is experimental at (eval in cmp_ok) t/api-v2.t line 35.
# Looks like you failed 2 tests of 21.
t/api-v2.t ................
Dubious, test returned 2 (wstat 512, 0x200)
Failed 2/21 subtests
(less 2 skipped subtests: 17 okay)
t/release-pod-coverage.t .. skipped: these tests are for release candidate testing
t/release-pod-syntax.t .... skipped: these tests are for release candidate testing
Test Summary Report
-------------------
t/api-v2.t (Wstat: 512 Tests: 21 Failed: 2)
Failed tests: 3, 12
Non-zero exit status: 2
Files=3, Tests=21, 5 wallclock secs ( 0.02 usr 0.02 sys + 0.59 cusr 0.26 csys = 0.88 CPU)
Result: FAIL
Failed 1/3 test programs. 2/21 subtests failed.
*** Error code 255
Stop.
make: stopped in /usr/home/cpansand/.cpan/build/2018100320/Github-Score-0.2.0-0
------------------------------
PREREQUISITES
------------------------------
Prerequisite modules loaded:
requires:
Module Need Have
------------------- ---- --------
Data::Dumper 0 2.170
HTTP::Request 0 6.18
JSON 0 2.97001
LWP 0 6.35
Moose 0 2.2011
strict 0 1.11
URI 0 1.74
warnings 0 1.42
build_requires:
Module Need Have
------------------- ---- --------
Test::More 0 1.302140
configure_requires:
Module Need Have
------------------- ---- --------
ExtUtils::MakeMaker 6.30 7.34
------------------------------
ENVIRONMENT AND OTHER CONTEXT
------------------------------
Environment variables:
PATH = /usr/local/bin:/usr/bin:/bin:/usr/local/sbin:/usr/sbin:/sbin:/home/cpansand/bin/freebsd11.1:/home/cpansand/bin/sh:/home/cpansand/bin:/usr/games:/home/cpansand/devel:/usr/home/eserte/src/srezic-misc/scripts
PERL5LIB = /home/cpansand/.cpan/build/2018100320/Github-Fork-Parent-1.0-0/blib/arch:/home/cpansand/.cpan/build/2018100320/Github-Fork-Parent-1.0-0/blib/lib:/home/cpansand/.cpan/build/2018100320/LWP-Online-1.08-0/blib/arch:/home/cpansand/.cpan/build/2018100320/LWP-Online-1.08-0/blib/lib
PERL5OPT =
PERL5_CPANPLUS_IS_RUNNING = 44214
PERL5_CPAN_IS_RUNNING = 44214
PERL5_CPAN_IS_RUNNING_IN_RECURSION = 4320,44214
PERLDOC = -MPod::Perldoc::ToTextOverstrike
PERL_BATCH = yes
PERL_CANARY_STABILITY_NOPROMPT = 1
PERL_CPAN_REPORTER_CONFIG = /var/tmp/cpansmoker-1023/2018100320/cpanreporter_000_config.ini
PERL_EXTUTILS_AUTOINSTALL = --defaultdeps
PERL_USE_UNSAFE_INC = 1
SHELL = /usr/local/bin/zsh
TERM = screen
TMPDIR = /var/tmp/cpansmoker-1023/2018100320
Perl special variables (and OS-specific diagnostics, for MSWin32):
$^X = /usr/perl5.28.0p/bin/perl
$UID/$EUID = 1023 / 1023
$GID = 1023 1023
$EGID = 1023 1023
Perl module toolchain versions installed:
Module Have
------------------- --------
CPAN 2.20
CPAN::Meta 2.150010
Cwd 3.74
ExtUtils::CBuilder 0.280230
ExtUtils::Command 7.34
ExtUtils::Install 2.14
ExtUtils::MakeMaker 7.34
ExtUtils::Manifest 1.70
ExtUtils::ParseXS 3.39
File::Spec 3.74
JSON 2.97001
JSON::PP 2.97001
Module::Build 0.4224
Module::Signature 0.83
Parse::CPAN::Meta 2.150010
Test::Harness 3.42
Test::More 1.302140
YAML 1.26
YAML::Syck 1.30
version 0.9923
--
Summary of my perl5 (revision 5 version 28 subversion 0) configuration:
Platform:
osname=freebsd
osvers=12.0-alpha8
archname=amd64-freebsd
uname='freebsd ali1.bbbike.org 12.0-alpha8 freebsd 12.0-alpha8 b90df935207(master) generic amd64 '
config_args='-ds -e -Dprefix=/usr/perl5.28.0p -Dcf_email=srezic@cpan.org -Doptimize=-O2 -pipe'
hint=recommended
useposix=true
d_sigaction=define
useithreads=undef
usemultiplicity=undef
use64bitint=define
use64bitall=define
uselongdouble=undef
usemymalloc=n
default_inc_excludes_dot=define
bincompat5005=undef
Compiler:
cc='cc'
ccflags ='-DHAS_FPSETMASK -DHAS_FLOATINGPOINT_H -fno-strict-aliasing -pipe -fstack-protector-strong -I/usr/local/include -D_FORTIFY_SOURCE=2'
optimize='-O2 -pipe'
cppflags='-DHAS_FPSETMASK -DHAS_FLOATINGPOINT_H -fno-strict-aliasing -pipe -fstack-protector-strong -I/usr/local/include'
ccversion=''
gccversion='4.2.1 Compatible FreeBSD Clang 6.0.1 (tags/RELEASE_601/final 335540)'
gccosandvers=''
intsize=4
longsize=8
ptrsize=8
doublesize=8
byteorder=12345678
doublekind=3
d_longlong=define
longlongsize=8
d_longdbl=define
longdblsize=16
longdblkind=3
ivtype='long'
ivsize=8
nvtype='double'
nvsize=8
Off_t='off_t'
lseeksize=8
alignbytes=8
prototype=define
Linker and Libraries:
ld='cc'
ldflags ='-pthread -Wl,-E -fstack-protector-strong -L/usr/local/lib'
libpth=/usr/lib /usr/local/lib /usr/lib/clang/6.0.1/lib /usr/lib
libs=-lpthread -ldl -lm -lcrypt -lutil -lc
perllibs=-lpthread -ldl -lm -lcrypt -lutil -lc
libc=
so=so
useshrplib=false
libperl=libperl.a
gnulibc_version=''
Dynamic Linking:
dlsrc=dl_dlopen.xs
dlext=so
d_dlsymun=undef
ccdlflags=' '
cccdlflags='-DPIC -fPIC'
lddlflags='-shared -L/usr/local/lib -fstack-protector-strong'
Characteristics of this binary (from libperl):
Compile-time options:
HAS_TIMES
PERLIO_LAYERS
PERL_COPY_ON_WRITE
PERL_DONT_CREATE_GVSV
PERL_MALLOC_WRAP
PERL_OP_PARENT
PERL_PRESERVE_IVUV
USE_64_BIT_ALL
USE_64_BIT_INT
USE_LARGE_FILES
USE_LOCALE
USE_LOCALE_COLLATE
USE_LOCALE_CTYPE
USE_LOCALE_NUMERIC
USE_LOCALE_TIME
USE_PERLIO
USE_PERL_ATOF
Built under freebsd
Compiled at Oct 3 2018 14:42:04
%ENV:
PERL5LIB="/home/cpansand/.cpan/build/2018100320/Github-Fork-Parent-1.0-0/blib/arch:/home/cpansand/.cpan/build/2018100320/Github-Fork-Parent-1.0-0/blib/lib:/home/cpansand/.cpan/build/2018100320/LWP-Online-1.08-0/blib/arch:/home/cpansand/.cpan/build/2018100320/LWP-Online-1.08-0/blib/lib"
PERL5OPT=""
PERL5_CPANPLUS_IS_RUNNING="44214"
PERL5_CPAN_IS_RUNNING="44214"
PERL5_CPAN_IS_RUNNING_IN_RECURSION="4320,44214"
PERLDOC="-MPod::Perldoc::ToTextOverstrike"
PERL_BATCH="yes"
PERL_CANARY_STABILITY_NOPROMPT="1"
PERL_CPAN_REPORTER_CONFIG="/var/tmp/cpansmoker-1023/2018100320/cpanreporter_000_config.ini"
PERL_EXTUTILS_AUTOINSTALL="--defaultdeps"
PERL_USE_UNSAFE_INC="1"
@INC:
/home/cpansand/.cpan/build/2018100320/Github-Fork-Parent-1.0-0/blib/arch
/home/cpansand/.cpan/build/2018100320/Github-Fork-Parent-1.0-0/blib/lib
/home/cpansand/.cpan/build/2018100320/LWP-Online-1.08-0/blib/arch
/home/cpansand/.cpan/build/2018100320/LWP-Online-1.08-0/blib/lib
/usr/perl5.28.0p/lib/site_perl/5.28.0/amd64-freebsd
/usr/perl5.28.0p/lib/site_perl/5.28.0
/usr/perl5.28.0p/lib/5.28.0/amd64-freebsd
/usr/perl5.28.0p/lib/5.28.0
.