Report for Net-IP-Identifier-0.106

Back
From: metabase:user:30f4dfbe-2aae-11df-837a-5e0a49663a4f
Subject: FAIL Net-IP-Identifier-0.106 v5.10.0 GNU/Linux
Date: 2015-05-26T09:17:37Z

This distribution has been tested as part of the CPAN Testers
project, supporting the Perl programming language.  See
http://wiki.cpantesters.org/ for more information or email
questions to cpan-testers-discuss@perl.org


--
Dear Reid Augustin,

This is a computer-generated report for Net-IP-Identifier-0.106
on perl 5.10.0, created by CPAN-Reporter-1.2014.

Thank you for uploading your work to CPAN.  However, there was a problem
testing your distribution.

If you think this report is invalid, please consult the CPAN Testers Wiki
for suggestions on how to avoid getting FAIL reports for missing library
or binary dependencies, unsupported operating systems, and so on:

http://wiki.cpantesters.org/wiki/CPANAuthorNotes

Sections of this report:

    * Tester comments
    * Program output
    * Prerequisites
    * Environment and other context

------------------------------
TESTER COMMENTS
------------------------------

Additional comments from tester:

this report is from an automated smoke testing program
and was not reviewed by a human for accuracy

------------------------------
PROGRAM OUTPUT
------------------------------

Output from '/usr/bin/make test':

PERL_DL_NONLAZY=1 "/home/njh/perl5/perlbrew/perls/perl-5.10.0/bin/perl" "-MExtUtils::Command::MM" "-MTest::Harness" "-e" "undef *Test::Harness::Switches; test_harness(0, 'blib/lib', 'blib/arch')" t/*.t
t/010node.t ........ ok

#   Failed test 'use Net::IP::Identifier;'
#   at t/100base.t line 18.
#     Tried to use 'Net::IP::Identifier'.
#     Error:  Type of arg 1 to shift must be array (not concatenation (.) or string) at /home/njh/.cpan/build/Net-IP-Identifier-0.106-Y1M8Z5/blib/lib/Net/IP/Identifier.pm line 133, near "@ARGV;"
# Compilation failed in require at t/100base.t line 18.
# BEGIN failed--compilation aborted at t/100base.t line 18.
Undefined subroutine &Net::IP::Identifier::identify called at t/100base.t line 23.
# Looks like you planned 14 tests but ran 2.
# Looks like you failed 1 test of 2 run.
# Looks like your test exited with 255 just after 2.
t/100base.t ........ 
Dubious, test returned 255 (wstat 65280, 0xff00)
Failed 13/14 subtests 

#   Failed test 'use Net::IP::Identifier;'
#   at t/103overlap.t line 91.
#     Tried to use 'Net::IP::Identifier'.
#     Error:  Type of arg 1 to shift must be array (not concatenation (.) or string) at /home/njh/.cpan/build/Net-IP-Identifier-0.106-Y1M8Z5/blib/lib/Net/IP/Identifier.pm line 133, near "@ARGV;"
# Compilation failed in require at t/103overlap.t line 91.
# BEGIN failed--compilation aborted at t/103overlap.t line 91.
Can't resolve method "???" overloading """" in package "overload" at t/103overlap.t line 50.
Can't resolve method "???" overloading """" in package "overload" at t/103overlap.t line 50.
# Looks like you planned 13 tests but ran 2.
# Looks like you failed 1 test of 2 run.
# Looks like your test exited with 9 just after 2.
t/103overlap.t ..... 
Dubious, test returned 9 (wstat 2304, 0x900)
Failed 12/13 subtests 

#   Failed test 'use Net::IP::Identifier;'
#   at t/120range.t line 48.
#     Tried to use 'Net::IP::Identifier'.
#     Error:  Type of arg 1 to shift must be array (not concatenation (.) or string) at /home/njh/.cpan/build/Net-IP-Identifier-0.106-Y1M8Z5/blib/lib/Net/IP/Identifier.pm line 133, near "@ARGV;"
# Compilation failed in require at t/120range.t line 48.
# BEGIN failed--compilation aborted at t/120range.t line 48.
Can't resolve method "???" overloading """" in package "overload" at t/120range.t line 28.
Can't resolve method "???" overloading """" in package "overload" at t/120range.t line 28.
# Looks like you planned 25 tests but ran 2.
# Looks like you failed 1 test of 2 run.
# Looks like your test exited with 9 just after 2.
t/120range.t ....... 
Dubious, test returned 9 (wstat 2304, 0x900)
Failed 24/25 subtests 
t/author-critic.t .. skipped: these tests are for testing by the author

Test Summary Report
-------------------
t/100base.t      (Wstat: 65280 Tests: 2 Failed: 1)
  Failed test:  1
  Non-zero exit status: 255
  Parse errors: Bad plan.  You planned 14 tests but ran 2.
t/103overlap.t   (Wstat: 2304 Tests: 2 Failed: 1)
  Failed test:  1
  Non-zero exit status: 9
  Parse errors: Bad plan.  You planned 13 tests but ran 2.
t/120range.t     (Wstat: 2304 Tests: 2 Failed: 1)
  Failed test:  1
  Non-zero exit status: 9
  Parse errors: Bad plan.  You planned 25 tests but ran 2.
Files=5, Tests=22,  0 wallclock secs ( 0.03 usr  0.00 sys +  0.28 cusr  0.01 csys =  0.32 CPU)
Result: FAIL
Failed 3/5 test programs. 3/22 subtests failed.
Makefile:1114: recipe for target 'test_dynamic' failed
make: *** [test_dynamic] Error 255

------------------------------
PREREQUISITES
------------------------------

Prerequisite modules loaded:

requires:

    Module              Need Have      
    ------------------- ---- ----------
    Carp                0    1.32      
    DBI                 0    1.628     
    File::Spec          0    3.47      
    Getopt::Long        0    2.41      
    IPC::Run            0    0.92      
    Math::BigInt        0    1.997     
    Module::Pluggable   0    4.8       
    Moo                 0    1.003001  
    namespace::clean    0    0.24      
    Net::IP             0    1.26      
    overload            0    1.06      
    parent              0    0.228     
    Regexp::Common      0    2013031301
    Role::Tiny          0    1.003002  
    Role::Tiny::With    0    0         
    strict              0    1.04      
    Try::Tiny           0    0.18      
    warnings            0    1.06      

build_requires:

    Module              Need Have      
    ------------------- ---- ----------
    ExtUtils::MakeMaker 0    7.04      
    Test::More          0    1.001014  

configure_requires:

    Module              Need Have      
    ------------------- ---- ----------
    ExtUtils::MakeMaker 0    7.04      


------------------------------
ENVIRONMENT AND OTHER CONTEXT
------------------------------

Environment variables:

    AUTOMATED_TESTING = 1
    LANG = en_GB.UTF-8
    LANGUAGE = en_GB:en
    LD_LIBRARY_PATH = /usr/local/lib::
    PATH = /home/njh/perl5/perlbrew/bin:/home/njh/perl5/perlbrew/perls/perl-5.10.0/bin:/home/njh/perl5/perlbrew/bin:/usr/local/bin:/usr/bin:/bin:/usr/local/games:/usr/games:/home/njh/bin:/sbin
    PERL5LIB = /home/njh/.cpan/build/Regexp-Common-2013031301-iEeawt/blib/arch:/home/njh/.cpan/build/Regexp-Common-2013031301-iEeawt/blib/lib
    PERL5OPT = 
    PERL5_CPANPLUS_IS_RUNNING = 22410
    PERL5_CPAN_IS_RUNNING = 22410
    PERL5_MINISMOKEBOX = 0.58
    PERLBREW_BASHRC_VERSION = 0.73
    PERLBREW_HOME = /home/njh/.perlbrew
    PERLBREW_LIB = 
    PERLBREW_MANPATH = /home/njh/perl5/perlbrew/perls/perl-5.10.0/man
    PERLBREW_PATH = /home/njh/perl5/perlbrew/bin:/home/njh/perl5/perlbrew/perls/perl-5.10.0/bin
    PERLBREW_PERL = perl-5.10.0
    PERLBREW_ROOT = /home/njh/perl5/perlbrew
    PERLBREW_VERSION = 0.73
    PERL_EXTUTILS_AUTOINSTALL = --defaultdeps
    PERL_LOCAL_LIB_ROOT = 
    PERL_MM_USE_DEFAULT = 1
    SHELL = /bin/bash
    TMPDIR = /home/njh/tmp

Perl special variables (and OS-specific diagnostics, for MSWin32):

    $^X = /home/njh/perl5/perlbrew/perls/perl-5.10.0/bin/perl
    $UID/$EUID = 1000 / 1000
    $GID = 1000 4 24 25 29 30 44 46 108 112 1000
    $EGID = 1000 4 24 25 29 30 44 46 108 112 1000

Perl module toolchain versions installed:

    Module              Have    
    ------------------- --------
    CPAN                1.9800  
    CPAN::Meta          2.150001
    Cwd                 3.47    
    ExtUtils::CBuilder  0.280220
    ExtUtils::Command   1.18    
    ExtUtils::Install   1.54    
    ExtUtils::MakeMaker 7.04    
    ExtUtils::Manifest  1.65    
    ExtUtils::ParseXS   3.22    
    File::Spec          3.47    
    JSON                2.59    
    JSON::PP            2.27203 
    Module::Build       0.4212  
    Module::Signature   0.73    
    Parse::CPAN::Meta   1.4414  
    Test::Harness       3.35    
    Test::More          1.001014
    YAML                1.15    
    YAML::Syck          1.29    
    version             0.9904  


--

Summary of my perl5 (revision 5 version 10 subversion 0) configuration:
  Platform:
    osname=linux, osvers=3.2.0-4-amd64, archname=x86_64-linux-thread-multi
    uname='linux nigelhorne.force9.co.uk 3.2.0-4-amd64 #1 smp debian 3.2.32-1 x86_64 gnulinux '
    config_args='-de -Dprefix=/home/njh/perl5/perlbrew/perls/perl-5.10.0 -Duseithreads -Dusemultiplicity -Accflags=-O2 -W -Wformat=2 -Wswitch -Wshadow -Wwrite-strings -Wuninitialized -Wall -pipe -mtune=native -march=native -fomit-frame-pointer -mfpmath=sse -pedantic -D_FORTIFY_SOURCE=2 -Wpointer-arith -Wstrict-prototypes -fstack-protector -Wstack-protector -Wextra -Wbad-function-cast -Wcast-align -Wcast-qual -Wdisabled-optimization -Wendif-labels -Wfloat-equal -Wformat-nonliteral -Winline -Wmissing-declarations -Wmissing-prototypes -Wnested-externs -Wpointer-arith -Wundef -Wformat-security -Aeval:scriptdir=/home/njh/perl5/perlbrew/perls/perl-5.10.0/bin'
    hint=recommended, useposix=true, d_sigaction=define
    useithreads=define, usemultiplicity=define
    useperlio=define, d_sfio=undef, uselargefiles=define, usesocks=undef
    use64bitint=define, use64bitall=define, uselongdouble=undef
    usemymalloc=n, bincompat5005=undef
  Compiler:
    cc='cc', ccflags ='-D_REENTRANT -D_GNU_SOURCE -O2 -W -Wformat=2 -Wswitch -Wshadow -Wwrite-strings -Wuninitialized -Wall -pipe -mtune=native -march=native -fomit-frame-pointer -mfpmath=sse -pedantic -D_FORTIFY_SOURCE=2 -Wpointer-arith -Wstrict-prototypes -fstack-protector -Wstack-protector -Wextra -Wbad-function-cast -Wcast-align -Wcast-qual -Wdisabled-optimization -Wendif-labels -Wfloat-equal -Wformat-nonliteral -Winline -Wmissing-declarations -Wmissing-prototypes -Wnested-externs -Wpointer-arith -Wundef -Wformat-security -fno-strict-aliasing -I/usr/local/include -D_LARGEFILE_SOURCE -D_FILE_OFFSET_BITS=64',
    optimize='-O2',
    cppflags='-D_REENTRANT -D_GNU_SOURCE -O2 -W -Wformat=2 -Wswitch -Wshadow -Wwrite-strings -Wuninitialized -Wall -pipe -mtune=native -march=native -fomit-frame-pointer -mfpmath=sse -pedantic -D_FORTIFY_SOURCE=2 -Wpointer-arith -Wstrict-prototypes -fstack-protector -Wstack-protector -Wextra -Wbad-function-cast -Wcast-align -Wcast-qual -Wdisabled-optimization -Wendif-labels -Wfloat-equal -Wformat-nonliteral -Winline -Wmissing-declarations -Wmissing-prototypes -Wnested-externs -Wpointer-arith -Wundef -Wformat-security -fno-strict-aliasing -I/usr/local/include'
    ccversion='', gccversion='4.7.2', gccosandvers=''
    intsize=4, longsize=8, ptrsize=8, doublesize=8, byteorder=12345678
    d_longlong=define, longlongsize=8, d_longdbl=define, longdblsize=16
    ivtype='long', ivsize=8, nvtype='double', nvsize=8, Off_t='off_t', lseeksize=8
    alignbytes=8, prototype=define
  Linker and Libraries:
    ld='cc', ldflags =' -L/usr/local/lib'
    libpth=/usr/local/lib /lib/x86_64-linux-gnu /lib/../lib /usr/lib/x86_64-linux-gnu /usr/lib/../lib /lib /usr/lib
    libs=-lnsl -lgdbm -ldb -ldl -lm -lcrypt -lutil -lpthread -lc -lgdbm_compat
    perllibs=-lnsl -ldl -lm -lcrypt -lutil -lpthread -lc -lgdbm_compat
    libc=, so=so, useshrplib=false, libperl=libperl.a
    gnulibc_version='2.13'
  Dynamic Linking:
    dlsrc=dl_dlopen.xs, dlext=so, d_dlsymun=undef, ccdlflags='-Wl,-E'
    cccdlflags='-fPIC', lddlflags='-shared -O2 -L/usr/local/lib'


Characteristics of this binary (from libperl): 
  Compile-time options: MULTIPLICITY PERL_DONT_CREATE_GVSV
                        PERL_IMPLICIT_CONTEXT PERL_MALLOC_WRAP USE_64_BIT_ALL
                        USE_64_BIT_INT USE_ITHREADS USE_LARGE_FILES
                        USE_PERLIO USE_REENTRANT_API
  Built under linux
  Compiled at Mar  4 2013 20:42:58
  %ENV:
    PERL5LIB="/home/njh/.cpan/build/Regexp-Common-2013031301-iEeawt/blib/arch:/home/njh/.cpan/build/Regexp-Common-2013031301-iEeawt/blib/lib"
    PERL5OPT=""
    PERL5_CPANPLUS_IS_RUNNING="22410"
    PERL5_CPAN_IS_RUNNING="22410"
    PERL5_MINISMOKEBOX="0.58"
    PERLBREW_BASHRC_VERSION="0.73"
    PERLBREW_HOME="/home/njh/.perlbrew"
    PERLBREW_LIB=""
    PERLBREW_MANPATH="/home/njh/perl5/perlbrew/perls/perl-5.10.0/man"
    PERLBREW_PATH="/home/njh/perl5/perlbrew/bin:/home/njh/perl5/perlbrew/perls/perl-5.10.0/bin"
    PERLBREW_PERL="perl-5.10.0"
    PERLBREW_ROOT="/home/njh/perl5/perlbrew"
    PERLBREW_VERSION="0.73"
    PERL_EXTUTILS_AUTOINSTALL="--defaultdeps"
    PERL_LOCAL_LIB_ROOT=""
    PERL_MM_USE_DEFAULT="1"
  @INC:
    /home/njh/.cpan/build/Regexp-Common-2013031301-iEeawt/blib/arch
    /home/njh/.cpan/build/Regexp-Common-2013031301-iEeawt/blib/lib
    /home/njh/perl5/perlbrew/perls/perl-5.10.0/lib/5.10.0/x86_64-linux-thread-multi
    /home/njh/perl5/perlbrew/perls/perl-5.10.0/lib/5.10.0
    /home/njh/perl5/perlbrew/perls/perl-5.10.0/lib/site_perl/5.10.0/x86_64-linux-thread-multi
    /home/njh/perl5/perlbrew/perls/perl-5.10.0/lib/site_perl/5.10.0
    .