Git-ReleaseRepo v0.006 Perl 5 v5.27.4 x86_64-linux

Status
Fail
From
Slaven Rezić (SREZIC)
Dist
Git-ReleaseRepo v0.006
Platform
Perl 5 v5.27.4 x86_64-linux
Date
2017-09-26 22:57:20
ID
0d009aea-a30e-11e7-a3fd-b83d9d5489a8
This distribution has been tested as part of the CPAN Testers
project, supporting the Perl programming language.  See
http://wiki.cpantesters.org/ for more information or email
questions to cpan-testers-discuss@perl.org


--
Dear Doug Bell,

This is a computer-generated report for Git-ReleaseRepo-0.006
on perl 5.27.4, created by CPAN-Reporter-1.2018.

Thank you for uploading your work to CPAN.  However, there was a problem
testing your distribution.

If you think this report is invalid, please consult the CPAN Testers Wiki
for suggestions on how to avoid getting FAIL reports for missing library
or binary dependencies, unsupported operating systems, and so on:

http://wiki.cpantesters.org/wiki/CPANAuthorNotes

Sections of this report:

    * Tester comments
    * Program output
    * Prerequisites
    * Environment and other context

------------------------------
TESTER COMMENTS
------------------------------

Additional comments from tester:

none provided

------------------------------
PROGRAM OUTPUT
------------------------------

Output from './Build test':


#   Failed test 'nothing on stderr'
#   at /tmpfs/.cpan-build-cpansand/2017092621/Git-ReleaseRepo-0.006-0/blib/lib/Git/ReleaseRepo/Test.pm line 28.
# Klone nach 'module'...
# Fertig. at /tmpfs/.cpan-build-cpansand/2017092621/Git-ReleaseRepo-0.006-0/blib/lib/Git/ReleaseRepo/Command/add.pm line 50.

#   Failed test 'nothing on stderr'
#   at /tmpfs/.cpan-build-cpansand/2017092621/Git-ReleaseRepo-0.006-0/blib/lib/Git/ReleaseRepo/Test.pm line 28.
# Klone nach 'other'...
# Fertig. at /tmpfs/.cpan-build-cpansand/2017092621/Git-ReleaseRepo-0.006-0/blib/lib/Git/ReleaseRepo/Command/add.pm line 50.
Klone nach 'add-new'... at /tmpfs/.cpan-build-cpansand/2017092621/Git-ReleaseRepo-0.006-0/blib/lib/Git/ReleaseRepo/Test.pm line 127.

    #   Failed test 'nothing on stderr'
    #   at /tmpfs/.cpan-build-cpansand/2017092621/Git-ReleaseRepo-0.006-0/blib/lib/Git/ReleaseRepo/Test.pm line 28.
    # Klone nach 'new-mod'...
    # Fertig. at /tmpfs/.cpan-build-cpansand/2017092621/Git-ReleaseRepo-0.006-0/blib/lib/Git/ReleaseRepo/Command/add.pm line 50.
    # Looks like you failed 1 test of 7.

#   Failed test 'add a new module'
#   at t/add.t line 54.
Klone nach 'reference-mod'... at t/add.t line 61.
Klone nach 'add-reference'... at /tmpfs/.cpan-build-cpansand/2017092621/Git-ReleaseRepo-0.006-0/blib/lib/Git/ReleaseRepo/Test.pm line 127.

    #   Failed test 'nothing on stderr'
    #   at /tmpfs/.cpan-build-cpansand/2017092621/Git-ReleaseRepo-0.006-0/blib/lib/Git/ReleaseRepo/Test.pm line 28.
    # Klone nach 'reference-mod'...
    # Fertig. at /tmpfs/.cpan-build-cpansand/2017092621/Git-ReleaseRepo-0.006-0/blib/lib/Git/ReleaseRepo/Command/add.pm line 47.
    # Looks like you failed 1 test of 8.

#   Failed test 'add with reference'
#   at t/add.t line 71.
# Looks like you failed 4 tests of 11.
t/add.t .............. 
Dubious, test returned 4 (wstat 1024, 0x400)
Failed 4/11 subtests 

#   Failed test 'nothing on stderr'
#   at /tmpfs/.cpan-build-cpansand/2017092621/Git-ReleaseRepo-0.006-0/blib/lib/Git/ReleaseRepo/Test.pm line 28.
# Klone nach 'module'...
# Fertig. at /tmpfs/.cpan-build-cpansand/2017092621/Git-ReleaseRepo-0.006-0/blib/lib/Git/ReleaseRepo/Command/add.pm line 50.
Klone nach 'behind'... at /tmpfs/.cpan-build-cpansand/2017092621/Git-ReleaseRepo-0.006-0/blib/lib/Git/ReleaseRepo/Test.pm line 127.
# Looks like you failed 1 test of 7.
t/checkout.t ......... 
Dubious, test returned 1 (wstat 256, 0x100)
Failed 1/7 subtests 

#   Failed test 'nothing on stderr'
#   at /tmpfs/.cpan-build-cpansand/2017092621/Git-ReleaseRepo-0.006-0/blib/lib/Git/ReleaseRepo/Test.pm line 28.
# Klone nach 'other'...
# Fertig. at /tmpfs/.cpan-build-cpansand/2017092621/Git-ReleaseRepo-0.006-0/blib/lib/Git/ReleaseRepo/Command/add.pm line 50.

#   Failed test 'nothing on stderr'
#   at /tmpfs/.cpan-build-cpansand/2017092621/Git-ReleaseRepo-0.006-0/blib/lib/Git/ReleaseRepo/Test.pm line 28.
# Klone nach 'module'...
# Fertig. at /tmpfs/.cpan-build-cpansand/2017092621/Git-ReleaseRepo-0.006-0/blib/lib/Git/ReleaseRepo/Command/add.pm line 50.

    #   Failed test 'nothing on stderr'
    #   at /tmpfs/.cpan-build-cpansand/2017092621/Git-ReleaseRepo-0.006-0/blib/lib/Git/ReleaseRepo/Test.pm line 28.
    # Klone nach 'module_release'...
    # Fertig. at /tmpfs/.cpan-build-cpansand/2017092621/Git-ReleaseRepo-0.006-0/blib/lib/Git/ReleaseRepo/Command/add.pm line 50.
    # Looks like you failed 1 test of 22.

#   Failed test 'clone after release'
#   at t/clone.t line 167.
# Looks like you failed 3 tests of 16.
t/clone.t ............ 
Dubious, test returned 3 (wstat 768, 0x300)
Failed 3/16 subtests 

#   Failed test 'nothing on stderr'
#   at /tmpfs/.cpan-build-cpansand/2017092621/Git-ReleaseRepo-0.006-0/blib/lib/Git/ReleaseRepo/Test.pm line 28.
# Klone nach 'module'...
# Fertig. at /tmpfs/.cpan-build-cpansand/2017092621/Git-ReleaseRepo-0.006-0/blib/lib/Git/ReleaseRepo/Command/add.pm line 50.

#   Failed test 'nothing on stderr'
#   at /tmpfs/.cpan-build-cpansand/2017092621/Git-ReleaseRepo-0.006-0/blib/lib/Git/ReleaseRepo/Test.pm line 28.
# Klone nach 'other'...
# Fertig. at /tmpfs/.cpan-build-cpansand/2017092621/Git-ReleaseRepo-0.006-0/blib/lib/Git/ReleaseRepo/Command/add.pm line 50.
# Looks like you failed 2 tests of 16.
t/deploy.t ........... 
Dubious, test returned 2 (wstat 512, 0x200)
Failed 2/16 subtests 
t/init.t ............. ok

    #   Failed test 'nothing on stderr'
    #   at /tmpfs/.cpan-build-cpansand/2017092621/Git-ReleaseRepo-0.006-0/blib/lib/Git/ReleaseRepo/Test.pm line 28.
    # Klone nach 'pull-other'...
    # Fertig. at /tmpfs/.cpan-build-cpansand/2017092621/Git-ReleaseRepo-0.006-0/blib/lib/Git/ReleaseRepo/Command/add.pm line 50.

    #   Failed test 'nothing on stderr'
    #   at /tmpfs/.cpan-build-cpansand/2017092621/Git-ReleaseRepo-0.006-0/blib/lib/Git/ReleaseRepo/Test.pm line 28.
    # Klone nach 'pull-module'...
    # Fertig. at /tmpfs/.cpan-build-cpansand/2017092621/Git-ReleaseRepo-0.006-0/blib/lib/Git/ReleaseRepo/Command/add.pm line 50.
Zu Branch 'v0.1' gewechselt at t/pull.t line 41.
Zu Branch 'master' gewechselt at t/pull.t line 44.
Zu Branch 'v0.1' gewechselt at t/pull.t line 53.
Zu Branch 'master' gewechselt at t/pull.t line 56.
    # Looks like you failed 2 tests of 11.

#   Failed test 'pull'
#   at t/pull.t line 67.
# Looks like you failed 1 test of 1.
t/pull.t ............. 
Dubious, test returned 1 (wstat 256, 0x100)
Failed 1/1 subtests 

#   Failed test 'nothing on stderr'
#   at /tmpfs/.cpan-build-cpansand/2017092621/Git-ReleaseRepo-0.006-0/blib/lib/Git/ReleaseRepo/Test.pm line 28.
# Klone nach 'module'...
# Fertig. at /tmpfs/.cpan-build-cpansand/2017092621/Git-ReleaseRepo-0.006-0/blib/lib/Git/ReleaseRepo/Command/add.pm line 50.
Klone nach 'push'... at /tmpfs/.cpan-build-cpansand/2017092621/Git-ReleaseRepo-0.006-0/blib/lib/Git/ReleaseRepo/Test.pm line 127.
Zu Branch 'safe' gewechselt at t/push.t line 33.
Zu Branch 'master' gewechselt at t/push.t line 35.
Klone nach 'not-ff'... at /tmpfs/.cpan-build-cpansand/2017092621/Git-ReleaseRepo-0.006-0/blib/lib/Git/ReleaseRepo/Test.pm line 127.
Zu Branch 'safe' gewechselt at t/push.t line 68.
Zu Branch 'master' gewechselt at t/push.t line 70.
Klone nach 'not-ff-origin'... at /tmpfs/.cpan-build-cpansand/2017092621/Git-ReleaseRepo-0.006-0/blib/lib/Git/ReleaseRepo/Test.pm line 127.
Bereits auf 'master' at t/push.t line 91.
Zu Branch 'safe' gewechselt at t/push.t line 98.
Zu Branch 'master' gewechselt at t/push.t line 100.
# Looks like you failed 1 test of 9.
t/push.t ............. 
Dubious, test returned 1 (wstat 256, 0x100)
Failed 1/9 subtests 

#   Failed test 'nothing on stderr'
#   at /tmpfs/.cpan-build-cpansand/2017092621/Git-ReleaseRepo-0.006-0/blib/lib/Git/ReleaseRepo/Test.pm line 28.
# Klone nach 'module'...
# Fertig. at /tmpfs/.cpan-build-cpansand/2017092621/Git-ReleaseRepo-0.006-0/blib/lib/Git/ReleaseRepo/Command/add.pm line 50.

#   Failed test 'nothing on stderr'
#   at /tmpfs/.cpan-build-cpansand/2017092621/Git-ReleaseRepo-0.006-0/blib/lib/Git/ReleaseRepo/Test.pm line 28.
# Klone nach 'other'...
# Fertig. at /tmpfs/.cpan-build-cpansand/2017092621/Git-ReleaseRepo-0.006-0/blib/lib/Git/ReleaseRepo/Command/add.pm line 50.
Klone nach 'add-existing'... at /tmpfs/.cpan-build-cpansand/2017092621/Git-ReleaseRepo-0.006-0/blib/lib/Git/ReleaseRepo/Test.pm line 127.
Klone nach 'add-all'... at /tmpfs/.cpan-build-cpansand/2017092621/Git-ReleaseRepo-0.006-0/blib/lib/Git/ReleaseRepo/Test.pm line 127.
# Looks like you failed 2 tests of 11.
t/update.t ........... 
Dubious, test returned 2 (wstat 512, 0x200)
Failed 2/11 subtests 
# git version 2.1.4
# /tmpfs/.cpan-build-cpansand/2017092621/Git-ReleaseRepo-0.006-0/blib/lib/Git/ReleaseRepo.pm

    #   Failed test 'nothing on stderr'
    #   at /tmpfs/.cpan-build-cpansand/2017092621/Git-ReleaseRepo-0.006-0/blib/lib/Git/ReleaseRepo/Test.pm line 28.
    # Klone nach 'foo'... at /tmpfs/.cpan-build-cpansand/2017092621/Git-ReleaseRepo-0.006-0/blib/lib/Git/ReleaseRepo/Command/add.pm line 50.
    # Looks like you failed 1 test of 1.

#   Failed test 'add new module'
#   at t/zzz-integration.t line 193.
[Test failed.  Stopping test.]# Tests were run but no plan was declared and done_testing() was not seen.
# Looks like your test exited with 255 just after 2.
t/zzz-integration.t .. 
Dubious, test returned 255 (wstat 65280, 0xff00)
Failed 1/2 subtests 

Test Summary Report
-------------------
t/add.t            (Wstat: 1024 Tests: 11 Failed: 4)
  Failed tests:  4, 7, 10-11
  Non-zero exit status: 4
t/checkout.t       (Wstat: 256 Tests: 7 Failed: 1)
  Failed test:  4
  Non-zero exit status: 1
t/clone.t          (Wstat: 768 Tests: 16 Failed: 3)
  Failed tests:  4, 7, 16
  Non-zero exit status: 3
t/deploy.t         (Wstat: 512 Tests: 16 Failed: 2)
  Failed tests:  4, 7
  Non-zero exit status: 2
t/pull.t           (Wstat: 256 Tests: 1 Failed: 1)
  Failed test:  1
  Non-zero exit status: 1
t/push.t           (Wstat: 256 Tests: 9 Failed: 1)
  Failed test:  4
  Non-zero exit status: 1
t/update.t         (Wstat: 512 Tests: 11 Failed: 2)
  Failed tests:  4, 7
  Non-zero exit status: 2
t/zzz-integration.t (Wstat: 65280 Tests: 2 Failed: 1)
  Failed test:  2
  Non-zero exit status: 255
  Parse errors: No plan found in TAP output
Files=9, Tests=77, 41 wallclock secs ( 0.03 usr  0.07 sys +  3.54 cusr 18.06 csys = 21.70 CPU)
Result: FAIL
Failed 8/9 test programs. 15/77 subtests failed.

------------------------------
PREREQUISITES
------------------------------

Prerequisite modules loaded:

requires:

    Module                                      Need   Have   
    ------------------------------------------- ------ -------
    App::Cmd                                    0.318  0.331  
    File::HomeDir                               1.00   1.002  
    File::Path                                  0      2.15   
    File::Spec::Functions                       0      3.62   
    Git::Repository                             1.26   1.320  
    Moose                                       2.000  2.2006 
    Progress::Any                               0      0.20   
    Progress::Any::Output                       0      0.20   
    Progress::Any::Output::TermProgressBarColor 0      0.23   
    YAML                                        0.84   1.23   

build_requires:

    Module                                      Need   Have   
    ------------------------------------------- ------ -------
    File::Slurp                                 0      9999.19
    File::Spec::Functions                       0      3.62   
    File::Temp                                  0      0.2304 
    Module::Build                               0.3601 0.4224 
    Test::Compile                               0      v1.3.0 
    Test::Most                                  0      0.35   

configure_requires:

    Module                                      Need   Have   
    ------------------------------------------- ------ -------
    ExtUtils::MakeMaker                         6.30   7.30   
    Module::Build                               0.3601 0.4224 


------------------------------
ENVIRONMENT AND OTHER CONTEXT
------------------------------

Environment variables:

    LANG = C
    LC_ALL = de_DE.UTF-8
    PATH = /usr/local/bin:/usr/bin:/bin:/usr/local/sbin:/usr/sbin:/sbin:/home/cpansand/bin/linux-gnu:/home/cpansand/bin/sh:/home/cpansand/bin:/usr/games:/home/cpansand/devel:/home/eserte/src/srezic-misc/scripts
    PERL5LIB = 
    PERL5OPT = 
    PERL5_CPANPLUS_IS_RUNNING = 30102
    PERL5_CPAN_IS_RUNNING = 30102
    PERL5_CPAN_IS_RUNNING_IN_RECURSION = 6507,30102
    PERLDOC = -MPod::Perldoc::ToTextOverstrike
    PERL_BATCH = yes
    PERL_CANARY_STABILITY_NOPROMPT = 1
    PERL_CPAN_REPORTER_CONFIG = /var/tmp/cpansmoker-1023/2017092609/cpanreporter_001_config.ini
    PERL_EXTUTILS_AUTOINSTALL = --defaultdeps
    PERL_PARALLEL_SMOKER = yes
    PERL_USE_UNSAFE_INC = 1
    SHELL = /bin/zsh
    TERM = screen
    TMPDIR = /var/tmp/cpansmoker-1023/2017092609

Perl special variables (and OS-specific diagnostics, for MSWin32):

    $^X = /bbbike/perl-5.27.4/bin/perl5.27.4
    $UID/$EUID = 1023 / 1023
    $GID = 1023 1023
    $EGID = 1023 1023

Perl module toolchain versions installed:

    Module              Have    
    ------------------- --------
    CPAN                2.18    
    CPAN::Meta          2.150010
    Cwd                 3.62    
    ExtUtils::CBuilder  0.280226
    ExtUtils::Command   7.30    
    ExtUtils::Install   2.14    
    ExtUtils::MakeMaker 7.30    
    ExtUtils::Manifest  1.70    
    ExtUtils::ParseXS   3.35    
    File::Spec          3.62    
    JSON                2.94    
    JSON::PP            2.94    
    Module::Build       0.4224  
    Module::Signature   0.81    
    Parse::CPAN::Meta   2.150010
    Test::Harness       3.39    
    Test::More          1.302096
    YAML                1.23    
    YAML::Syck          1.30    
    version             0.9918  


--

Summary of my perl5 (revision 5 version 27 subversion 4) configuration:
   
  Platform:
    osname=linux
    osvers=3.16.0-4-amd64
    archname=x86_64-linux
    uname='linux eserte 3.16.0-4-amd64 #1 smp debian 3.16.43-2+deb8u2 (2017-06-26) x86_64 gnulinux '
    config_args='-ds -e -Dprefix=/opt/perl-5.27.4 -Dusedevel -Dusemallocwrap=no -Dcf_email=srezic@cpan.org'
    hint=recommended
    useposix=true
    d_sigaction=define
    useithreads=undef
    usemultiplicity=undef
    use64bitint=define
    use64bitall=define
    uselongdouble=undef
    usemymalloc=n
    default_inc_excludes_dot=define
    bincompat5005=undef
  Compiler:
    cc='cc'
    ccflags ='-fwrapv -fno-strict-aliasing -pipe -fstack-protector-strong -I/usr/local/include -D_LARGEFILE_SOURCE -D_FILE_OFFSET_BITS=64 -D_FORTIFY_SOURCE=2'
    optimize='-O2'
    cppflags='-fwrapv -fno-strict-aliasing -pipe -fstack-protector-strong -I/usr/local/include'
    ccversion=''
    gccversion='4.9.2'
    gccosandvers=''
    intsize=4
    longsize=8
    ptrsize=8
    doublesize=8
    byteorder=12345678
    doublekind=3
    d_longlong=define
    longlongsize=8
    d_longdbl=define
    longdblsize=16
    longdblkind=3
    ivtype='long'
    ivsize=8
    nvtype='double'
    nvsize=8
    Off_t='off_t'
    lseeksize=8
    alignbytes=8
    prototype=define
  Linker and Libraries:
    ld='cc'
    ldflags =' -fstack-protector-strong -L/usr/local/lib'
    libpth=/usr/local/lib /usr/lib/gcc/x86_64-linux-gnu/4.9/include-fixed /usr/include/x86_64-linux-gnu /usr/lib /lib/x86_64-linux-gnu /lib/../lib /usr/lib/x86_64-linux-gnu /usr/lib/../lib /lib
    libs=-lpthread -lnsl -lgdbm -ldb -ldl -lm -lcrypt -lutil -lc -lgdbm_compat
    perllibs=-lpthread -lnsl -ldl -lm -lcrypt -lutil -lc
    libc=libc-2.19.so
    so=so
    useshrplib=false
    libperl=libperl.a
    gnulibc_version='2.19'
  Dynamic Linking:
    dlsrc=dl_dlopen.xs
    dlext=so
    d_dlsymun=undef
    ccdlflags='-Wl,-E'
    cccdlflags='-fPIC'
    lddlflags='-shared -O2 -L/usr/local/lib -fstack-protector-strong'


Characteristics of this binary (from libperl): 
  Compile-time options:
    HAS_TIMES
    PERLIO_LAYERS
    PERL_COPY_ON_WRITE
    PERL_DONT_CREATE_GVSV
    PERL_OP_PARENT
    PERL_PRESERVE_IVUV
    PERL_USE_DEVEL
    USE_64_BIT_ALL
    USE_64_BIT_INT
    USE_LARGE_FILES
    USE_LOCALE
    USE_LOCALE_COLLATE
    USE_LOCALE_CTYPE
    USE_LOCALE_NUMERIC
    USE_LOCALE_TIME
    USE_PERLIO
    USE_PERL_ATOF
  Built under linux
  Compiled at Sep 20 2017 22:26:56
  %ENV:
    PERL5LIB=""
    PERL5OPT=""
    PERL5_CPANPLUS_IS_RUNNING="30102"
    PERL5_CPAN_IS_RUNNING="30102"
    PERL5_CPAN_IS_RUNNING_IN_RECURSION="6507,30102"
    PERLDOC="-MPod::Perldoc::ToTextOverstrike"
    PERL_BATCH="yes"
    PERL_CANARY_STABILITY_NOPROMPT="1"
    PERL_CPAN_REPORTER_CONFIG="/var/tmp/cpansmoker-1023/2017092609/cpanreporter_001_config.ini"
    PERL_EXTUTILS_AUTOINSTALL="--defaultdeps"
    PERL_PARALLEL_SMOKER="yes"
    PERL_USE_UNSAFE_INC="1"
  @INC:
    /opt/perl-5.27.4/lib/site_perl/5.27.4/x86_64-linux
    /opt/perl-5.27.4/lib/site_perl/5.27.4
    /opt/perl-5.27.4/lib/5.27.4/x86_64-linux
    /opt/perl-5.27.4/lib/5.27.4
    .