Back
From: metabase:user:30977d10-2aae-11df-837a-5e0a49663a4f
Subject: FAIL Sphinx-Config-0.06 v5.12.1 GNU/Linux
Date: 2010-12-08T17:10:27Z
This distribution has been tested as part of the CPAN Testers
project, supporting the Perl programming language. See
http://wiki.cpantesters.org/ for more information or email
questions to cpan-testers-discuss@perl.org
--
Dear Jon Schutz,
This is a computer-generated report for Sphinx-Config-0.06
on perl 5.12.1, created by CPAN-Reporter-1.1803.
Thank you for uploading your work to CPAN. However, there was a problem
testing your distribution.
If you think this report is invalid, please consult the CPAN Testers Wiki
for suggestions on how to avoid getting FAIL reports for missing library
or binary dependencies, unsupported operating systems, and so on:
http://wiki.cpantesters.org/wiki/CPANAuthorNotes
Sections of this report:
* Tester comments
* Program output
* Prerequisites
* Environment and other context
------------------------------
TESTER COMMENTS
------------------------------
Additional comments from tester:
this report is from an automated smoke testing program
and was not reviewed by a human for accuracy
------------------------------
PROGRAM OUTPUT
------------------------------
Output from '/usr/bin/make test':
PERL_DL_NONLAZY=1 /home/stro/perl/perl5121m/bin/perl "-MExtUtils::Command::MM" "-e" "test_harness(0, 'blib/lib', 'blib/arch')" t/*.t
# Testing Sphinx::Config 0.06, Perl 5.012001, /home/stro/perl/perl5121m/bin/perl
t/00-load.t ........ ok
Sphinx::Config: t/sphinx2.conf does not exist at /home/stro/cpan/build/5.12.1-m/Sphinx-Config-0.06-SxUs5F/blib/lib/Sphinx/Config.pm line 87.
# Looks like you planned 8 tests but ran 2.
# Looks like your test exited with 2 just after 2.
t/10-parse.t .......
Dubious, test returned 2 (wstat 512, 0x200)
Failed 6/8 subtests
Sphinx::Config: t/sphinx2.conf does not exist at /home/stro/cpan/build/5.12.1-m/Sphinx-Config-0.06-SxUs5F/blib/lib/Sphinx/Config.pm line 87.
# Looks like you planned 26 tests but ran 2.
# Looks like your test exited with 2 just after 2.
t/20-round-trip.t ..
Dubious, test returned 2 (wstat 512, 0x200)
Failed 24/26 subtests
Sphinx::Config: t/sphinx3.conf does not exist at /home/stro/cpan/build/5.12.1-m/Sphinx-Config-0.06-SxUs5F/blib/lib/Sphinx/Config.pm line 87.
# Looks like you planned 18 tests but ran 2.
# Looks like your test exited with 2 just after 2.
t/30-inherit.t .....
Dubious, test returned 2 (wstat 512, 0x200)
Failed 16/18 subtests
t/boilerplate.t .... ok
Sphinx::Config: /home/stro/cpan/build/5.12.1-m/Sphinx-Config-0.06-SxUs5F/t/sphinx.conf.dist does not exist at /home/stro/cpan/build/5.12.1-m/Sphinx-Config-0.06-SxUs5F/blib/lib/Sphinx/Config.pm line 87.
# Looks like you planned 18 tests but ran 1.
# Looks like your test exited with 2 just after 1.
t/config.t .........
Dubious, test returned 2 (wstat 512, 0x200)
Failed 17/18 subtests
t/pod-coverage.t ... ok
t/pod.t ............ ok
Test Summary Report
-------------------
t/10-parse.t (Wstat: 512 Tests: 2 Failed: 0)
Non-zero exit status: 2
Parse errors: Bad plan. You planned 8 tests but ran 2.
t/20-round-trip.t (Wstat: 512 Tests: 2 Failed: 0)
Non-zero exit status: 2
Parse errors: Bad plan. You planned 26 tests but ran 2.
t/30-inherit.t (Wstat: 512 Tests: 2 Failed: 0)
Non-zero exit status: 2
Parse errors: Bad plan. You planned 18 tests but ran 2.
t/config.t (Wstat: 512 Tests: 1 Failed: 0)
Non-zero exit status: 2
Parse errors: Bad plan. You planned 18 tests but ran 1.
Files=8, Tests=13, 0 wallclock secs ( 0.08 usr 0.06 sys + 0.52 cusr 0.18 csys = 0.84 CPU)
Result: FAIL
Failed 4/8 test programs. 0/13 subtests failed.
make: *** [test_dynamic] Error 255
------------------------------
PREREQUISITES
------------------------------
Prerequisite modules loaded:
requires:
Module Need Have
--------------- ---- ----
Carp 0 1.16
FindBin 0 1.50
List::MoreUtils 0 0.29
Storable 0 2.24
Test::More 0 0.96
------------------------------
ENVIRONMENT AND OTHER CONTEXT
------------------------------
Environment variables:
AUTOMATED_TESTING = 1
LANG = en_US.UTF-8
PATH = /usr/local/bin:/usr/bin:/bin:/usr/games
PERL5LIB =
PERL5OPT =
PERL5_CPANPLUS_IS_RUNNING = 7339
PERL5_CPAN_IS_RUNNING = 7339
PERL5_CPAN_IS_RUNNING_IN_RECURSION = 25116,7339
PERL_CR_SMOKER_CURRENT = Sphinx-Config-0.06
PERL_EXTUTILS_AUTOINSTALL = --defaultdeps
PERL_MM_USE_DEFAULT = 1
SHELL = /bin/bash
TERM = xterm
Perl special variables (and OS-specific diagnostics, for MSWin32):
$^X = /home/stro/perl/perl5121m/bin/perl
$UID/$EUID = 1000 / 1000
$GID = 1000 20 24 25 29 44 46 1000
$EGID = 1000 20 24 25 29 44 46 1000
Perl module toolchain versions installed:
Module Have
------------------- -------
CPAN 1.94_56
Cwd 3.33
ExtUtils::CBuilder 0.2703
ExtUtils::Command 1.16
ExtUtils::Install 1.55
ExtUtils::MakeMaker 6.56
ExtUtils::Manifest 1.58
ExtUtils::ParseXS 2.2206
File::Spec 3.33
Module::Build 0.36_17
Module::Signature 0.66
Test::Harness 3.22
Test::More 0.96
YAML 0.72
YAML::Syck 1.14
version 0.82
--
Summary of my perl5 (revision 5 version 12 subversion 1) configuration:
Platform:
osname=linux, osvers=2.6.26-2-686, archname=i686-linux-multi
uname='linux debian5 2.6.26-2-686 #1 smp wed may 12 21:56:10 utc 2010 i686 gnulinux '
config_args=''
hint=recommended, useposix=true, d_sigaction=define
useithreads=undef, usemultiplicity=define
useperlio=define, d_sfio=undef, uselargefiles=define, usesocks=undef
use64bitint=undef, use64bitall=undef, uselongdouble=undef
usemymalloc=n, bincompat5005=undef
Compiler:
cc='cc', ccflags ='-fno-strict-aliasing -pipe -fstack-protector -I/usr/local/include -D_LARGEFILE_SOURCE -D_FILE_OFFSET_BITS=64',
optimize='-O2',
cppflags='-fno-strict-aliasing -pipe -fstack-protector -I/usr/local/include'
ccversion='', gccversion='4.3.2', gccosandvers=''
intsize=4, longsize=4, ptrsize=4, doublesize=8, byteorder=1234
d_longlong=define, longlongsize=8, d_longdbl=define, longdblsize=12
ivtype='long', ivsize=4, nvtype='double', nvsize=8, Off_t='off_t', lseeksize=8
alignbytes=4, prototype=define
Linker and Libraries:
ld='cc', ldflags =' -fstack-protector -L/usr/local/lib'
libpth=/usr/local/lib /lib /usr/lib
libs=-lnsl -ldb -ldl -lm -lcrypt -lutil -lc
perllibs=-lnsl -ldl -lm -lcrypt -lutil -lc
libc=/lib/libc-2.7.so, so=so, useshrplib=false, libperl=libperl.a
gnulibc_version='2.7'
Dynamic Linking:
dlsrc=dl_dlopen.xs, dlext=so, d_dlsymun=undef, ccdlflags='-Wl,-E'
cccdlflags='-fPIC', lddlflags='-shared -O2 -L/usr/local/lib -fstack-protector'
Characteristics of this binary (from libperl):
Compile-time options: MULTIPLICITY PERL_DONT_CREATE_GVSV
PERL_IMPLICIT_CONTEXT PERL_MALLOC_WRAP
USE_LARGE_FILES USE_PERLIO USE_PERL_ATOF
Built under linux
Compiled at Jun 15 2010 20:12:05
%ENV:
PERL5LIB=""
PERL5OPT=""
PERL5_CPANPLUS_IS_RUNNING="7339"
PERL5_CPAN_IS_RUNNING="7339"
PERL5_CPAN_IS_RUNNING_IN_RECURSION="25116,7339"
PERL_CR_SMOKER_CURRENT="Sphinx-Config-0.06"
PERL_EXTUTILS_AUTOINSTALL="--defaultdeps"
PERL_MM_USE_DEFAULT="1"
@INC:
/home/stro/perl/perl5121m/lib/site_perl/5.12.1/i686-linux-multi
/home/stro/perl/perl5121m/lib/site_perl/5.12.1
/home/stro/perl/perl5121m/lib/5.12.1/i686-linux-multi
/home/stro/perl/perl5121m/lib/5.12.1
.