Module-Pluggable v6.3 Perl 5 v5.16.3 x86_64-linux-ld

Status
Fail
From
Andreas J. König (ANDK)
Dist
Module-Pluggable v6.3
Platform
Perl 5 v5.16.3 x86_64-linux-ld
Date
2025-01-18 14:18:13
ID
0d8df81c-d5a7-11ef-a026-a086b3f8d0f5
This distribution has been tested as part of the CPAN Testers
project, supporting the Perl programming language.  See
http://wiki.cpantesters.org/ for more information or email
questions to cpan-testers-discuss@perl.org


--
Dear Simon Wistow,

This is a computer-generated report for Module-Pluggable-6.3
on perl 5.16.3, created by CPAN-Reporter-1.2019.

Thank you for uploading your work to CPAN.  However, there was a problem
testing your distribution.

If you think this report is invalid, please consult the CPAN Testers Wiki
for suggestions on how to avoid getting FAIL reports for missing library
or binary dependencies, unsupported operating systems, and so on:

http://wiki.cpantesters.org/wiki/CPANAuthorNotes

Sections of this report:

    * Tester comments
    * Program output
    * Prerequisites
    * Environment and other context

------------------------------
TESTER COMMENTS
------------------------------

Additional comments from tester:

this report is from an automated smoke testing program
and was not reviewed by a human for accuracy

------------------------------
PROGRAM OUTPUT
------------------------------

Output from '/usr/bin/make test':

PERL_DL_NONLAZY=1 "/home/sand/src/perl/repoperls/installed-perls/host/k93msid/v5.16.3/fc43/bin/perl" "-MExtUtils::Command::MM" "-MTest::Harness" "-e" "undef *Test::Harness::Switches; test_harness(0, 'blib/lib', 'blib/arch')" t/*.t
t/01use.t .................... ok
t/02alsoworks.t .............. ok
t/02works.t .................. ok
t/02works_taint.t ............ ok
t/03diffname.t ............... ok
t/04acmedir.t ................ ok
t/04acmedir_single.t ......... ok
t/04acmepath.t ............... ok
t/04acmepath_single.t ........ ok
t/05postpath.t ............... ok
t/06multipath.t .............. ok
t/07instantiate.t ............ ok
t/08nothing.t ................ ok
t/09require.t ................ ok
t/10innerpack.t .............. ok
t/10innerpack_inner.t ........ ok
t/10innerpack_noinner.t ...... ok
t/10innerpack_onefile.t ...... ok
t/10innerpack_override.t ..... ok
t/10innerpack_super.t ........ ok
t/11usetwice.t ............... ok
t/12only.t ................... ok
t/12onlyarray.t .............. ok
t/12onlyregex.t .............. ok
t/12onlyrequire.t ............ ok
t/13except.t ................. ok
t/13exceptarray.t ............ ok
t/13exceptregex.t ............ ok
t/14package.t ................ ok
t/15topicsafe.t .............. ok
t/16different_extension.t .... ok
t/17devel_inner_package.t .... ok
t/18skipped_package.t ........ ok
t/19can_ok_clobber.t ......... ok
t/20dodgy_files.t ............ ok
t/21editor_junk.t ............ ok
t/22trigger.t ................ ok
t/23depth.t .................. ok
Unknown Text::BibTeX function: "cleanup" at t/24local_inc_object.t line 0.
END failed--call queue aborted.
# Looks like your test exited with 22 just after 5.
t/24local_inc_object.t ....... 
Dubious, test returned 22 (wstat 5632, 0x1600)
All 5 subtests passed 
Couldn't require Text::BibTeX : Can't load '/home/sand/src/perl/repoperls/installed-perls/host/k93msid/v5.16.3/fc43/lib/site_perl/5.16.3/x86_64-linux-ld/auto/Text/BibTeX/BibTeX.so' for module Text::BibTeX: libbtparse.so: cannot open shared object file: No such file or directory at /home/sand/src/perl/repoperls/installed-perls/host/k93msid/v5.16.3/fc43/lib/5.16.3/x86_64-linux-ld/DynaLoader.pm line 190.
 at /home/sand/src/perl/repoperls/installed-perls/host/k93msid/v5.16.3/fc43/lib/site_perl/5.16.3/Module/Runtime.pm line 314.
Compilation failed in require at /home/sand/src/perl/repoperls/installed-perls/host/k93msid/v5.16.3/fc43/lib/site_perl/5.16.3/Module/Runtime.pm line 314.
 at /tmp/loop_over_bdir-788307-69nb2j/Module-Pluggable-6.3-0/blib/lib/Module/Pluggable.pm line 31.
Couldn't require Text::BibTeX::Bib : Attempt to reload Text/BibTeX.pm aborted.
Compilation failed in require at /home/sand/src/perl/repoperls/installed-perls/host/k93msid/v5.16.3/fc43/lib/site_perl/5.16.3/x86_64-linux-ld/Text/BibTeX/Structure.pm line 29.
BEGIN failed--compilation aborted at /home/sand/src/perl/repoperls/installed-perls/host/k93msid/v5.16.3/fc43/lib/site_perl/5.16.3/x86_64-linux-ld/Text/BibTeX/Structure.pm line 29.
Compilation failed in require at /home/sand/src/perl/repoperls/installed-perls/host/k93msid/v5.16.3/fc43/lib/site_perl/5.16.3/x86_64-linux-ld/Text/BibTeX/BibSort.pm line 23.
BEGIN failed--compilation aborted at /home/sand/src/perl/repoperls/installed-perls/host/k93msid/v5.16.3/fc43/lib/site_perl/5.16.3/x86_64-linux-ld/Text/BibTeX/BibSort.pm line 23.
Compilation failed in require at /home/sand/src/perl/repoperls/installed-perls/host/k93msid/v5.16.3/fc43/lib/site_perl/5.16.3/x86_64-linux-ld/Text/BibTeX/Bib.pm line 455.
BEGIN failed--compilation aborted at /home/sand/src/perl/repoperls/installed-perls/host/k93msid/v5.16.3/fc43/lib/site_perl/5.16.3/x86_64-linux-ld/Text/BibTeX/Bib.pm line 455.
Compilation failed in require at /home/sand/src/perl/repoperls/installed-perls/host/k93msid/v5.16.3/fc43/lib/site_perl/5.16.3/Module/Runtime.pm line 314.
 at /tmp/loop_over_bdir-788307-69nb2j/Module-Pluggable-6.3-0/blib/lib/Module/Pluggable.pm line 31.
Couldn't require Text::BibTeX::Value : Attempt to reload Text/BibTeX.pm aborted.
Compilation failed in require at /home/sand/src/perl/repoperls/installed-perls/host/k93msid/v5.16.3/fc43/lib/site_perl/5.16.3/x86_64-linux-ld/Text/BibTeX/Value.pm line 245.
BEGIN failed--compilation aborted at /home/sand/src/perl/repoperls/installed-perls/host/k93msid/v5.16.3/fc43/lib/site_perl/5.16.3/x86_64-linux-ld/Text/BibTeX/Value.pm line 245.
Compilation failed in require at /home/sand/src/perl/repoperls/installed-perls/host/k93msid/v5.16.3/fc43/lib/site_perl/5.16.3/Module/Runtime.pm line 314.
 at /tmp/loop_over_bdir-788307-69nb2j/Module-Pluggable-6.3-0/blib/lib/Module/Pluggable.pm line 31.
Couldn't require Text::BibTeX::Structure : Attempt to reload Text/BibTeX/Structure.pm aborted.
Compilation failed in require at /home/sand/src/perl/repoperls/installed-perls/host/k93msid/v5.16.3/fc43/lib/site_perl/5.16.3/Module/Runtime.pm line 314.
 at /tmp/loop_over_bdir-788307-69nb2j/Module-Pluggable-6.3-0/blib/lib/Module/Pluggable.pm line 31.
Couldn't require Text::BibTeX::BibSort : Attempt to reload Text/BibTeX/BibSort.pm aborted.
Compilation failed in require at /home/sand/src/perl/repoperls/installed-perls/host/k93msid/v5.16.3/fc43/lib/site_perl/5.16.3/Module/Runtime.pm line 314.
 at /tmp/loop_over_bdir-788307-69nb2j/Module-Pluggable-6.3-0/blib/lib/Module/Pluggable.pm line 31.
Couldn't require Text::BibTeX::BibFormat : Attempt to reload Text/BibTeX/Structure.pm aborted.
Compilation failed in require at /home/sand/src/perl/repoperls/installed-perls/host/k93msid/v5.16.3/fc43/lib/site_perl/5.16.3/x86_64-linux-ld/Text/BibTeX/BibFormat.pm line 26.
BEGIN failed--compilation aborted at /home/sand/src/perl/repoperls/installed-perls/host/k93msid/v5.16.3/fc43/lib/site_perl/5.16.3/x86_64-linux-ld/Text/BibTeX/BibFormat.pm line 26.
Compilation failed in require at /home/sand/src/perl/repoperls/installed-perls/host/k93msid/v5.16.3/fc43/lib/site_perl/5.16.3/Module/Runtime.pm line 314.
 at /tmp/loop_over_bdir-788307-69nb2j/Module-Pluggable-6.3-0/blib/lib/Module/Pluggable.pm line 31.
Subroutine mark_raw redefined at /home/sand/src/perl/repoperls/installed-perls/host/k93msid/v5.16.3/fc43/lib/site_perl/5.16.3/x86_64-linux-ld/Text/Xslate/PP.pm line 329.
Subroutine unmark_raw redefined at /home/sand/src/perl/repoperls/installed-perls/host/k93msid/v5.16.3/fc43/lib/site_perl/5.16.3/x86_64-linux-ld/Text/Xslate/PP.pm line 338.
Subroutine html_escape redefined at /home/sand/src/perl/repoperls/installed-perls/host/k93msid/v5.16.3/fc43/lib/site_perl/5.16.3/x86_64-linux-ld/Text/Xslate/PP.pm line 345.
Subroutine uri_escape redefined at /home/sand/src/perl/repoperls/installed-perls/host/k93msid/v5.16.3/fc43/lib/site_perl/5.16.3/x86_64-linux-ld/Text/Xslate/PP.pm line 356.
Subroutine is_array_ref redefined at /home/sand/src/perl/repoperls/installed-perls/host/k93msid/v5.16.3/fc43/lib/site_perl/5.16.3/x86_64-linux-ld/Text/Xslate/PP.pm line 366.
Subroutine is_hash_ref redefined at /home/sand/src/perl/repoperls/installed-perls/host/k93msid/v5.16.3/fc43/lib/site_perl/5.16.3/x86_64-linux-ld/Text/Xslate/PP.pm line 367.
Subroutine is_code_ref redefined at /home/sand/src/perl/repoperls/installed-perls/host/k93msid/v5.16.3/fc43/lib/site_perl/5.16.3/x86_64-linux-ld/Text/Xslate/PP.pm line 368.
Subroutine merge_hash redefined at /home/sand/src/perl/repoperls/installed-perls/host/k93msid/v5.16.3/fc43/lib/site_perl/5.16.3/x86_64-linux-ld/Text/Xslate/PP.pm line 370.
Subroutine Text::Xslate::Util::escaped_string redefined at /home/sand/src/perl/repoperls/installed-perls/host/k93msid/v5.16.3/fc43/lib/site_perl/5.16.3/x86_64-linux-ld/Text/Xslate/PP.pm line 328.
Couldn't require Text::Markup::CommonMark : Can't locate CommonMark.pm in @INC (@INC contains: t/lib /tmp/loop_over_bdir-788307-69nb2j/Module-Pluggable-6.3-0/blib/lib /tmp/loop_over_bdir-788307-69nb2j/Module-Pluggable-6.3-0/blib/arch /home/sand/src/perl/repoperls/installed-perls/host/k93msid/v5.16.3/fc43/lib/site_perl/5.16.3/x86_64-linux-ld /home/sand/src/perl/repoperls/installed-perls/host/k93msid/v5.16.3/fc43/lib/site_perl/5.16.3 /home/sand/src/perl/repoperls/installed-perls/host/k93msid/v5.16.3/fc43/lib/5.16.3/x86_64-linux-ld /home/sand/src/perl/repoperls/installed-perls/host/k93msid/v5.16.3/fc43/lib/5.16.3 .) at /home/sand/src/perl/repoperls/installed-perls/host/k93msid/v5.16.3/fc43/lib/site_perl/5.16.3/Text/Markup/CommonMark.pm line 6.
BEGIN failed--compilation aborted at /home/sand/src/perl/repoperls/installed-perls/host/k93msid/v5.16.3/fc43/lib/site_perl/5.16.3/Text/Markup/CommonMark.pm line 6.
Compilation failed in require at /home/sand/src/perl/repoperls/installed-perls/host/k93msid/v5.16.3/fc43/lib/site_perl/5.16.3/Module/Runtime.pm line 314.
 at /tmp/loop_over_bdir-788307-69nb2j/Module-Pluggable-6.3-0/blib/lib/Module/Pluggable.pm line 31.
Couldn't require Text::Markup::Asciidoc : Cannot find asciidoc, or asciidoc.py in path /home/sand/bin:/usr/local/bin:/usr/bin:/bin:/usr/games:/usr/local/perl/bin:/usr/X11/bin:/sbin:/usr/sbin at /home/sand/src/perl/repoperls/installed-perls/host/k93msid/v5.16.3/fc43/lib/site_perl/5.16.3/Text/Markup/Asciidoc.pm line 12.
Compilation failed in require at /home/sand/src/perl/repoperls/installed-perls/host/k93msid/v5.16.3/fc43/lib/site_perl/5.16.3/Module/Runtime.pm line 314.
 at /tmp/loop_over_bdir-788307-69nb2j/Module-Pluggable-6.3-0/blib/lib/Module/Pluggable.pm line 31.
Couldn't require Text::Markup::Asciidoctor : Cannot find asciidoctor, or asciidoctor.py in path /home/sand/bin:/usr/local/bin:/usr/bin:/bin:/usr/games:/usr/local/perl/bin:/usr/X11/bin:/sbin:/usr/sbin at /home/sand/src/perl/repoperls/installed-perls/host/k93msid/v5.16.3/fc43/lib/site_perl/5.16.3/Text/Markup/Asciidoctor.pm line 16.
Compilation failed in require at /home/sand/src/perl/repoperls/installed-perls/host/k93msid/v5.16.3/fc43/lib/site_perl/5.16.3/Module/Runtime.pm line 314.
 at /tmp/loop_over_bdir-788307-69nb2j/Module-Pluggable-6.3-0/blib/lib/Module/Pluggable.pm line 31.
Couldn't require Text::Markup::Rest : Missing required Python "docutils" module
Traceback (most recent call last):
  File "<string>", line 1, in <module>
ModuleNotFoundError: No module named 'docutils'
 at /home/sand/src/perl/repoperls/installed-perls/host/k93msid/v5.16.3/fc43/lib/site_perl/5.16.3/Text/Markup/Rest.pm line 18.
Compilation failed in require at /home/sand/src/perl/repoperls/installed-perls/host/k93msid/v5.16.3/fc43/lib/site_perl/5.16.3/Module/Runtime.pm line 314.
 at /tmp/loop_over_bdir-788307-69nb2j/Module-Pluggable-6.3-0/blib/lib/Module/Pluggable.pm line 31.
Couldn't require Text::Password::AutoMigration : Can't disable Moo::sification after inflation has been done at /home/sand/src/perl/repoperls/installed-perls/host/k93msid/v5.16.3/fc43/lib/site_perl/5.16.3/Text/Password/CoreCrypt.pm line 16.
BEGIN failed--compilation aborted at /home/sand/src/perl/repoperls/installed-perls/host/k93msid/v5.16.3/fc43/lib/site_perl/5.16.3/Text/Password/CoreCrypt.pm line 16.
Compilation failed in require at /home/sand/src/perl/repoperls/installed-perls/host/k93msid/v5.16.3/fc43/lib/site_perl/5.16.3/Text/Password/MD5.pm line 6.
Compilation failed in require at /home/sand/src/perl/repoperls/installed-perls/host/k93msid/v5.16.3/fc43/lib/site_perl/5.16.3/Text/Password/SHA.pm line 14.
Compilation failed in require at /home/sand/src/perl/repoperls/installed-perls/host/k93msid/v5.16.3/fc43/lib/site_perl/5.16.3/Text/Password/AutoMigration.pm line 7.
Compilation failed in require at /home/sand/src/perl/repoperls/installed-perls/host/k93msid/v5.16.3/fc43/lib/site_perl/5.16.3/Module/Runtime.pm line 314.
 at /tmp/loop_over_bdir-788307-69nb2j/Module-Pluggable-6.3-0/blib/lib/Module/Pluggable.pm line 31.
Couldn't require Text::Password::CoreCrypt : Attempt to reload Text/Password/CoreCrypt.pm aborted.
Compilation failed in require at /home/sand/src/perl/repoperls/installed-perls/host/k93msid/v5.16.3/fc43/lib/site_perl/5.16.3/Module/Runtime.pm line 314.
 at /tmp/loop_over_bdir-788307-69nb2j/Module-Pluggable-6.3-0/blib/lib/Module/Pluggable.pm line 31.
Couldn't require Text::Password::SHA : Attempt to reload Text/Password/SHA.pm aborted.
Compilation failed in require at /home/sand/src/perl/repoperls/installed-perls/host/k93msid/v5.16.3/fc43/lib/site_perl/5.16.3/Module/Runtime.pm line 314.
 at /tmp/loop_over_bdir-788307-69nb2j/Module-Pluggable-6.3-0/blib/lib/Module/Pluggable.pm line 31.
Couldn't require Text::Password::MD5 : Attempt to reload Text/Password/MD5.pm aborted.
Compilation failed in require at /home/sand/src/perl/repoperls/installed-perls/host/k93msid/v5.16.3/fc43/lib/site_perl/5.16.3/Module/Runtime.pm line 314.
 at /tmp/loop_over_bdir-788307-69nb2j/Module-Pluggable-6.3-0/blib/lib/Module/Pluggable.pm line 31.
Unknown Text::BibTeX function: "cleanup" at t/24local_inc_package.t line 0.
END failed--call queue aborted.
# Looks like your test exited with 22 just after 1.
t/24local_inc_package.t ...... 
Dubious, test returned 22 (wstat 5632, 0x1600)
All 1 subtests passed 
t/25single_letter_package.t .. ok
t/26inc_hook.t ............... ok
t/27app_fatpacker.t .......... ok
t/28appledouble.t ............ ok
t/29unreadable.t ............. ok

Test Summary Report
-------------------
t/24local_inc_object.t     (Wstat: 5632 (exited 22) Tests: 5 Failed: 0)
  Non-zero exit status: 22
t/24local_inc_package.t    (Wstat: 5632 (exited 22) Tests: 1 Failed: 0)
  Non-zero exit status: 22
Files=45, Tests=194, 19 wallclock secs ( 0.12 usr  0.11 sys +  5.35 cusr  1.80 csys =  7.38 CPU)
Result: FAIL
Failed 2/45 test programs. 0/194 subtests failed.
make: *** [Makefile:936: test_dynamic] Error 255

------------------------------
PREREQUISITES
------------------------------

Prerequisite modules loaded:

requires:

    Module                Need  Have    
    --------------------- ----- --------
    Exporter              5.57  5.78    
    File::Basename        0     2.84    
    File::Find            0     1.20    
    File::Spec            3.00  3.75    
    File::Spec::Functions 0     3.75    
    if                    0     0.0602  
    perl                  5.006 5.016003
    Scalar::Util          0     1.63    
    strict                0     1.07    

build_requires:

    Module                Need  Have    
    --------------------- ----- --------
    base                  0     2.18    
    Cwd                   0     3.75    
    Data::Dumper          0     2.183   
    ExtUtils::MakeMaker   0     7.70    
    File::Copy            0     2.23    
    File::Find            0     1.20    
    File::Path            0     2.18    
    File::Spec::Functions 0     3.75    
    File::Temp            0     0.2311  
    FindBin               0     1.54    
    strict                0     1.07    
    Test::More            0     1.302201
    warnings              0     1.13    

configure_requires:

    Module                Need  Have    
    --------------------- ----- --------
    ExtUtils::MakeMaker   0     7.70    

opt_requires:

    Module                Need  Have    
    --------------------- ----- --------
    Module::Runtime       0.012 0.016   


------------------------------
ENVIRONMENT AND OTHER CONTEXT
------------------------------

Environment variables:

    AUTOMATED_TESTING = 1
    LANG = en_US.UTF-8
    LANGUAGE = en_US:en
    PATH = /home/sand/bin:/usr/local/bin:/usr/bin:/bin:/usr/games:/usr/local/perl/bin:/usr/X11/bin:/sbin:/usr/sbin
    PERL5LIB = 
    PERL5OPT = 
    PERL5_CPANPLUS_IS_RUNNING = 2942541
    PERL5_CPAN_IS_RUNNING = 2942541
    PERL_CANARY_STABILITY_NOPROMPT = 1
    PERL_MM_USE_DEFAULT = 1
    PERL_USE_UNSAFE_INC = 1
    SHELL = /usr/bin/zsh
    TERM = screen

Perl special variables (and OS-specific diagnostics, for MSWin32):

    $^X = /home/sand/src/perl/repoperls/installed-perls/host/k93msid/v5.16.3/fc43/bin/perl
    $UID/$EUID = 1005 / 1005
    $GID = 1005 1005
    $EGID = 1005 1005

Perl module toolchain versions installed:

    Module              Have    
    ------------------- --------
    CPAN                2.36    
    CPAN::Meta          2.150010
    Cwd                 3.75    
    ExtUtils::CBuilder  0.280236
    ExtUtils::Command   7.70    
    ExtUtils::Install   2.20    
    ExtUtils::MakeMaker 7.70    
    ExtUtils::Manifest  1.75    
    ExtUtils::ParseXS   3.51    
    File::Spec          3.75    
    JSON                4.10    
    JSON::PP            4.12    
    Module::Build       0.4234  
    Module::Signature   0.88    
    Parse::CPAN::Meta   2.150010
    Test2               1.302201
    Test::Harness       3.50    
    Test::More          1.302201
    YAML                1.30    
    YAML::Syck          1.34    
    version             0.9933  


--

Summary of my perl5 (revision 5 version 16 subversion 3) configuration:
  Derived from: fd04d42d38f4751b981eb6e9213ee1ab8ef11ea6
  Platform:
    osname=linux, osvers=5.16.0-5-amd64, archname=x86_64-linux-ld
    uname='linux k93msid 5.16.0-5-amd64 #1 smp preempt debian 5.16.14-1 (2022-03-15) x86_64 gnulinux '
    config_args='-Dprefix=/home/sand/src/perl/repoperls/installed-perls/host/k93msid/v5.16.3/fc43 -Dmyhostname=k93msid -Dinstallusrbinperl=n -Uversiononly -Dusedevel -des -Ui_db -Dlibswanted=cl pthread socket inet nsl gdbm dbm malloc dl ld sun m crypt sec util c cposix posix ucb BSD gdbm_compat -Uuseithreads -Duselongdouble -DEBUGGING=both'
    hint=recommended, useposix=true, d_sigaction=define
    useithreads=undef, usemultiplicity=undef
    useperlio=define, d_sfio=undef, uselargefiles=define, usesocks=undef
    use64bitint=define, use64bitall=define, uselongdouble=define
    usemymalloc=n, bincompat5005=undef
  Compiler:
    cc='cc', ccflags ='-fwrapv -DDEBUGGING -fno-strict-aliasing -pipe -fstack-protector -I/usr/local/include -D_LARGEFILE_SOURCE -D_FILE_OFFSET_BITS=64',
    optimize='-O2 -g',
    cppflags='-fwrapv -DDEBUGGING -fno-strict-aliasing -pipe -fstack-protector -I/usr/local/include'
    ccversion='', gccversion='11.2.0', gccosandvers=''
    intsize=4, longsize=8, ptrsize=8, doublesize=8, byteorder=12345678
    d_longlong=define, longlongsize=8, d_longdbl=define, longdblsize=16
    ivtype='long', ivsize=8, nvtype='long double', nvsize=16, Off_t='off_t', lseeksize=8
    alignbytes=16, prototype=define
  Linker and Libraries:
    ld='cc', ldflags =' -fstack-protector -L/usr/local/lib'
    libpth=/usr/local/lib /lib/x86_64-linux-gnu /lib/../lib /usr/lib/x86_64-linux-gnu /usr/lib/../lib /lib /usr/lib
    libs=-lpthread -lnsl -ldl -lm -lcrypt -lutil -lc
    perllibs=-lpthread -lnsl -ldl -lm -lcrypt -lutil -lc
    libc=libc-2.33.so, so=so, useshrplib=false, libperl=libperl.a
    gnulibc_version='2.33'
  Dynamic Linking:
    dlsrc=dl_dlopen.xs, dlext=so, d_dlsymun=undef, ccdlflags='-Wl,-E'
    cccdlflags='-fPIC', lddlflags='-shared -O2 -g -L/usr/local/lib -fstack-protector'


Characteristics of this binary (from libperl): 
  Compile-time options: DEBUGGING HAS_TIMES PERLIO_LAYERS
                        PERL_DONT_CREATE_GVSV PERL_MALLOC_WRAP
                        PERL_PRESERVE_IVUV PERL_USE_DEVEL USE_64_BIT_ALL
                        USE_64_BIT_INT USE_LARGE_FILES USE_LOCALE
                        USE_LOCALE_COLLATE USE_LOCALE_CTYPE
                        USE_LOCALE_NUMERIC USE_LONG_DOUBLE USE_PERLIO
                        USE_PERL_ATOF
  Locally applied patches:
	uncommitted-changes
  Built under linux
  Compiled at Mar 20 2022 04:26:25
  %ENV:
    PERL5LIB=""
    PERL5OPT=""
    PERL5_CPANPLUS_IS_RUNNING="2942541"
    PERL5_CPAN_IS_RUNNING="2942541"
    PERL_CANARY_STABILITY_NOPROMPT="1"
    PERL_MM_USE_DEFAULT="1"
    PERL_USE_UNSAFE_INC="1"
  @INC:
    /home/sand/src/perl/repoperls/installed-perls/host/k93msid/v5.16.3/fc43/lib/site_perl/5.16.3/x86_64-linux-ld
    /home/sand/src/perl/repoperls/installed-perls/host/k93msid/v5.16.3/fc43/lib/site_perl/5.16.3
    /home/sand/src/perl/repoperls/installed-perls/host/k93msid/v5.16.3/fc43/lib/5.16.3/x86_64-linux-ld
    /home/sand/src/perl/repoperls/installed-perls/host/k93msid/v5.16.3/fc43/lib/5.16.3
    .