Report for Method-ParamValidator-0.05

Back
From: metabase:user:30f4dfbe-2aae-11df-837a-5e0a49663a4f
Subject: FAIL Method-ParamValidator-0.05 v5.14.2 GNU/Linux
Date: 2015-12-11T19:19:09Z

This distribution has been tested as part of the CPAN Testers
project, supporting the Perl programming language.  See
http://wiki.cpantesters.org/ for more information or email
questions to cpan-testers-discuss@perl.org


--
Dear Mohammad S Anwar,

This is a computer-generated report for Method-ParamValidator-0.05
on perl 5.14.2, created by CPAN-Reporter-1.2015.

Thank you for uploading your work to CPAN.  However, there was a problem
testing your distribution.

If you think this report is invalid, please consult the CPAN Testers Wiki
for suggestions on how to avoid getting FAIL reports for missing library
or binary dependencies, unsupported operating systems, and so on:

http://wiki.cpantesters.org/wiki/CPANAuthorNotes

Sections of this report:

    * Tester comments
    * Program output
    * Prerequisites
    * Environment and other context

------------------------------
TESTER COMMENTS
------------------------------

Additional comments from tester:

this report is from an automated smoke testing program
and was not reviewed by a human for accuracy

------------------------------
PROGRAM OUTPUT
------------------------------

Output from '/usr/bin/make test':

PERL_DL_NONLAZY=1 "/home/njh/perl5/perlbrew/perls/perl-5.14.2/bin/perl" "-MExtUtils::Command::MM" "-MTest::Harness" "-e" "undef *Test::Harness::Switches; test_harness(0, 'blib/lib', 'blib/arch')" t/*.t
# Testing Method::ParamValidator 0.05, Perl 5.014002, /home/njh/perl5/perlbrew/perls/perl-5.14.2/bin/perl
t/00-load.t ................... ok

#   Failed test at t/01-method-paramvalidator.t line 12.
#                   'Can't resolve method "???" overloading """" in package "overload" at (eval 108) line 36.
# '
#     doesn't match '(?^:Invalid method name received)'

#   Failed test at t/01-method-paramvalidator.t line 15.
#                   'Can't resolve method "???" overloading """" in package "overload" at (eval 110) line 36.
# '
#     doesn't match '(?^:Missing parameters)'

#   Failed test at t/01-method-paramvalidator.t line 18.
#                   'Can't resolve method "???" overloading """" in package "overload" at (eval 112) line 36.
# '
#     doesn't match '(?^:Invalid parameters data structure)'

#   Failed test at t/01-method-paramvalidator.t line 21.
#                   'Can't resolve method "???" overloading """" in package "overload" at (eval 119) line 36.
# '
#     doesn't match '(?^:Parameter failed check constraint)'

#   Failed test at t/01-method-paramvalidator.t line 24.
#                   'Can't resolve method "???" overloading """" in package "overload" at (eval 119) line 36.
# '
#     doesn't match '(?^:Parameter failed check constraint)'

#   Failed test at t/01-method-paramvalidator.t line 27.
#                   'Can't resolve method "???" overloading """" in package "overload" at (eval 122) line 36.
# '
#     doesn't match '(?^:Missing required parameter)'

#   Failed test at t/01-method-paramvalidator.t line 30.
#                   'Can't resolve method "???" overloading """" in package "overload" at (eval 124) line 36.
# '
#     doesn't match '(?^:Undefined required parameter)'

#   Failed test at t/01-method-paramvalidator.t line 33.
#                   'Can't resolve method "???" overloading """" in package "overload" at (eval 122) line 36.
# '
#     doesn't match '(?^:Missing required parameter)'

#   Failed test at t/01-method-paramvalidator.t line 36.
#                   'Can't resolve method "???" overloading """" in package "overload" at (eval 119) line 36.
# '
#     doesn't match '(?^:Parameter failed check constraint)'
# Looks like you failed 9 tests of 11.
t/01-method-paramvalidator.t .. 
Dubious, test returned 9 (wstat 2304, 0x900)
Failed 9/11 subtests 

#   Failed test at t/02-method-paramvalidator.t line 17.
#                   'Can't resolve method "???" overloading """" in package "overload" at (eval 105) line 36.
# '
#     doesn't match '(?^:Invalid method name received)'

#   Failed test at t/02-method-paramvalidator.t line 20.
#                   'Can't resolve method "???" overloading """" in package "overload" at (eval 107) line 36.
# '
#     doesn't match '(?^:Missing parameters)'

#   Failed test at t/02-method-paramvalidator.t line 23.
#                   'Can't resolve method "???" overloading """" in package "overload" at (eval 109) line 36.
# '
#     doesn't match '(?^:Invalid parameters data structure)'

#   Failed test at t/02-method-paramvalidator.t line 26.
#                   'Can't resolve method "???" overloading """" in package "overload" at (eval 115) line 36.
# '
#     doesn't match '(?^:Parameter failed check constraint)'

#   Failed test at t/02-method-paramvalidator.t line 29.
#                   'Can't resolve method "???" overloading """" in package "overload" at (eval 117) line 36.
# '
#     doesn't match '(?^:Missing required parameter)'

#   Failed test at t/02-method-paramvalidator.t line 32.
#                   'Can't resolve method "???" overloading """" in package "overload" at (eval 119) line 36.
# '
#     doesn't match '(?^:Undefined required parameter)'

#   Failed test at t/02-method-paramvalidator.t line 35.
#                   'Can't resolve method "???" overloading """" in package "overload" at (eval 117) line 36.
# '
#     doesn't match '(?^:Missing required parameter)'
# Looks like you failed 7 tests of 7.
t/02-method-paramvalidator.t .. 
Dubious, test returned 7 (wstat 1792, 0x700)
Failed 7/7 subtests 

#   Failed test at t/03-method-paramvalidator.t line 17.
#                   'Can't resolve method "???" overloading """" in package "overload" at (eval 106) line 36.
# '
#     doesn't match '(?^:Missing required parameter)'

#   Failed test at t/03-method-paramvalidator.t line 20.
#                   'Can't resolve method "???" overloading """" in package "overload" at (eval 108) line 36.
# '
#     doesn't match '(?^:Undefined required parameter)'

#   Failed test at t/03-method-paramvalidator.t line 23.
#                   'Can't resolve method "???" overloading """" in package "overload" at (eval 112) line 36.
# '
#     doesn't match '(?^:Parameter failed check constraint)'
# Looks like you failed 3 tests of 3.
t/03-method-paramvalidator.t .. 
Dubious, test returned 3 (wstat 768, 0x300)
Failed 3/3 subtests 
t/manifest.t .................. ok
t/pod.t ....................... ok

Test Summary Report
-------------------
t/01-method-paramvalidator.t (Wstat: 2304 Tests: 11 Failed: 9)
  Failed tests:  1-9
  Non-zero exit status: 9
t/02-method-paramvalidator.t (Wstat: 1792 Tests: 7 Failed: 7)
  Failed tests:  1-7
  Non-zero exit status: 7
t/03-method-paramvalidator.t (Wstat: 768 Tests: 3 Failed: 3)
  Failed tests:  1-3
  Non-zero exit status: 3
Files=6, Tests=48,  0 wallclock secs ( 0.02 usr  0.00 sys +  0.45 cusr  0.01 csys =  0.48 CPU)
Result: FAIL
Failed 3/6 test programs. 19/48 subtests failed.
Makefile:934: recipe for target 'test_dynamic' failed
make: *** [test_dynamic] Error 255

------------------------------
PREREQUISITES
------------------------------

Prerequisite modules loaded:

requires:

    Module              Need  Have    
    ------------------- ----- --------
    JSON                0     2.61    
    Moo                 0     1.003001
    Moo::Role           0     1.003001
    namespace::clean    0     0.24    
    perl                5.006 5.014002
    Throwable           0     0.200008
    Type::Tiny          0     1.000005

build_requires:

    Module              Need  Have    
    ------------------- ----- --------
    Test::More          0     1.001014

configure_requires:

    Module              Need  Have    
    ------------------- ----- --------
    ExtUtils::MakeMaker 0     7.10    


------------------------------
ENVIRONMENT AND OTHER CONTEXT
------------------------------

Environment variables:

    AUTOMATED_TESTING = 1
    LANG = en_GB.UTF-8
    LANGUAGE = en_GB:en
    LD_LIBRARY_PATH = /usr/local/lib::
    PATH = /home/njh/perl5/perlbrew/bin:/home/njh/perl5/perlbrew/perls/perl-5.14.2/bin:/home/njh/perl5/perlbrew/bin:/usr/local/bin:/usr/bin:/bin:/usr/local/games:/usr/games:/home/njh/bin:/sbin
    PERL5LIB = /home/njh/.cpan/build/Type-Tiny-1.000005-gh2PA2/blib/arch:/home/njh/.cpan/build/Type-Tiny-1.000005-gh2PA2/blib/lib:/home/njh/.cpan/build/Exporter-Tiny-0.042-jlYKYH/blib/arch:/home/njh/.cpan/build/Exporter-Tiny-0.042-jlYKYH/blib/lib
    PERL5OPT = 
    PERL5_CPANPLUS_IS_RUNNING = 2782
    PERL5_CPAN_IS_RUNNING = 2782
    PERL5_MINISMOKEBOX = 0.58
    PERLBREW_BASHRC_VERSION = 0.73
    PERLBREW_HOME = /home/njh/.perlbrew
    PERLBREW_LIB = 
    PERLBREW_MANPATH = /home/njh/perl5/perlbrew/perls/perl-5.14.2/man
    PERLBREW_PATH = /home/njh/perl5/perlbrew/bin:/home/njh/perl5/perlbrew/perls/perl-5.14.2/bin
    PERLBREW_PERL = perl-5.14.2
    PERLBREW_ROOT = /home/njh/perl5/perlbrew
    PERLBREW_VERSION = 0.73
    PERL_EXTUTILS_AUTOINSTALL = --defaultdeps
    PERL_LOCAL_LIB_ROOT = 
    PERL_MM_USE_DEFAULT = 1
    SHELL = /bin/bash
    TMPDIR = /home/njh/tmp

Perl special variables (and OS-specific diagnostics, for MSWin32):

    $^X = /home/njh/perl5/perlbrew/perls/perl-5.14.2/bin/perl
    $UID/$EUID = 1000 / 1000
    $GID = 1000 4 24 25 29 30 44 46 108 112 1000
    $EGID = 1000 4 24 25 29 30 44 46 108 112 1000

Perl module toolchain versions installed:

    Module              Have    
    ------------------- --------
    CPAN                1.9800  
    CPAN::Meta          2.150005
    Cwd                 3.47    
    ExtUtils::CBuilder  0.280223
    ExtUtils::Command   7.10    
    ExtUtils::Install   1.56    
    ExtUtils::MakeMaker 7.10    
    ExtUtils::Manifest  1.70    
    ExtUtils::ParseXS   3.22    
    File::Spec          3.47    
    JSON                2.61    
    JSON::PP            2.27203 
    Module::Build       0.4214  
    Module::Signature   0.73    
    Parse::CPAN::Meta   1.4417  
    Test::Harness       3.35    
    Test::More          1.001014
    YAML                1.15    
    YAML::Syck          1.29    
    version             0.9904  


--

Summary of my perl5 (revision 5 version 14 subversion 2) configuration:
   
  Platform:
    osname=linux, osvers=3.2.0-4-amd64, archname=x86_64-linux-thread-multi
    uname='linux nigelhorne.force9.co.uk 3.2.0-4-amd64 #1 smp debian 3.2.32-1 x86_64 gnulinux '
    config_args='-de -Dprefix=/home/njh/perl5/perlbrew/perls/perl-5.14.2 -Duseithreads -Dusemultiplicity -Accflags=-O2 -W -Wformat=2 -Wswitch -Wshadow -Wwrite-strings -Wuninitialized -Wall -pipe -mtune=native -march=native -fomit-frame-pointer -msse2 -msse -mmmx -mfpmath=sse -pedantic -D_FORTIFY_SOURCE=2 -Wpointer-arith -Wstrict-prototypes -fstack-protector -Wstack-protector -Wextra -Wbad-function-cast -Wcast-align -Wcast-qual -Wdisabled-optimization -Wendif-labels -Wfloat-equal -Wformat-nonliteral -Winline -Wmissing-declarations -Wmissing-prototypes -Wnested-externs -Wpointer-arith -Wundef -Wformat-security -ftree-vectorize -fassociative-math -ftree-vectorizer-verbose=2 -Aeval:scriptdir=/home/njh/perl5/perlbrew/perls/perl-5.14.2/bin'
    hint=recommended, useposix=true, d_sigaction=define
    useithreads=define, usemultiplicity=define
    useperlio=define, d_sfio=undef, uselargefiles=define, usesocks=undef
    use64bitint=define, use64bitall=define, uselongdouble=undef
    usemymalloc=n, bincompat5005=undef
  Compiler:
    cc='cc', ccflags ='-D_REENTRANT -D_GNU_SOURCE -O2 -W -Wformat=2 -Wswitch -Wshadow -Wwrite-strings -Wuninitialized -Wall -pipe -mtune=native -march=native -fomit-frame-pointer -msse2 -msse -mmmx -mfpmath=sse -pedantic -D_FORTIFY_SOURCE=2 -Wpointer-arith -Wstrict-prototypes -fstack-protector -Wstack-protector -Wextra -Wbad-function-cast -Wcast-align -Wcast-qual -Wdisabled-optimization -Wendif-labels -Wfloat-equal -Wformat-nonliteral -Winline -Wmissing-declarations -Wmissing-prototypes -Wnested-externs -Wpointer-arith -Wundef -Wformat-security -ftree-vectorize -fassociative-math -ftree-vectorizer-verbose=2 -fno-strict-aliasing -I/usr/local/include -D_LARGEFILE_SOURCE -D_FILE_OFFSET_BITS=64',
    optimize='-O2',
    cppflags='-D_REENTRANT -D_GNU_SOURCE -O2 -W -Wformat=2 -Wswitch -Wshadow -Wwrite-strings -Wuninitialized -Wall -pipe -mtune=native -march=native -fomit-frame-pointer -msse2 -msse -mmmx -mfpmath=sse -pedantic -D_FORTIFY_SOURCE=2 -Wpointer-arith -Wstrict-prototypes -fstack-protector -Wstack-protector -Wextra -Wbad-function-cast -Wcast-align -Wcast-qual -Wdisabled-optimization -Wendif-labels -Wfloat-equal -Wformat-nonliteral -Winline -Wmissing-declarations -Wmissing-prototypes -Wnested-externs -Wpointer-arith -Wundef -Wformat-security -ftree-vectorize -fassociative-math -ftree-vectorizer-verbose=2 -fno-strict-aliasing -I/usr/local/include'
    ccversion='', gccversion='4.7.2', gccosandvers=''
    intsize=4, longsize=8, ptrsize=8, doublesize=8, byteorder=12345678
    d_longlong=define, longlongsize=8, d_longdbl=define, longdblsize=16
    ivtype='long', ivsize=8, nvtype='double', nvsize=8, Off_t='off_t', lseeksize=8
    alignbytes=8, prototype=define
  Linker and Libraries:
    ld='cc', ldflags =' -fstack-protector -L/usr/local/lib'
    libpth=/usr/local/lib /lib/x86_64-linux-gnu /lib/../lib /usr/lib/x86_64-linux-gnu /usr/lib/../lib /lib /usr/lib
    libs=-lnsl -lgdbm -ldb -ldl -lm -lcrypt -lutil -lpthread -lc -lgdbm_compat
    perllibs=-lnsl -ldl -lm -lcrypt -lutil -lpthread -lc
    libc=, so=so, useshrplib=false, libperl=libperl.a
    gnulibc_version='2.13'
  Dynamic Linking:
    dlsrc=dl_dlopen.xs, dlext=so, d_dlsymun=undef, ccdlflags='-Wl,-E'
    cccdlflags='-fPIC', lddlflags='-shared -O2 -L/usr/local/lib -fstack-protector'


Characteristics of this binary (from libperl): 
  Compile-time options: MULTIPLICITY PERL_DONT_CREATE_GVSV
                        PERL_IMPLICIT_CONTEXT PERL_MALLOC_WRAP
                        PERL_PRESERVE_IVUV USE_64_BIT_ALL USE_64_BIT_INT
                        USE_ITHREADS USE_LARGE_FILES USE_PERLIO USE_PERL_ATOF
                        USE_REENTRANT_API
  Built under linux
  Compiled at Mar 14 2013 13:54:53
  %ENV:
    PERL5LIB="/home/njh/.cpan/build/Type-Tiny-1.000005-gh2PA2/blib/arch:/home/njh/.cpan/build/Type-Tiny-1.000005-gh2PA2/blib/lib:/home/njh/.cpan/build/Exporter-Tiny-0.042-jlYKYH/blib/arch:/home/njh/.cpan/build/Exporter-Tiny-0.042-jlYKYH/blib/lib"
    PERL5OPT=""
    PERL5_CPANPLUS_IS_RUNNING="2782"
    PERL5_CPAN_IS_RUNNING="2782"
    PERL5_MINISMOKEBOX="0.58"
    PERLBREW_BASHRC_VERSION="0.73"
    PERLBREW_HOME="/home/njh/.perlbrew"
    PERLBREW_LIB=""
    PERLBREW_MANPATH="/home/njh/perl5/perlbrew/perls/perl-5.14.2/man"
    PERLBREW_PATH="/home/njh/perl5/perlbrew/bin:/home/njh/perl5/perlbrew/perls/perl-5.14.2/bin"
    PERLBREW_PERL="perl-5.14.2"
    PERLBREW_ROOT="/home/njh/perl5/perlbrew"
    PERLBREW_VERSION="0.73"
    PERL_EXTUTILS_AUTOINSTALL="--defaultdeps"
    PERL_LOCAL_LIB_ROOT=""
    PERL_MM_USE_DEFAULT="1"
  @INC:
    /home/njh/.cpan/build/Type-Tiny-1.000005-gh2PA2/blib/arch
    /home/njh/.cpan/build/Type-Tiny-1.000005-gh2PA2/blib/lib
    /home/njh/.cpan/build/Exporter-Tiny-0.042-jlYKYH/blib/arch
    /home/njh/.cpan/build/Exporter-Tiny-0.042-jlYKYH/blib/lib
    /home/njh/perl5/perlbrew/perls/perl-5.14.2/lib/site_perl/5.14.2/x86_64-linux-thread-multi
    /home/njh/perl5/perlbrew/perls/perl-5.14.2/lib/site_perl/5.14.2
    /home/njh/perl5/perlbrew/perls/perl-5.14.2/lib/5.14.2/x86_64-linux-thread-multi
    /home/njh/perl5/perlbrew/perls/perl-5.14.2/lib/5.14.2
    .