Back
From: metabase:user:314402c4-2aae-11df-837a-5e0a49663a4f
Subject: FAIL MIME-Lite-HTML-1.24 v5.20.0 RC1 FreeBSD
Date: 2014-05-20T05:24:45Z
This distribution has been tested as part of the CPAN Testers
project, supporting the Perl programming language. See
http://wiki.cpantesters.org/ for more information or email
questions to cpan-testers-discuss@perl.org
--
Dear Alain Barbet,
This is a computer-generated report for MIME-Lite-HTML-1.24
on perl 5.20.0, created by CPAN-Reporter-1.2011.
Thank you for uploading your work to CPAN. However, there was a problem
testing your distribution.
If you think this report is invalid, please consult the CPAN Testers Wiki
for suggestions on how to avoid getting FAIL reports for missing library
or binary dependencies, unsupported operating systems, and so on:
http://wiki.cpantesters.org/wiki/CPANAuthorNotes
Sections of this report:
* Tester comments
* Program output
* Prerequisites
* Environment and other context
------------------------------
TESTER COMMENTS
------------------------------
Additional comments from tester:
none provided
------------------------------
PROGRAM OUTPUT
------------------------------
Output from '/usr/bin/make test':
PERL_DL_NONLAZY=1 /usr/perl5.20.0-RC1/bin/perl "-MExtUtils::Command::MM" "-MTest::Harness" "-e" "undef *Test::Harness::Switches; test_harness(0, 'blib/lib', 'blib/arch')" t/*.t
t/01use.t ................ ok
# Failed test '/var/tmp/mime-lite-html-tests/ref/img/fleur.eml.cid'
# at t/20create_image_part.t line 39.
# got: '1d0
# < MIME-Version: 1.0
# '
# expected: ''
# Failed test '/var/tmp/mime-lite-html-tests/ref/img/sommaire.eml.cid'
# at t/20create_image_part.t line 39.
# got: '1d0
# < MIME-Version: 1.0
# '
# expected: ''
# Failed test '/var/tmp/mime-lite-html-tests/ref/img/fleur.eml.location'
# at t/20create_image_part.t line 39.
# got: '1d0
# < MIME-Version: 1.0
# '
# expected: ''
# Failed test '/var/tmp/mime-lite-html-tests/ref/img/sommaire.eml.location'
# at t/20create_image_part.t line 39.
# got: '1d0
# < MIME-Version: 1.0
# '
# expected: ''
# Looks like you failed 4 tests of 4.
t/20create_image_part.t ..
Dubious, test returned 4 (wstat 1024, 0x400)
Failed 4/4 subtests
# Failed test '/var/tmp/mime-lite-html-tests/ref/index.cgi.eml.cid'
# at t/50generic.t line 53.
# got: '1d0
# < MIME-Version: 1.0
# 3a3
# > MIME-Version: 1.0
# 6d5
# < To: MIME-Lite@alianwebserver.com
# 7a7
# > To: MIME-Lite@alianwebserver.com
# 13d12
# < MIME-Version: 1.0
# 20d18
# < MIME-Version: 1.0
# 27d24
# < MIME-Version: 1.0
# 270d266
# < MIME-Version: 1.0
# 278d273
# < MIME-Version: 1.0
# 286d280
# < MIME-Version: 1.0
# 294d287
# < MIME-Version: 1.0
# 302d294
# < MIME-Version: 1.0
# '
# expected: ''
# Failed test '/var/tmp/mime-lite-html-tests/ref/normal.eml.cid'
# at t/50generic.t line 53.
# got: '1d0
# < MIME-Version: 1.0
# 3a3
# > MIME-Version: 1.0
# 13d12
# < MIME-Version: 1.0
# 20d18
# < MIME-Version: 1.0
# 27d24
# < MIME-Version: 1.0
# 221d217
# < MIME-Version: 1.0
# '
# expected: ''
# Failed test '/var/tmp/mime-lite-html-tests/ref/space_in_a_href.eml.cid'
# at t/50generic.t line 53.
# got: '1d0
# < MIME-Version: 1.0
# 3a3
# > MIME-Version: 1.0
# 5,6d4
# < Subject: Mail in HTML with images
# < To: MIME-Lite@alianwebserver.com
# 7a6,7
# > To: MIME-Lite@alianwebserver.com
# > Subject: Mail in HTML with images
# 13d12
# < MIME-Version: 1.0
# 20d18
# < MIME-Version: 1.0
# '
# expected: ''
# Failed test '/var/tmp/mime-lite-html-tests/ref/space_in_ccs_href.eml.cid'
# at t/50generic.t line 53.
# got: '1d0
# < MIME-Version: 1.0
# 3a3
# > MIME-Version: 1.0
# 13d12
# < MIME-Version: 1.0
# 20d18
# < MIME-Version: 1.0
# '
# expected: ''
# Failed test '/var/tmp/mime-lite-html-tests/ref/space_in_img.eml.cid'
# at t/50generic.t line 53.
# got: '1d0
# < MIME-Version: 1.0
# 3a3
# > MIME-Version: 1.0
# 6d5
# < To: MIME-Lite@alianwebserver.com
# 7a7
# > To: MIME-Lite@alianwebserver.com
# 13d12
# < MIME-Version: 1.0
# 20d18
# < MIME-Version: 1.0
# 27d24
# < MIME-Version: 1.0
# 224d220
# < MIME-Version: 1.0
# '
# expected: ''
# Failed test '/var/tmp/mime-lite-html-tests/ref/space_in_javascript.eml.cid'
# at t/50generic.t line 53.
# got: '1d0
# < MIME-Version: 1.0
# 3a3
# > MIME-Version: 1.0
# 6d5
# < To: MIME-Lite@alianwebserver.com
# 7a7
# > To: MIME-Lite@alianwebserver.com
# 13d12
# < MIME-Version: 1.0
# 20d18
# < MIME-Version: 1.0
# '
# expected: ''
# Failed test '/var/tmp/mime-lite-html-tests/ref/space_in_javascript2.eml.cid'
# at t/50generic.t line 53.
# got: '1d0
# < MIME-Version: 1.0
# 3a3
# > MIME-Version: 1.0
# 13d12
# < MIME-Version: 1.0
# 20d18
# < MIME-Version: 1.0
# '
# expected: ''
# Failed test '/var/tmp/mime-lite-html-tests/ref/index.cgi.eml.location'
# at t/50generic.t line 53.
# got: '1d0
# < MIME-Version: 1.0
# 3a3
# > MIME-Version: 1.0
# 5,6d4
# < Subject: Mail in HTML with images
# < To: MIME-Lite@alianwebserver.com
# 7a6,7
# > To: MIME-Lite@alianwebserver.com
# > Subject: Mail in HTML with images
# 13d12
# < MIME-Version: 1.0
# 20d18
# < MIME-Version: 1.0
# 27d24
# < MIME-Version: 1.0
# 269d265
# < MIME-Version: 1.0
# 277d272
# < MIME-Version: 1.0
# 285d279
# < MIME-Version: 1.0
# 293d286
# < MIME-Version: 1.0
# 301d293
# < MIME-Version: 1.0
# '
# expected: ''
# Failed test '/var/tmp/mime-lite-html-tests/ref/normal.eml.location'
# at t/50generic.t line 53.
# got: '1d0
# < MIME-Version: 1.0
# 3a3
# > MIME-Version: 1.0
# 5,6d4
# < Subject: Mail in HTML with images
# < To: MIME-Lite@alianwebserver.com
# 7a6,7
# > To: MIME-Lite@alianwebserver.com
# > Subject: Mail in HTML with images
# 13d12
# < MIME-Version: 1.0
# 20d18
# < MIME-Version: 1.0
# 27d24
# < MIME-Version: 1.0
# 221d217
# < MIME-Version: 1.0
# '
# expected: ''
# Failed test '/var/tmp/mime-lite-html-tests/ref/space_in_a_href.eml.location'
# at t/50generic.t line 53.
# got: '1d0
# < MIME-Version: 1.0
# 3a3
# > MIME-Version: 1.0
# 13d12
# < MIME-Version: 1.0
# 20d18
# < MIME-Version: 1.0
# '
# expected: ''
# Failed test '/var/tmp/mime-lite-html-tests/ref/space_in_ccs_href.eml.location'
# at t/50generic.t line 53.
# got: '1d0
# < MIME-Version: 1.0
# 3a3
# > MIME-Version: 1.0
# 5,6d4
# < Subject: Mail in HTML with images
# < To: MIME-Lite@alianwebserver.com
# 7a6,7
# > To: MIME-Lite@alianwebserver.com
# > Subject: Mail in HTML with images
# 13d12
# < MIME-Version: 1.0
# 20d18
# < MIME-Version: 1.0
# '
# expected: ''
# Failed test '/var/tmp/mime-lite-html-tests/ref/space_in_img.eml.location'
# at t/50generic.t line 53.
# got: '1d0
# < MIME-Version: 1.0
# 3a3
# > MIME-Version: 1.0
# 5,6d4
# < Subject: Mail in HTML with images
# < To: MIME-Lite@alianwebserver.com
# 7a6,7
# > To: MIME-Lite@alianwebserver.com
# > Subject: Mail in HTML with images
# 13d12
# < MIME-Version: 1.0
# 20d18
# < MIME-Version: 1.0
# 27d24
# < MIME-Version: 1.0
# 224d220
# < MIME-Version: 1.0
# '
# expected: ''
# Failed test '/var/tmp/mime-lite-html-tests/ref/space_in_javascript.eml.location'
# at t/50generic.t line 53.
# got: '1d0
# < MIME-Version: 1.0
# 3a3
# > MIME-Version: 1.0
# 13d12
# < MIME-Version: 1.0
# 20d18
# < MIME-Version: 1.0
# '
# expected: ''
# Failed test '/var/tmp/mime-lite-html-tests/ref/space_in_javascript2.eml.location'
# at t/50generic.t line 53.
# got: '1d0
# < MIME-Version: 1.0
# 3a3
# > MIME-Version: 1.0
# 6d5
# < To: MIME-Lite@alianwebserver.com
# 7a7
# > To: MIME-Lite@alianwebserver.com
# 13d12
# < MIME-Version: 1.0
# 20d18
# < MIME-Version: 1.0
# '
# expected: ''
# Failed test '/var/tmp/mime-lite-html-tests/ref/index.cgi.eml.extern'
# at t/50generic.t line 53.
# got: '1d0
# < MIME-Version: 1.0
# 3a3
# > MIME-Version: 1.0
# 5,6d4
# < Subject: Mail in HTML with images
# < To: MIME-Lite@alianwebserver.com
# 7a6,7
# > To: MIME-Lite@alianwebserver.com
# > Subject: Mail in HTML with images
# 13d12
# < MIME-Version: 1.0
# 20d18
# < MIME-Version: 1.0
# '
# expected: ''
# Failed test '/var/tmp/mime-lite-html-tests/ref/normal.eml.extern'
# at t/50generic.t line 53.
# got: '1d0
# < MIME-Version: 1.0
# 3a3
# > MIME-Version: 1.0
# 6d5
# < To: MIME-Lite@alianwebserver.com
# 7a7
# > To: MIME-Lite@alianwebserver.com
# 13d12
# < MIME-Version: 1.0
# 20d18
# < MIME-Version: 1.0
# '
# expected: ''
# Failed test '/var/tmp/mime-lite-html-tests/ref/space_in_a_href.eml.extern'
# at t/50generic.t line 53.
# got: '1d0
# < MIME-Version: 1.0
# 3a3
# > MIME-Version: 1.0
# 13d12
# < MIME-Version: 1.0
# 20d18
# < MIME-Version: 1.0
# '
# expected: ''
# Failed test '/var/tmp/mime-lite-html-tests/ref/space_in_ccs_href.eml.extern'
# at t/50generic.t line 53.
# got: '1d0
# < MIME-Version: 1.0
# 3a3
# > MIME-Version: 1.0
# 5,6d4
# < Subject: Mail in HTML with images
# < To: MIME-Lite@alianwebserver.com
# 7a6,7
# > To: MIME-Lite@alianwebserver.com
# > Subject: Mail in HTML with images
# 13d12
# < MIME-Version: 1.0
# 20d18
# < MIME-Version: 1.0
# '
# expected: ''
# Failed test '/var/tmp/mime-lite-html-tests/ref/space_in_img.eml.extern'
# at t/50generic.t line 53.
# got: '1d0
# < MIME-Version: 1.0
# 3a3
# > MIME-Version: 1.0
# 5,6d4
# < Subject: Mail in HTML with images
# < To: MIME-Lite@alianwebserver.com
# 7a6,7
# > To: MIME-Lite@alianwebserver.com
# > Subject: Mail in HTML with images
# 13d12
# < MIME-Version: 1.0
# 20d18
# < MIME-Version: 1.0
# '
# expected: ''
# Failed test '/var/tmp/mime-lite-html-tests/ref/space_in_javascript.eml.extern'
# at t/50generic.t line 53.
# got: '1d0
# < MIME-Version: 1.0
# 3a3
# > MIME-Version: 1.0
# 5,6d4
# < Subject: Mail in HTML with images
# < To: MIME-Lite@alianwebserver.com
# 7a6,7
# > To: MIME-Lite@alianwebserver.com
# > Subject: Mail in HTML with images
# 13d12
# < MIME-Version: 1.0
# 20d18
# < MIME-Version: 1.0
# '
# expected: ''
# Failed test '/var/tmp/mime-lite-html-tests/ref/space_in_javascript2.eml.extern'
# at t/50generic.t line 53.
# got: '1d0
# < MIME-Version: 1.0
# 3a3
# > MIME-Version: 1.0
# 5d4
# < Subject: Mail in HTML with images
# 7a7
# > Subject: Mail in HTML with images
# 13d12
# < MIME-Version: 1.0
# 20d18
# < MIME-Version: 1.0
# '
# expected: ''
# Failed test '/var/tmp/mime-lite-html-tests/ref/index.cgi.eml2.cid'
# at t/50generic.t line 94.
# got: '1d0
# < MIME-Version: 1.0
# 3a3
# > MIME-Version: 1.0
# 5d4
# < Subject: Mail in HTML with images
# 7a7
# > Subject: Mail in HTML with images
# 13d12
# < MIME-Version: 1.0
# 256d254
# < MIME-Version: 1.0
# 264d261
# < MIME-Version: 1.0
# 272d268
# < MIME-Version: 1.0
# 280d275
# < MIME-Version: 1.0
# 288d282
# < MIME-Version: 1.0
# '
# expected: ''
# Failed test '/var/tmp/mime-lite-html-tests/ref/normal.eml2.cid'
# at t/50generic.t line 94.
# got: '1d0
# < MIME-Version: 1.0
# 3a3
# > MIME-Version: 1.0
# 5d4
# < Subject: Mail in HTML with images
# 7a7
# > Subject: Mail in HTML with images
# 13d12
# < MIME-Version: 1.0
# 207d205
# < MIME-Version: 1.0
# '
# expected: ''
# Failed test '/var/tmp/mime-lite-html-tests/ref/space_in_a_href.eml2.cid'
# at t/50generic.t line 94.
# got: '1d0
# < MIME-Version: 1.0
# '
# expected: ''
# Failed test '/var/tmp/mime-lite-html-tests/ref/space_in_ccs_href.eml2.cid'
# at t/50generic.t line 94.
# got: '1d0
# < MIME-Version: 1.0
# 5,6d3
# < Subject: Mail in HTML with images
# < To: MIME-Lite@alianwebserver.com
# 7a5,6
# > To: MIME-Lite@alianwebserver.com
# > Subject: Mail in HTML with images
# '
# expected: ''
# Failed test '/var/tmp/mime-lite-html-tests/ref/space_in_img.eml2.cid'
# at t/50generic.t line 94.
# got: '1d0
# < MIME-Version: 1.0
# 3a3
# > MIME-Version: 1.0
# 6d5
# < To: MIME-Lite@alianwebserver.com
# 7a7
# > To: MIME-Lite@alianwebserver.com
# 13d12
# < MIME-Version: 1.0
# 210d208
# < MIME-Version: 1.0
# '
# expected: ''
# Failed test '/var/tmp/mime-lite-html-tests/ref/space_in_javascript.eml2.cid'
# at t/50generic.t line 94.
# got: '1d0
# < MIME-Version: 1.0
# 5,6d3
# < Subject: Mail in HTML with images
# < To: MIME-Lite@alianwebserver.com
# 7a5,6
# > To: MIME-Lite@alianwebserver.com
# > Subject: Mail in HTML with images
# '
# expected: ''
# Failed test '/var/tmp/mime-lite-html-tests/ref/space_in_javascript2.eml2.cid'
# at t/50generic.t line 94.
# got: '1d0
# < MIME-Version: 1.0
# 5,6d3
# < Subject: Mail in HTML with images
# < To: MIME-Lite@alianwebserver.com
# 7a5,6
# > To: MIME-Lite@alianwebserver.com
# > Subject: Mail in HTML with images
# '
# expected: ''
# Failed test '/var/tmp/mime-lite-html-tests/ref/index.cgi.eml2.location'
# at t/50generic.t line 94.
# got: '1d0
# < MIME-Version: 1.0
# 3a3
# > MIME-Version: 1.0
# 5d4
# < Subject: Mail in HTML with images
# 7a7
# > Subject: Mail in HTML with images
# 13d12
# < MIME-Version: 1.0
# 255d253
# < MIME-Version: 1.0
# 263d260
# < MIME-Version: 1.0
# 271d267
# < MIME-Version: 1.0
# 279d274
# < MIME-Version: 1.0
# 287d281
# < MIME-Version: 1.0
# '
# expected: ''
# Failed test '/var/tmp/mime-lite-html-tests/ref/normal.eml2.location'
# at t/50generic.t line 94.
# got: '1d0
# < MIME-Version: 1.0
# 3a3
# > MIME-Version: 1.0
# 5,6d4
# < Subject: Mail in HTML with images
# < To: MIME-Lite@alianwebserver.com
# 7a6,7
# > To: MIME-Lite@alianwebserver.com
# > Subject: Mail in HTML with images
# 13d12
# < MIME-Version: 1.0
# 207d205
# < MIME-Version: 1.0
# '
# expected: ''
# Failed test '/var/tmp/mime-lite-html-tests/ref/space_in_a_href.eml2.location'
# at t/50generic.t line 94.
# got: '1d0
# < MIME-Version: 1.0
# '
# expected: ''
# Failed test '/var/tmp/mime-lite-html-tests/ref/space_in_ccs_href.eml2.location'
# at t/50generic.t line 94.
# got: '1d0
# < MIME-Version: 1.0
# '
# expected: ''
# Failed test '/var/tmp/mime-lite-html-tests/ref/space_in_img.eml2.location'
# at t/50generic.t line 94.
# got: '1d0
# < MIME-Version: 1.0
# 3a3
# > MIME-Version: 1.0
# 5,6d4
# < Subject: Mail in HTML with images
# < To: MIME-Lite@alianwebserver.com
# 7a6,7
# > To: MIME-Lite@alianwebserver.com
# > Subject: Mail in HTML with images
# 13d12
# < MIME-Version: 1.0
# 210d208
# < MIME-Version: 1.0
# '
# expected: ''
# Failed test '/var/tmp/mime-lite-html-tests/ref/space_in_javascript.eml2.location'
# at t/50generic.t line 94.
# got: '1d0
# < MIME-Version: 1.0
# '
# expected: ''
# Failed test '/var/tmp/mime-lite-html-tests/ref/space_in_javascript2.eml2.location'
# at t/50generic.t line 94.
# got: '1d0
# < MIME-Version: 1.0
# 6d4
# < To: MIME-Lite@alianwebserver.com
# 7a6
# > To: MIME-Lite@alianwebserver.com
# '
# expected: ''
# Failed test '/var/tmp/mime-lite-html-tests/ref/index.cgi.eml2.extern'
# at t/50generic.t line 94.
# got: '1d0
# < MIME-Version: 1.0
# 5,6d3
# < Subject: Mail in HTML with images
# < To: MIME-Lite@alianwebserver.com
# 7a5,6
# > To: MIME-Lite@alianwebserver.com
# > Subject: Mail in HTML with images
# '
# expected: ''
# Failed test '/var/tmp/mime-lite-html-tests/ref/normal.eml2.extern'
# at t/50generic.t line 94.
# got: '1d0
# < MIME-Version: 1.0
# 5,6d3
# < Subject: Mail in HTML with images
# < To: MIME-Lite@alianwebserver.com
# 7a5,6
# > To: MIME-Lite@alianwebserver.com
# > Subject: Mail in HTML with images
# '
# expected: ''
# Failed test '/var/tmp/mime-lite-html-tests/ref/space_in_a_href.eml2.extern'
# at t/50generic.t line 94.
# got: '1d0
# < MIME-Version: 1.0
# '
# expected: ''
# Failed test '/var/tmp/mime-lite-html-tests/ref/space_in_ccs_href.eml2.extern'
# at t/50generic.t line 94.
# got: '1d0
# < MIME-Version: 1.0
# 5d3
# < Subject: Mail in HTML with images
# 7a6
# > Subject: Mail in HTML with images
# '
# expected: ''
# Failed test '/var/tmp/mime-lite-html-tests/ref/space_in_img.eml2.extern'
# at t/50generic.t line 94.
# got: '1d0
# < MIME-Version: 1.0
# 6d4
# < To: MIME-Lite@alianwebserver.com
# 7a6
# > To: MIME-Lite@alianwebserver.com
# '
# expected: ''
# Failed test '/var/tmp/mime-lite-html-tests/ref/space_in_javascript.eml2.extern'
# at t/50generic.t line 94.
# got: '1d0
# < MIME-Version: 1.0
# 6d4
# < To: MIME-Lite@alianwebserver.com
# 7a6
# > To: MIME-Lite@alianwebserver.com
# '
# expected: ''
# Failed test '/var/tmp/mime-lite-html-tests/ref/space_in_javascript2.eml2.extern'
# at t/50generic.t line 94.
# got: '1d0
# < MIME-Version: 1.0
# '
# expected: ''
# Failed test '/var/tmp/mime-lite-html-tests/ref/index.cgi.eml3.cid'
# at t/50generic.t line 136.
# got: '1d0
# < MIME-Version: 1.0
# 3a3
# > MIME-Version: 1.0
# 5,6d4
# < Subject: Mail in HTML with images
# < To: MIME-Lite@alianwebserver.com
# 7a6,7
# > To: MIME-Lite@alianwebserver.com
# > Subject: Mail in HTML with images
# 13d12
# < MIME-Version: 1.0
# 121d119
# < MIME-Version: 1.0
# 128d125
# < MIME-Version: 1.0
# 371d367
# < MIME-Version: 1.0
# 379d374
# < MIME-Version: 1.0
# 387d381
# < MIME-Version: 1.0
# 395d388
# < MIME-Version: 1.0
# 403d395
# < MIME-Version: 1.0
# '
# expected: ''
# Failed test '/var/tmp/mime-lite-html-tests/ref/normal.eml3.cid'
# at t/50generic.t line 136.
# got: '1d0
# < MIME-Version: 1.0
# 3a3
# > MIME-Version: 1.0
# 6d5
# < To: MIME-Lite@alianwebserver.com
# 7a7
# > To: MIME-Lite@alianwebserver.com
# 13d12
# < MIME-Version: 1.0
# 121d119
# < MIME-Version: 1.0
# 128d125
# < MIME-Version: 1.0
# 322d318
# < MIME-Version: 1.0
# '
# expected: ''
# Failed test '/var/tmp/mime-lite-html-tests/ref/space_in_a_href.eml3.cid'
# at t/50generic.t line 136.
# got: '1d0
# < MIME-Version: 1.0
# 3a3
# > MIME-Version: 1.0
# 5d4
# < Subject: Mail in HTML with images
# 7a7
# > Subject: Mail in HTML with images
# 13d12
# < MIME-Version: 1.0
# 121d119
# < MIME-Version: 1.0
# '
# expected: ''
# Failed test '/var/tmp/mime-lite-html-tests/ref/space_in_ccs_href.eml3.cid'
# at t/50generic.t line 136.
# got: '1d0
# < MIME-Version: 1.0
# 3a3
# > MIME-Version: 1.0
# 6d5
# < To: MIME-Lite@alianwebserver.com
# 7a7
# > To: MIME-Lite@alianwebserver.com
# 13d12
# < MIME-Version: 1.0
# 121d119
# < MIME-Version: 1.0
# '
# expected: ''
# Failed test '/var/tmp/mime-lite-html-tests/ref/space_in_img.eml3.cid'
# at t/50generic.t line 136.
# got: '1d0
# < MIME-Version: 1.0
# 3a3
# > MIME-Version: 1.0
# 5d4
# < Subject: Mail in HTML with images
# 7a7
# > Subject: Mail in HTML with images
# 13d12
# < MIME-Version: 1.0
# 121d119
# < MIME-Version: 1.0
# 128d125
# < MIME-Version: 1.0
# 325d321
# < MIME-Version: 1.0
# '
# expected: ''
# Failed test '/var/tmp/mime-lite-html-tests/ref/space_in_javascript.eml3.cid'
# at t/50generic.t line 136.
# got: '1d0
# < MIME-Version: 1.0
# 3a3
# > MIME-Version: 1.0
# 6d5
# < To: MIME-Lite@alianwebserver.com
# 7a7
# > To: MIME-Lite@alianwebserver.com
# 13d12
# < MIME-Version: 1.0
# 121d119
# < MIME-Version: 1.0
# '
# expected: ''
# Failed test '/var/tmp/mime-lite-html-tests/ref/space_in_javascript2.eml3.cid'
# at t/50generic.t line 136.
# got: '1d0
# < MIME-Version: 1.0
# 3a3
# > MIME-Version: 1.0
# 5d4
# < Subject: Mail in HTML with images
# 7a7
# > Subject: Mail in HTML with images
# 13d12
# < MIME-Version: 1.0
# 121d119
# < MIME-Version: 1.0
# '
# expected: ''
# Failed test '/var/tmp/mime-lite-html-tests/ref/index.cgi.eml3.location'
# at t/50generic.t line 136.
# got: '1d0
# < MIME-Version: 1.0
# 3a3
# > MIME-Version: 1.0
# 6d5
# < To: MIME-Lite@alianwebserver.com
# 7a7
# > To: MIME-Lite@alianwebserver.com
# 13d12
# < MIME-Version: 1.0
# 121d119
# < MIME-Version: 1.0
# 128d125
# < MIME-Version: 1.0
# 370d366
# < MIME-Version: 1.0
# 378d373
# < MIME-Version: 1.0
# 386d380
# < MIME-Version: 1.0
# 394d387
# < MIME-Version: 1.0
# 402d394
# < MIME-Version: 1.0
# '
# expected: ''
# Failed test '/var/tmp/mime-lite-html-tests/ref/normal.eml3.location'
# at t/50generic.t line 136.
# got: '1d0
# < MIME-Version: 1.0
# 3a3
# > MIME-Version: 1.0
# 6d5
# < To: MIME-Lite@alianwebserver.com
# 7a7
# > To: MIME-Lite@alianwebserver.com
# 13d12
# < MIME-Version: 1.0
# 121d119
# < MIME-Version: 1.0
# 128d125
# < MIME-Version: 1.0
# 322d318
# < MIME-Version: 1.0
# '
# expected: ''
# Failed test '/var/tmp/mime-lite-html-tests/ref/space_in_a_href.eml3.location'
# at t/50generic.t line 136.
# got: '1d0
# < MIME-Version: 1.0
# 3a3
# > MIME-Version: 1.0
# 5d4
# < Subject: Mail in HTML with images
# 7a7
# > Subject: Mail in HTML with images
# 13d12
# < MIME-Version: 1.0
# 121d119
# < MIME-Version: 1.0
# '
# expected: ''
# Failed test '/var/tmp/mime-lite-html-tests/ref/space_in_ccs_href.eml3.location'
# at t/50generic.t line 136.
# got: '1d0
# < MIME-Version: 1.0
# 3a3
# > MIME-Version: 1.0
# 6d5
# < To: MIME-Lite@alianwebserver.com
# 7a7
# > To: MIME-Lite@alianwebserver.com
# 13d12
# < MIME-Version: 1.0
# 121d119
# < MIME-Version: 1.0
# '
# expected: ''
# Failed test '/var/tmp/mime-lite-html-tests/ref/space_in_img.eml3.location'
# at t/50generic.t line 136.
# got: '1d0
# < MIME-Version: 1.0
# 3a3
# > MIME-Version: 1.0
# 5,6d4
# < Subject: Mail in HTML with images
# < To: MIME-Lite@alianwebserver.com
# 7a6,7
# > To: MIME-Lite@alianwebserver.com
# > Subject: Mail in HTML with images
# 13d12
# < MIME-Version: 1.0
# 121d119
# < MIME-Version: 1.0
# 128d125
# < MIME-Version: 1.0
# 325d321
# < MIME-Version: 1.0
# '
# expected: ''
# Failed test '/var/tmp/mime-lite-html-tests/ref/space_in_javascript.eml3.location'
# at t/50generic.t line 136.
# got: '1d0
# < MIME-Version: 1.0
# 3a3
# > MIME-Version: 1.0
# 13d12
# < MIME-Version: 1.0
# 121d119
# < MIME-Version: 1.0
# '
# expected: ''
# Failed test '/var/tmp/mime-lite-html-tests/ref/space_in_javascript2.eml3.location'
# at t/50generic.t line 136.
# got: '1d0
# < MIME-Version: 1.0
# 3a3
# > MIME-Version: 1.0
# 6d5
# < To: MIME-Lite@alianwebserver.com
# 7a7
# > To: MIME-Lite@alianwebserver.com
# 13d12
# < MIME-Version: 1.0
# 121d119
# < MIME-Version: 1.0
# '
# expected: ''
# Failed test '/var/tmp/mime-lite-html-tests/ref/index.cgi.eml3.extern'
# at t/50generic.t line 136.
# got: '1d0
# < MIME-Version: 1.0
# 3a3
# > MIME-Version: 1.0
# 5d4
# < Subject: Mail in HTML with images
# 7a7
# > Subject: Mail in HTML with images
# 13d12
# < MIME-Version: 1.0
# 121d119
# < MIME-Version: 1.0
# '
# expected: ''
# Failed test '/var/tmp/mime-lite-html-tests/ref/normal.eml3.extern'
# at t/50generic.t line 136.
# got: '1d0
# < MIME-Version: 1.0
# 3a3
# > MIME-Version: 1.0
# 13d12
# < MIME-Version: 1.0
# 121d119
# < MIME-Version: 1.0
# '
# expected: ''
# Failed test '/var/tmp/mime-lite-html-tests/ref/space_in_a_href.eml3.extern'
# at t/50generic.t line 136.
# got: '1d0
# < MIME-Version: 1.0
# 3a3
# > MIME-Version: 1.0
# 5d4
# < Subject: Mail in HTML with images
# 7a7
# > Subject: Mail in HTML with images
# 13d12
# < MIME-Version: 1.0
# 121d119
# < MIME-Version: 1.0
# '
# expected: ''
# Failed test '/var/tmp/mime-lite-html-tests/ref/space_in_ccs_href.eml3.extern'
# at t/50generic.t line 136.
# got: '1d0
# < MIME-Version: 1.0
# 3a3
# > MIME-Version: 1.0
# 5d4
# < Subject: Mail in HTML with images
# 7a7
# > Subject: Mail in HTML with images
# 13d12
# < MIME-Version: 1.0
# 121d119
# < MIME-Version: 1.0
# '
# expected: ''
# Failed test '/var/tmp/mime-lite-html-tests/ref/space_in_img.eml3.extern'
# at t/50generic.t line 136.
# got: '1d0
# < MIME-Version: 1.0
# 3a3
# > MIME-Version: 1.0
# 5,6d4
# < Subject: Mail in HTML with images
# < To: MIME-Lite@alianwebserver.com
# 7a6,7
# > To: MIME-Lite@alianwebserver.com
# > Subject: Mail in HTML with images
# 13d12
# < MIME-Version: 1.0
# 121d119
# < MIME-Version: 1.0
# '
# expected: ''
# Failed test '/var/tmp/mime-lite-html-tests/ref/space_in_javascript.eml3.extern'
# at t/50generic.t line 136.
# got: '1d0
# < MIME-Version: 1.0
# 3a3
# > MIME-Version: 1.0
# 5d4
# < Subject: Mail in HTML with images
# 7a7
# > Subject: Mail in HTML with images
# 13d12
# < MIME-Version: 1.0
# 121d119
# < MIME-Version: 1.0
# '
# expected: ''
# Failed test '/var/tmp/mime-lite-html-tests/ref/space_in_javascript2.eml3.extern'
# at t/50generic.t line 136.
# got: '1d0
# < MIME-Version: 1.0
# 3a3
# > MIME-Version: 1.0
# 6d5
# < To: MIME-Lite@alianwebserver.com
# 7a7
# > To: MIME-Lite@alianwebserver.com
# 13d12
# < MIME-Version: 1.0
# 121d119
# < MIME-Version: 1.0
# '
# expected: ''
# Looks like you failed 63 tests of 190.
t/50generic.t ............
Dubious, test returned 63 (wstat 16128, 0x3f00)
Failed 63/190 subtests
Test Summary Report
-------------------
t/20create_image_part.t (Wstat: 1024 Tests: 4 Failed: 4)
Failed tests: 1-4
Non-zero exit status: 4
t/50generic.t (Wstat: 16128 Tests: 190 Failed: 63)
Failed tests: 3, 6, 9, 12, 15, 18, 21, 24, 27, 30, 33
36, 39, 42, 45, 48, 51, 54, 57, 60, 63
66, 69, 72, 75, 78, 81, 84, 87, 90, 93
96, 99, 102, 105, 108, 111, 114, 117, 120
123, 126, 129, 132, 135, 138, 141, 144
147, 150, 153, 156, 159, 162, 165, 168
171, 174, 177, 180, 183, 186, 189
Non-zero exit status: 63
Files=3, Tests=195, 3 wallclock secs ( 0.27 usr 0.12 sys + 2.09 cusr 0.62 csys = 3.09 CPU)
Result: FAIL
Failed 2/3 test programs. 67/195 subtests failed.
*** [test_dynamic] Error code 63
Stop in /usr/home/eserte/.cpan/build/MIME-Lite-HTML-1.24-xHFTWJ.
------------------------------
PREREQUISITES
------------------------------
Prerequisite modules loaded:
requires:
Module Need Have
------------------- ---- --------
HTML::LinkExtor 0 3.69
LWP::UserAgent 0 6.06
MIME::Lite 1 3.030
Test::More 0 1.001002
URI::URL 0 5.04
build_requires:
Module Need Have
------------------- ---- --------
ExtUtils::MakeMaker 0 6.98
------------------------------
ENVIRONMENT AND OTHER CONTEXT
------------------------------
Environment variables:
DBIC_NO_WARN_BAD_PERL = 1
LC_ALL = de_DE.ISO8859-1
PATH = /usr/local/bin:/usr/bin:/bin:/usr/local/sbin:/usr/sbin:/sbin:/home/cpansand/bin/freebsd9.1:/home/cpansand/bin/sh:/home/cpansand/bin:/usr/games:/home/cpansand/devel:/usr/home/eserte/src/srezic-misc/scripts
PERL = /usr/perl5.20.0-RC1/bin/perl
PERL5LIB =
PERL5OPT =
PERL5_CPANPLUS_IS_RUNNING = 21749
PERL5_CPAN_IS_RUNNING = 21749
PERL5_CPAN_IS_RUNNING_IN_RECURSION = 21728,21749
PERLDOC = -MPod::Perldoc::ToTextOverstrike
PERL_BATCH = yes
PERL_CPAN_REPORTER_CONFIG = /var/tmp/cpansmoker-1023/ArnhnO0FRv_config.ini
PERL_EXTUTILS_AUTOINSTALL = --defaultdeps
PERL_HTML_DISPLAY_CLASS = HTML::Display::Mozilla
SHELL = /usr/local/bin/zsh
TERM = screen
TMPDIR = /var/tmp/cpansmoker-1023
Perl special variables (and OS-specific diagnostics, for MSWin32):
$^X = /usr/perl5.20.0-RC1/bin/perl
$UID/$EUID = 1023 / 1023
$GID = 1023 1023
$EGID = 1023 1023
Perl module toolchain versions installed:
Module Have
------------------- --------
CPAN 2.05
CPAN::Meta 2.140640
Cwd 3.47
ExtUtils::CBuilder 0.280216
ExtUtils::Command 1.18
ExtUtils::Install 1.67
ExtUtils::MakeMaker 6.98
ExtUtils::Manifest 1.63
ExtUtils::ParseXS 3.24
File::Spec 3.47
JSON 2.90
JSON::PP 2.27203
Module::Build 0.4205
Module::Signature n/a
Parse::CPAN::Meta 1.4414
Test::Harness 3.30
Test::More 1.001002
YAML 0.90
YAML::Syck 1.27
version 0.9908
--
Summary of my perl5 (revision 5 version 20 subversion 0) configuration:
Platform:
osname=freebsd, osvers=9.2-release-p4, archname=amd64-freebsd
uname='freebsd cvrsnica-freebsd-92 9.2-release-p4 freebsd 9.2-release-p4 #0: tue apr 8 18:08:22 utc 2014 root@amd64-builder.daemonology.net:usrobjusrsrcsysgeneric amd64 '
config_args='-ds -e -Dprefix=/usr/perl5.20.0-RC1'
hint=recommended, useposix=true, d_sigaction=define
useithreads=undef, usemultiplicity=undef
use64bitint=define, use64bitall=define, uselongdouble=undef
usemymalloc=n, bincompat5005=undef
Compiler:
cc='cc', ccflags ='-DHAS_FPSETMASK -DHAS_FLOATINGPOINT_H -fno-strict-aliasing -pipe -fstack-protector -I/usr/local/include',
optimize='-O',
cppflags='-DHAS_FPSETMASK -DHAS_FLOATINGPOINT_H -fno-strict-aliasing -pipe -fstack-protector -I/usr/local/include'
ccversion='', gccversion='4.2.1 20070831 patched [FreeBSD]', gccosandvers=''
intsize=4, longsize=8, ptrsize=8, doublesize=8, byteorder=12345678
d_longlong=define, longlongsize=8, d_longdbl=define, longdblsize=16
ivtype='long', ivsize=8, nvtype='double', nvsize=8, Off_t='off_t', lseeksize=8
alignbytes=8, prototype=define
Linker and Libraries:
ld='cc', ldflags ='-Wl,-E -fstack-protector -L/usr/local/lib'
libpth=/usr/lib /usr/local/lib /usr/include/gcc/4.2 /usr/lib
libs=-lgdbm -lm -lcrypt -lutil -lc
perllibs=-lm -lcrypt -lutil -lc
libc=, so=so, useshrplib=false, libperl=libperl.a
gnulibc_version=''
Dynamic Linking:
dlsrc=dl_dlopen.xs, dlext=so, d_dlsymun=undef, ccdlflags=' '
cccdlflags='-DPIC -fPIC', lddlflags='-shared -L/usr/local/lib -fstack-protector'
Characteristics of this binary (from libperl):
Compile-time options: HAS_TIMES PERLIO_LAYERS PERL_DONT_CREATE_GVSV
PERL_HASH_FUNC_ONE_AT_A_TIME_HARD PERL_MALLOC_WRAP
PERL_NEW_COPY_ON_WRITE PERL_PRESERVE_IVUV
USE_64_BIT_ALL USE_64_BIT_INT USE_LARGE_FILES
USE_LOCALE USE_LOCALE_COLLATE USE_LOCALE_CTYPE
USE_LOCALE_NUMERIC USE_PERLIO USE_PERL_ATOF
Locally applied patches:
RC1
Built under freebsd
Compiled at May 17 2014 11:59:44
%ENV:
PERL="/usr/perl5.20.0-RC1/bin/perl"
PERL5LIB=""
PERL5OPT=""
PERL5_CPANPLUS_IS_RUNNING="21749"
PERL5_CPAN_IS_RUNNING="21749"
PERL5_CPAN_IS_RUNNING_IN_RECURSION="21728,21749"
PERLDOC="-MPod::Perldoc::ToTextOverstrike"
PERL_BATCH="yes"
PERL_CPAN_REPORTER_CONFIG="/var/tmp/cpansmoker-1023/ArnhnO0FRv_config.ini"
PERL_EXTUTILS_AUTOINSTALL="--defaultdeps"
PERL_HTML_DISPLAY_CLASS="HTML::Display::Mozilla"
@INC:
/usr/perl5.20.0-RC1/lib/site_perl/5.20.0/amd64-freebsd
/usr/perl5.20.0-RC1/lib/site_perl/5.20.0
/usr/perl5.20.0-RC1/lib/5.20.0/amd64-freebsd
/usr/perl5.20.0-RC1/lib/5.20.0
.