Report for Data-YUID-0.06

Back
From: metabase:user:320bfe00-2aae-11df-837a-5e0a49663a4f
Subject: FAIL Data-YUID-0.06 v5.20.0 RC0 GNU/Linux
Date: 2014-05-14T20:40:59Z

This distribution has been tested as part of the CPAN Testers
project, supporting the Perl programming language.  See
http://wiki.cpantesters.org/ for more information or email
questions to cpan-testers-discuss@perl.org


--
Dear SAY MEDIA,

This is a computer-generated report for Data-YUID-0.06
on perl 5.20.0, created by CPAN-Reporter-1.2011.

Thank you for uploading your work to CPAN.  However, there was a problem
testing your distribution.

If you think this report is invalid, please consult the CPAN Testers Wiki
for suggestions on how to avoid getting FAIL reports for missing library
or binary dependencies, unsupported operating systems, and so on:

http://wiki.cpantesters.org/wiki/CPANAuthorNotes

Sections of this report:

    * Tester comments
    * Program output
    * Prerequisites
    * Environment and other context

------------------------------
TESTER COMMENTS
------------------------------

Additional comments from tester:

this report is from an automated smoke testing program
and was not reviewed by a human for accuracy

------------------------------
PROGRAM OUTPUT
------------------------------

Output from '/usr/bin/make test':

PERL_DL_NONLAZY=1 /tmp/basesmoker-reloperl-sjTB/bin/perl "-MExtUtils::Command::MM" "-MTest::Harness" "-e" "undef *Test::Harness::Switches; test_harness(0, 'inc', 'blib/lib', 'blib/arch')" t/00-compile.t t/01-generator.t t/10-client.t
t/00-compile.t .... ok
Time::HiRes object version 1.9726 does not match $Time::HiRes::XS_VERSION 1.9719 at /home/sand/src/perl/repoperls/installed-perls/perl/v5.19.11-109-gdb93ece/9980/lib/5.20.0/x86_64-linux-thread-multi/DynaLoader.pm line 216.
Compilation failed in require at t/01-generator.t line 7.
BEGIN failed--compilation aborted at t/01-generator.t line 7.
# Looks like your test exited with 2 before it could output anything.
t/01-generator.t .. 
Dubious, test returned 2 (wstat 512, 0x200)
No subtests run 
Time::HiRes object version 1.9726 does not match $Time::HiRes::XS_VERSION 1.9719 at /home/sand/src/perl/repoperls/installed-perls/perl/v5.19.11-109-gdb93ece/9980/lib/5.20.0/x86_64-linux-thread-multi/DynaLoader.pm line 216.
Compilation failed in require at /home/sand/src/perl/repoperls/installed-perls/perl/v5.19.11-109-gdb93ece/9980/lib/site_perl/5.20.0/Danga/Socket.pm line 98.
BEGIN failed--compilation aborted at /home/sand/src/perl/repoperls/installed-perls/perl/v5.19.11-109-gdb93ece/9980/lib/site_perl/5.20.0/Danga/Socket.pm line 98.
Compilation failed in require at /tmp/loop_over_bdir-5191-63glz_/Data-YUID-0.06-qoeeoU/t/../bin/yuidd line 5.
BEGIN failed--compilation aborted at /tmp/loop_over_bdir-5191-63glz_/Data-YUID-0.06-qoeeoU/t/../bin/yuidd line 5.
Time::HiRes object version 1.9726 does not match $Time::HiRes::XS_VERSION 1.9719 at /home/sand/src/perl/repoperls/installed-perls/perl/v5.19.11-109-gdb93ece/9980/lib/5.20.0/x86_64-linux-thread-multi/DynaLoader.pm line 216.
Compilation failed in require at /home/sand/src/perl/repoperls/installed-perls/perl/v5.19.11-109-gdb93ece/9980/lib/site_perl/5.20.0/Danga/Socket.pm line 98.
BEGIN failed--compilation aborted at /home/sand/src/perl/repoperls/installed-perls/perl/v5.19.11-109-gdb93ece/9980/lib/site_perl/5.20.0/Danga/Socket.pm line 98.
Compilation failed in require at /tmp/loop_over_bdir-5191-63glz_/Data-YUID-0.06-qoeeoU/t/../bin/yuidd line 5.
BEGIN failed--compilation aborted at /tmp/loop_over_bdir-5191-63glz_/Data-YUID-0.06-qoeeoU/t/../bin/yuidd line 5.
Timeout waiting for port 11000 to startup at t/10-client.t line 75.
# Looks like your test exited with 111 before it could output anything.
t/10-client.t ..... 
Dubious, test returned 111 (wstat 28416, 0x6f00)
Failed 25/25 subtests 

Test Summary Report
-------------------
t/01-generator.t (Wstat: 512 Tests: 0 Failed: 0)
  Non-zero exit status: 2
  Parse errors: No plan found in TAP output
t/10-client.t   (Wstat: 28416 Tests: 0 Failed: 0)
  Non-zero exit status: 111
  Parse errors: Bad plan.  You planned 25 tests but ran 0.
Files=3, Tests=1,  6 wallclock secs ( 0.02 usr  0.00 sys +  0.11 cusr  0.00 csys =  0.13 CPU)
Result: FAIL
Failed 2/3 test programs. 0/1 subtests failed.
make: *** [test_dynamic] Error 111

------------------------------
PREREQUISITES
------------------------------

Prerequisite modules loaded:

requires:

    Module              Need     Have    
    ------------------- -------- --------
    Danga::Socket       0        1.61    
    perl                5.006001 5.020000
    Time::HiRes         0        1.9726  
    URI::Escape         0        3.31    

build_requires:

    Module              Need     Have    
    ------------------- -------- --------
    ExtUtils::MakeMaker 6.42     6.98    
    Time::HiRes         0        1.9726  

configure_requires:

    Module              Need     Have    
    ------------------- -------- --------
    ExtUtils::MakeMaker 6.42     6.98    


------------------------------
ENVIRONMENT AND OTHER CONTEXT
------------------------------

Environment variables:

    AUTOMATED_TESTING = 1
    LANG = en_US.UTF-8
    LANGUAGE = en_US:en
    PATH = /usr/lib/ccache:/home/sand/bin:/usr/local/bin:/usr/bin:/bin:/usr/games:/usr/local/perl/bin:/usr/X11/bin:/sbin:/usr/sbin
    PERL5LIB = 
    PERL5OPT = 
    PERL5_CPANPLUS_IS_RUNNING = 18452
    PERL5_CPAN_IS_RUNNING = 18452
    PERL_MM_USE_DEFAULT = 1
    SHELL = /usr/bin/zsh
    TERM = screen

Perl special variables (and OS-specific diagnostics, for MSWin32):

    $^X = /tmp/basesmoker-reloperl-sjTB/bin/perl
    $UID/$EUID = 1005 / 1005
    $GID = 1005 1005
    $EGID = 1005 1005

Perl module toolchain versions installed:

    Module              Have    
    ------------------- --------
    CPAN                2.05    
    CPAN::Meta          2.141170
    Cwd                 3.47    
    ExtUtils::CBuilder  0.280216
    ExtUtils::Command   1.18    
    ExtUtils::Install   1.67    
    ExtUtils::MakeMaker 6.98    
    ExtUtils::Manifest  1.63    
    ExtUtils::ParseXS   3.24    
    File::Spec          3.47    
    JSON                2.90    
    JSON::PP            2.27203 
    Module::Build       0.4205  
    Module::Signature   0.73    
    Parse::CPAN::Meta   1.4414  
    Test::Harness       3.30    
    Test::More          1.001003
    YAML                0.90    
    YAML::Syck          1.27    
    version             0.9908  


--

Summary of my perl5 (revision 5 version 20 subversion 0) configuration:
  Commit id: db93ece847ecae62a67dd3899f41f9625d05f011
  Platform:
    osname=linux, osvers=3.13-1-amd64, archname=x86_64-linux-thread-multi
    uname='linux k83 3.13-1-amd64 #1 smp debian 3.13.7-1 (2014-03-25) x86_64 gnulinux '
    config_args='-Dprefix=/home/sand/src/perl/repoperls/installed-perls/perl/v5.19.11-109-gdb93ece/9980 -Dmyhostname=k83 -Dinstallusrbinperl=n -Uversiononly -Dusedevel -des -Ui_db -Duseithreads -Uuselongdouble -DDEBUGGING=-g'
    hint=recommended, useposix=true, d_sigaction=define
    useithreads=define, usemultiplicity=define
    use64bitint=define, use64bitall=define, uselongdouble=undef
    usemymalloc=n, bincompat5005=undef
  Compiler:
    cc='cc', ccflags ='-D_REENTRANT -D_GNU_SOURCE -fwrapv -fno-strict-aliasing -pipe -fstack-protector -I/usr/local/include -D_LARGEFILE_SOURCE -D_FILE_OFFSET_BITS=64',
    optimize='-O2 -g',
    cppflags='-D_REENTRANT -D_GNU_SOURCE -fwrapv -fno-strict-aliasing -pipe -fstack-protector -I/usr/local/include'
    ccversion='', gccversion='4.8.2', gccosandvers=''
    intsize=4, longsize=8, ptrsize=8, doublesize=8, byteorder=12345678
    d_longlong=define, longlongsize=8, d_longdbl=define, longdblsize=16
    ivtype='long', ivsize=8, nvtype='double', nvsize=8, Off_t='off_t', lseeksize=8
    alignbytes=8, prototype=define
  Linker and Libraries:
    ld='cc', ldflags =' -fstack-protector -L/usr/local/lib'
    libpth=/usr/local/lib /usr/lib/gcc/x86_64-linux-gnu/4.8/include-fixed /usr/include/x86_64-linux-gnu /usr/lib /lib/x86_64-linux-gnu /lib/../lib /usr/lib/x86_64-linux-gnu /usr/lib/../lib /lib
    libs=-lnsl -lgdbm -ldb -ldl -lm -lcrypt -lutil -lpthread -lc -lgdbm_compat
    perllibs=-lnsl -ldl -lm -lcrypt -lutil -lpthread -lc
    libc=libc-2.18.so, so=so, useshrplib=false, libperl=libperl.a
    gnulibc_version='2.18'
  Dynamic Linking:
    dlsrc=dl_dlopen.xs, dlext=so, d_dlsymun=undef, ccdlflags='-Wl,-E'
    cccdlflags='-fPIC', lddlflags='-shared -O2 -g -L/usr/local/lib -fstack-protector'


Characteristics of this binary (from libperl): 
  Compile-time options: HAS_TIMES MULTIPLICITY PERLIO_LAYERS
                        PERL_DONT_CREATE_GVSV
                        PERL_HASH_FUNC_ONE_AT_A_TIME_HARD
                        PERL_IMPLICIT_CONTEXT PERL_MALLOC_WRAP
                        PERL_NEW_COPY_ON_WRITE PERL_PRESERVE_IVUV
                        PERL_USE_DEVEL USE_64_BIT_ALL USE_64_BIT_INT
                        USE_ITHREADS USE_LARGE_FILES USE_LOCALE
                        USE_LOCALE_COLLATE USE_LOCALE_CTYPE
                        USE_LOCALE_NUMERIC USE_PERLIO USE_PERL_ATOF
                        USE_REENTRANT_API
  Locally applied patches:
	RC0
  Built under linux
  Compiled at May 14 2014 05:08:47
  %ENV:
    PERL5LIB=""
    PERL5OPT=""
    PERL5_CPANPLUS_IS_RUNNING="18452"
    PERL5_CPAN_IS_RUNNING="18452"
    PERL_MM_USE_DEFAULT="1"
  @INC:
    /home/sand/src/perl/repoperls/installed-perls/perl/v5.19.11-109-gdb93ece/9980/lib/site_perl/5.20.0/x86_64-linux-thread-multi
    /home/sand/src/perl/repoperls/installed-perls/perl/v5.19.11-109-gdb93ece/9980/lib/site_perl/5.20.0
    /home/sand/src/perl/repoperls/installed-perls/perl/v5.19.11-109-gdb93ece/9980/lib/5.20.0/x86_64-linux-thread-multi
    /home/sand/src/perl/repoperls/installed-perls/perl/v5.19.11-109-gdb93ece/9980/lib/5.20.0
    .