MooseX-Types-IO v0.04 Perl 5 v5.10.1 x86_64-linux
- Status
- Fail
- From
- Chris Williams (BINGOS)
- Dist
-
MooseX-Types-IO v0.04
- Platform
- Perl 5 v5.10.1 x86_64-linux
- Date
- 2019-08-07 04:08:48
- ID
- 0e80c94e-b8c9-11e9-9066-e374b0ba08e8
This distribution has been tested as part of the CPAN Testers
project, supporting the Perl programming language. See
http://wiki.cpantesters.org/ for more information or email
questions to cpan-testers-discuss@perl.org
--
Dear Fayland Lin,
This is a computer-generated error report created automatically by
CPANPLUS, version 0.9178. Testers personal comments may appear
at the end of this report.
Thank you for uploading your work to CPAN. However, it appears that
there were some problems testing your distribution.
TEST RESULTS:
Below is the error stack from stage 'make test':
# Testing MooseX::Types::IO 0.04, Perl 5.010001, /home/cpan/pit/bare/perl-5.10.1/bin/perl
t/00-load.t .... ok
t/01-io.t ...... ok
Can't locate object method "seek" via package "IO::Handle" at /home/cpan/pit/jail/LJva1hlPBy/lib/perl5/IO/All/Base.pm line 142.
# Looks like your test exited with 9 just after 2.
t/02-io-all.t ..
Dubious, test returned 9 (wstat 2304, 0x900)
Failed 20/22 subtests
t/pod.t ........ skipped: Test::Pod 1.22 required for testing POD
Test Summary Report
-------------------
t/02-io-all.t (Wstat: 2304 Tests: 2 Failed: 0)
Non-zero exit status: 9
Parse errors: Bad plan. You planned 22 tests but ran 2.
Files=4, Tests=25, 1 wallclock secs ( 0.02 usr 0.00 sys + 0.51 cusr 0.02 csys = 0.55 CPU)
Result: FAIL
Failed 1/4 test programs. 0/25 subtests failed.
PREREQUISITES:
Here is a list of prerequisites you specified and versions we
managed to load:
Module Name Have Want
IO 1.25 0
IO::All 0.87 0
IO::String 1.08 0
MooseX::Types 0.50 0
Test::Exception 0.43 0.27
Test::More 1.302164 0
Perl module toolchain versions installed:
Module Name Have
CPANPLUS 0.9178
CPANPLUS::Dist::Build 0.90
Cwd 3.75
ExtUtils::CBuilder 0.280231
ExtUtils::Command 7.36
ExtUtils::Install 2.14
ExtUtils::MakeMaker 7.36
ExtUtils::Manifest 1.72
ExtUtils::ParseXS 3.35
File::Spec 3.75
Module::Build 0.4229
Pod::Parser 1.37
Pod::Simple 3.07
Test2 1.302164
Test::Harness 3.42
Test::More 1.302164
version 0.9924
******************************** NOTE ********************************
The comments above are created mechanically, possibly without manual
checking by the sender. As there are many people performing automatic
tests on each upload to CPAN, it is likely that you will receive
identical messages about the same problem.
If you believe that the message is mistaken, please reply to the first
one with correction and/or additional informations, and do not take
it personally. We appreciate your patience. :)
**********************************************************************
Additional comments:
This report was machine-generated by CPANPLUS::Dist::YACSmoke 1.08.
Powered by minismokebox version 0.68
CPANPLUS is prefering Build.PL
------------------------------
ENVIRONMENT AND OTHER CONTEXT
------------------------------
Environment variables:
AUTOMATED_TESTING = 1
LANG = en_GB.UTF-8
LANGUAGE = en_GB:en
NONINTERACTIVE_TESTING = 1
PATH = /usr/local/sbin:/usr/local/bin:/usr/sbin:/usr/bin:/sbin:/bin:/usr/games:/usr/local/games:/snap/bin
PERL5LIB = /home/cpan/pit/jail/LJva1hlPBy/lib/perl5:/home/cpan/pit/bare/conf/perl-5.10.1/.cpanplus/5.10.1/build/paG2WJEinM/MooseX-Types-IO-0.04/blib/lib:/home/cpan/pit/bare/conf/perl-5.10.1/.cpanplus/5.10.1/build/paG2WJEinM/MooseX-Types-IO-0.04/blib/arch
PERL5_CPANPLUS_IS_RUNNING = 32087
PERL5_CPANPLUS_IS_VERSION = 0.9178
PERL5_MINISMOKEBOX = 0.68
PERL5_YACSMOKE_BASE = /home/cpan/pit/bare/conf/perl-5.10.1
PERL_EXTUTILS_AUTOINSTALL = --defaultdeps
PERL_LOCAL_LIB_ROOT = /home/cpan/pit/jail/LJva1hlPBy
PERL_MB_OPT = --install_base "/home/cpan/pit/jail/LJva1hlPBy"
PERL_MM_OPT = INSTALL_BASE=/home/cpan/pit/jail/LJva1hlPBy
PERL_MM_USE_DEFAULT = 1
PERL_USE_UNSAFE_INC = 1
SHELL = /bin/bash
TERM = screen
Perl special variables (and OS-specific diagnostics, for MSWin32):
Perl: $^X = /home/cpan/pit/bare/perl-5.10.1/bin/perl
UID: $< = 1001
EUID: $> = 1001
GID: $( = 1001 1001
EGID: $) = 1001 1001
-------------------------------
--
Summary of my perl5 (revision 5 version 10 subversion 1) configuration:
Platform:
osname=linux, osvers=4.15.0-54-generic, archname=x86_64-linux
uname='linux uchder 4.15.0-54-generic #58-ubuntu smp mon jun 24 10:55:24 utc 2019 x86_64 x86_64 x86_64 gnulinux '
config_args='-des -Dprefix=/home/cpan/pit/bare/perl-5.10.1'
hint=recommended, useposix=true, d_sigaction=define
useithreads=undef, usemultiplicity=undef
useperlio=define, d_sfio=undef, uselargefiles=define, usesocks=undef
use64bitint=define, use64bitall=define, uselongdouble=undef
usemymalloc=n, bincompat5005=undef
Compiler:
cc='cc', ccflags ='-fwrapv -fno-strict-aliasing -pipe -fstack-protector -I/usr/local/include -D_LARGEFILE_SOURCE -D_FILE_OFFSET_BITS=64',
optimize='-O2',
cppflags='-fwrapv -fno-strict-aliasing -pipe -fstack-protector -I/usr/local/include'
ccversion='', gccversion='7.4.0', gccosandvers=''
intsize=4, longsize=8, ptrsize=8, doublesize=8, byteorder=12345678
d_longlong=define, longlongsize=8, d_longdbl=define, longdblsize=16
ivtype='long', ivsize=8, nvtype='double', nvsize=8, Off_t='off_t', lseeksize=8
alignbytes=8, prototype=define
Linker and Libraries:
ld='cc', ldflags =' -fstack-protector -L/usr/local/lib'
libpth=/usr/local/lib /lib/x86_64-linux-gnu /lib/../lib /usr/lib/x86_64-linux-gnu /usr/lib/../lib /lib /usr/lib
libs=-lnsl -lgdbm -ldl -lm -lcrypt -lutil -lc
perllibs=-lnsl -ldl -lm -lcrypt -lutil -lc
libc=libc-2.27.so, so=so, useshrplib=false, libperl=libperl.a
gnulibc_version='2.27'
Dynamic Linking:
dlsrc=dl_dlopen.xs, dlext=so, d_dlsymun=undef, ccdlflags='-Wl,-E'
cccdlflags='-fPIC', lddlflags='-shared -O2 -L/usr/local/lib -fstack-protector'
Characteristics of this binary (from libperl):
Compile-time options: PERL_DONT_CREATE_GVSV PERL_MALLOC_WRAP USE_64_BIT_ALL
USE_64_BIT_INT USE_LARGE_FILES USE_PERLIO
Locally applied patches:
Devel::PatchPerl 1.64
Built under linux
Compiled at Jul 18 2019 12:23:08
%ENV:
PERL5LIB="/home/cpan/pit/jail/LJva1hlPBy/lib/perl5:/home/cpan/pit/bare/conf/perl-5.10.1/.cpanplus/5.10.1/build/paG2WJEinM/MooseX-Types-IO-0.04/blib/lib:/home/cpan/pit/bare/conf/perl-5.10.1/.cpanplus/5.10.1/build/paG2WJEinM/MooseX-Types-IO-0.04/blib/arch"
PERL5_CPANPLUS_IS_RUNNING="32087"
PERL5_CPANPLUS_IS_VERSION="0.9178"
PERL5_MINISMOKEBOX="0.68"
PERL5_YACSMOKE_BASE="/home/cpan/pit/bare/conf/perl-5.10.1"
PERL_EXTUTILS_AUTOINSTALL="--defaultdeps"
PERL_LOCAL_LIB_ROOT="/home/cpan/pit/jail/LJva1hlPBy"
PERL_MB_OPT="--install_base "/home/cpan/pit/jail/LJva1hlPBy""
PERL_MM_OPT="INSTALL_BASE=/home/cpan/pit/jail/LJva1hlPBy"
PERL_MM_USE_DEFAULT="1"
PERL_USE_UNSAFE_INC="1"
@INC:
/home/cpan/pit/jail/LJva1hlPBy/lib/perl5/5.10.1/x86_64-linux
/home/cpan/pit/jail/LJva1hlPBy/lib/perl5/5.10.1
/home/cpan/pit/jail/LJva1hlPBy/lib/perl5/x86_64-linux
/home/cpan/pit/jail/LJva1hlPBy/lib/perl5
/home/cpan/pit/bare/conf/perl-5.10.1/.cpanplus/5.10.1/build/paG2WJEinM/MooseX-Types-IO-0.04/blib/lib
/home/cpan/pit/bare/conf/perl-5.10.1/.cpanplus/5.10.1/build/paG2WJEinM/MooseX-Types-IO-0.04/blib/arch
/home/cpan/pit/bare/perl-5.10.1/lib/5.10.1/x86_64-linux
/home/cpan/pit/bare/perl-5.10.1/lib/5.10.1
/home/cpan/pit/bare/perl-5.10.1/lib/site_perl/5.10.1/x86_64-linux
/home/cpan/pit/bare/perl-5.10.1/lib/site_perl/5.10.1
.