Report for Quiz-Flashcards-0.04b

Back
From: metabase:user:30ae4450-2aae-11df-837a-5e0a49663a4f
Subject: FAIL Quiz-Flashcards-0.04b v5.25.8 
Date: 2017-02-06T20:00:54Z

This distribution has been tested as part of the CPAN Testers
project, supporting the Perl programming language.  See
http://wiki.cpantesters.org/ for more information or email
questions to cpan-testers-discuss@perl.org


--
Dear Christian Walde,

This is a computer-generated report for Quiz-Flashcards-0.04b
on perl 5.25.8, created by CPAN-Reporter-1.2018.

Thank you for uploading your work to CPAN.  However, there was a problem
testing your distribution.

If you think this report is invalid, please consult the CPAN Testers Wiki
for suggestions on how to avoid getting FAIL reports for missing library
or binary dependencies, unsupported operating systems, and so on:

http://wiki.cpantesters.org/wiki/CPANAuthorNotes

Sections of this report:

    * Tester comments
    * Program output
    * Prerequisites
    * Environment and other context

------------------------------
TESTER COMMENTS
------------------------------

Additional comments from tester:

this report is from an automated smoke testing program
and was not reviewed by a human for accuracy

------------------------------
PROGRAM OUTPUT
------------------------------

Output from 'C:\STRAWB~1\c\bin\dmake.exe test':

"C:\Strawberry258\perl\bin\perl.exe" "-MExtUtils::Command::MM" "-MTest::Harness" "-e" "undef *Test::Harness::Switches; test_harness(0, 'inc', 'blib\lib', 'blib\arch')" t/00-load.t t/01-kwalitee.t t/boilerplate.t t/pod-coverage.t t/pod.t
given is experimental at C:\STRAWB~1\cpan\build\Quiz-Flashcards-0.04-0\blib\lib/Quiz/Flashcards.pm line 302.
when is experimental at C:\STRAWB~1\cpan\build\Quiz-Flashcards-0.04-0\blib\lib/Quiz/Flashcards.pm line 303.
when is experimental at C:\STRAWB~1\cpan\build\Quiz-Flashcards-0.04-0\blib\lib/Quiz/Flashcards.pm line 304.
when is experimental at C:\STRAWB~1\cpan\build\Quiz-Flashcards-0.04-0\blib\lib/Quiz/Flashcards.pm line 305.
when is experimental at C:\STRAWB~1\cpan\build\Quiz-Flashcards-0.04-0\blib\lib/Quiz/Flashcards.pm line 306.
when is experimental at C:\STRAWB~1\cpan\build\Quiz-Flashcards-0.04-0\blib\lib/Quiz/Flashcards.pm line 307.
when is experimental at C:\STRAWB~1\cpan\build\Quiz-Flashcards-0.04-0\blib\lib/Quiz/Flashcards.pm line 308.
when is experimental at C:\STRAWB~1\cpan\build\Quiz-Flashcards-0.04-0\blib\lib/Quiz/Flashcards.pm line 309.
when is experimental at C:\STRAWB~1\cpan\build\Quiz-Flashcards-0.04-0\blib\lib/Quiz/Flashcards.pm line 310.
when is experimental at C:\STRAWB~1\cpan\build\Quiz-Flashcards-0.04-0\blib\lib/Quiz/Flashcards.pm line 311.
when is experimental at C:\STRAWB~1\cpan\build\Quiz-Flashcards-0.04-0\blib\lib/Quiz/Flashcards.pm line 312.
given is experimental at C:\STRAWB~1\cpan\build\Quiz-Flashcards-0.04-0\blib\lib/Quiz/Flashcards.pm line 506.
when is experimental at C:\STRAWB~1\cpan\build\Quiz-Flashcards-0.04-0\blib\lib/Quiz/Flashcards.pm line 507.
when is experimental at C:\STRAWB~1\cpan\build\Quiz-Flashcards-0.04-0\blib\lib/Quiz/Flashcards.pm line 508.
# Testing Quiz::Flashcards 0.04, Perl 5.025008, C:\Strawberry258\perl\bin\perl.exe
t/00-load.t ....... ok
These tests should not be running unless AUTHOR_TESTING=1 and/or RELEASE_TESTING=1!

#   Failed test 'no_broken_auto_install'
#   at t/01-kwalitee.t line 3.
# Error: This distribution uses an old version of Module::Install. Versions of Module::Install prior to 0.89 do not detect correcty that CPAN/CPANPLUS shell is used.
# Details:
# This distribution uses obsolete Module::Install version 0.82
# Remedy: Upgrade the bundled version of Module::Install to at least 0.89, but preferably to the most current release. Alternatively, you can switch to another build system / installer that does not suffer from this problem. (ExtUtils::MakeMaker, Module::Build both of which have their own set of problems.)
# Looks like you failed 1 test of 17.
t/01-kwalitee.t ... 
Dubious, test returned 1 (wstat 256, 0x100)
Failed 1/17 subtests 
t/boilerplate.t ... ok
given is experimental at C:\STRAWB~1\cpan\build\Quiz-Flashcards-0.04-0\blib\lib/Quiz/Flashcards.pm line 302.
when is experimental at C:\STRAWB~1\cpan\build\Quiz-Flashcards-0.04-0\blib\lib/Quiz/Flashcards.pm line 303.
when is experimental at C:\STRAWB~1\cpan\build\Quiz-Flashcards-0.04-0\blib\lib/Quiz/Flashcards.pm line 304.
when is experimental at C:\STRAWB~1\cpan\build\Quiz-Flashcards-0.04-0\blib\lib/Quiz/Flashcards.pm line 305.
when is experimental at C:\STRAWB~1\cpan\build\Quiz-Flashcards-0.04-0\blib\lib/Quiz/Flashcards.pm line 306.
when is experimental at C:\STRAWB~1\cpan\build\Quiz-Flashcards-0.04-0\blib\lib/Quiz/Flashcards.pm line 307.
when is experimental at C:\STRAWB~1\cpan\build\Quiz-Flashcards-0.04-0\blib\lib/Quiz/Flashcards.pm line 308.
when is experimental at C:\STRAWB~1\cpan\build\Quiz-Flashcards-0.04-0\blib\lib/Quiz/Flashcards.pm line 309.
when is experimental at C:\STRAWB~1\cpan\build\Quiz-Flashcards-0.04-0\blib\lib/Quiz/Flashcards.pm line 310.
when is experimental at C:\STRAWB~1\cpan\build\Quiz-Flashcards-0.04-0\blib\lib/Quiz/Flashcards.pm line 311.
when is experimental at C:\STRAWB~1\cpan\build\Quiz-Flashcards-0.04-0\blib\lib/Quiz/Flashcards.pm line 312.
given is experimental at C:\STRAWB~1\cpan\build\Quiz-Flashcards-0.04-0\blib\lib/Quiz/Flashcards.pm line 506.
when is experimental at C:\STRAWB~1\cpan\build\Quiz-Flashcards-0.04-0\blib\lib/Quiz/Flashcards.pm line 507.
when is experimental at C:\STRAWB~1\cpan\build\Quiz-Flashcards-0.04-0\blib\lib/Quiz/Flashcards.pm line 508.
t/pod-coverage.t .. ok
t/pod.t ........... ok

Test Summary Report
-------------------
t/01-kwalitee.t (Wstat: 256 Tests: 17 Failed: 1)
  Failed test:  12
  Non-zero exit status: 1
t/boilerplate.t (Wstat: 0 Tests: 3 Failed: 0)
  TODO passed:   2-3
Files=5, Tests=23,  3 wallclock secs ( 0.05 usr +  0.01 sys =  0.06 CPU)
Result: FAIL
Failed 1/5 test programs. 1/23 subtests failed.
dmake.exe:  Error code 255, while making 'test_dynamic'

------------------------------
PREREQUISITES
------------------------------

Prerequisite modules loaded:

requires:

    Module                 Need Have    
    ---------------------- ---- --------
    DBI                    0    1.636   
    ExtUtils::MakeMaker    6.42 7.24    
    File::HomeDir          0    1.00    
    File::ShareDir         0    1.102   
    File::Spec::Functions  0    3.66    
    Module::Find           0    0.13    
    Module::Install::Share 0    1.17    
    Test::More             0    1.302073
    Time::HiRes            0    1.9741  
    Wx                     0    0.9928  
    Wx::Perl::ListCtrl     0    0.03    

build_requires:

    Module                 Need Have    
    ---------------------- ---- --------
    ExtUtils::MakeMaker    0    7.24    

configure_requires:

    Module                 Need Have    
    ---------------------- ---- --------
    ExtUtils::MakeMaker    6.42 7.24    


------------------------------
ENVIRONMENT AND OTHER CONTEXT
------------------------------

Environment variables:

    AUTOMATED_TESTING = 1
    COMSPEC = C:\WINDOWS\system32\cmd.exe
    NUMBER_OF_PROCESSORS = 1
    PATH = C:\WINDOWS\system32;C:\WINDOWS;C:\WINDOWS\System32\Wbem;C:\Git\cmd;C:\Strawberry258\c\bin;C:\Strawberry258\perl\site\bin;C:\Strawberry258\perl\bin
    PERL5LIB = C:\STRAWB~1\cpan\build\Wx-Perl-ListCtrl-0.03-0/blib/arch;C:\STRAWB~1\cpan\build\Wx-Perl-ListCtrl-0.03-0/blib/lib
    PERL5OPT = 
    PERL5_CPANPLUS_IS_RUNNING = 29856
    PERL5_CPAN_IS_RUNNING = 29856
    PERL5_CPAN_IS_RUNNING_IN_RECURSION = 1112,29856
    PERL_CR_SMOKER_CURRENT = Quiz-Flashcards-Audiobanks-Japanese_Words_Radicals-0.01b
    PERL_CR_SMOKER_RUNONCE = 1
    PERL_EXTUTILS_AUTOINSTALL = --defaultdeps
    PERL_HASH_SEED = 0x11111111
    PERL_MM_USE_DEFAULT = 1
    PROCESSOR_IDENTIFIER = x86 Family 18 Model 1 Stepping 0, AuthenticAMD
    TEMP = C:\DOCUME~1\a\LOCALS~1\Temp

Perl special variables (and OS-specific diagnostics, for MSWin32):

    $^X = C:\Strawberry258\perl\bin\perl.exe
    $UID/$EUID = 0 / 0
    $GID = 0
    $EGID = 0
    Win32::GetOSName = WinXP/.Net
    Win32::GetOSVersion = Service Pack 3, 5, 1, 2600, 2, 3, 0, 256, 1
    Win32::FsType = NTFS
    Win32::IsAdminUser = 1

Perl module toolchain versions installed:

    Module              Have      
    ------------------- ----------
    CPAN                2.14_01   
    CPAN::Meta          2.150010  
    Cwd                 3.66      
    ExtUtils::CBuilder  0.280225  
    ExtUtils::Command   7.24      
    ExtUtils::Install   2.04      
    ExtUtils::MakeMaker 7.24      
    ExtUtils::Manifest  1.70      
    ExtUtils::ParseXS   3.33      
    File::Spec          3.66      
    JSON                2.90      
    JSON::PP            2.27400_02
    Module::Build       0.4220    
    Module::Signature   0.81      
    Parse::CPAN::Meta   2.150010  
    Test::Harness       3.36_01   
    Test::More          1.302073  
    YAML                1.21      
    YAML::Syck          1.29      
    version             0.9917    


--

Summary of my perl5 (revision 5 version 25 subversion 8) configuration:
   
  Platform:
    osname=MSWin32
    osvers=4.0
    archname=MSWin32-x86-multi-thread
    uname='Win32 strawberry-perl 5.25.8.1-beta1 #1 Thu Dec 29 20:16:24 2016 i386'
    config_args='undef'
    hint=recommended
    useposix=true
    d_sigaction=undef
    useithreads=define
    usemultiplicity=define
    use64bitint=undef
    use64bitall=undef
    uselongdouble=undef
    usemymalloc=n
    bincompat5005=undef
  Compiler:
    cc='gcc'
    ccflags =' -s -O2 -DWIN32  -DPERL_TEXTMODE_SCRIPTS -DPERL_IMPLICIT_CONTEXT -DPERL_IMPLICIT_SYS -fwrapv -fno-strict-aliasing -mms-bitfields'
    optimize='-s -O2'
    cppflags='-DWIN32'
    ccversion=''
    gccversion='4.9.2'
    gccosandvers=''
    intsize=4
    longsize=4
    ptrsize=4
    doublesize=8
    byteorder=1234
    doublekind=3
    d_longlong=define
    longlongsize=8
    d_longdbl=define
    longdblsize=12
    longdblkind=3
    ivtype='long'
    ivsize=4
    nvtype='double'
    nvsize=8
    Off_t='long long'
    lseeksize=8
    alignbytes=8
    prototype=define
  Linker and Libraries:
    ld='g++'
    ldflags ='-s -L"C:\STRAWB~1\perl\lib\CORE" -L"C:\STRAWB~1\c\lib"'
    libpth=C:\STRAWB~1\c\lib C:\STRAWB~1\c\i686-w64-mingw32\lib C:\STRAWB~1\c\lib\gcc\i686-w64-mingw32\4.9.2
    libs=-lmoldname -lkernel32 -luser32 -lgdi32 -lwinspool -lcomdlg32 -ladvapi32 -lshell32 -lole32 -loleaut32 -lnetapi32 -luuid -lws2_32 -lmpr -lwinmm -lversion -lodbc32 -lodbccp32 -lcomctl32
    perllibs=-lmoldname -lkernel32 -luser32 -lgdi32 -lwinspool -lcomdlg32 -ladvapi32 -lshell32 -lole32 -loleaut32 -lnetapi32 -luuid -lws2_32 -lmpr -lwinmm -lversion -lodbc32 -lodbccp32 -lcomctl32
    libc=
    so=dll
    useshrplib=true
    libperl=libperl525.a
    gnulibc_version=''
  Dynamic Linking:
    dlsrc=dl_win32.xs
    dlext=xs.dll
    d_dlsymun=undef
    ccdlflags=' '
    cccdlflags=' '
    lddlflags='-mdll -s -L"C:\STRAWB~1\perl\lib\CORE" -L"C:\STRAWB~1\c\lib"'


Characteristics of this binary (from libperl): 
  Compile-time options:
    HAS_TIMES
    HAVE_INTERP_INTERN
    MULTIPLICITY
    PERLIO_LAYERS
    PERL_COPY_ON_WRITE
    PERL_DONT_CREATE_GVSV
    PERL_HASH_FUNC_ONE_AT_A_TIME_HARD
    PERL_IMPLICIT_CONTEXT
    PERL_IMPLICIT_SYS
    PERL_MALLOC_WRAP
    PERL_OP_PARENT
    PERL_PRESERVE_IVUV
    USE_ITHREADS
    USE_LARGE_FILES
    USE_LOCALE
    USE_LOCALE_COLLATE
    USE_LOCALE_CTYPE
    USE_LOCALE_NUMERIC
    USE_LOCALE_TIME
    USE_PERLIO
    USE_PERL_ATOF
  Built under MSWin32
  Compiled at Dec 29 2016 20:25:17
  %ENV:
    PERL5LIB="C:\STRAWB~1\cpan\build\Wx-Perl-ListCtrl-0.03-0/blib/arch;C:\STRAWB~1\cpan\build\Wx-Perl-ListCtrl-0.03-0/blib/lib"
    PERL5_CPANPLUS_IS_RUNNING="29856"
    PERL5_CPAN_IS_RUNNING="29856"
    PERL5_CPAN_IS_RUNNING_IN_RECURSION="1112,29856"
    PERL_CR_SMOKER_CURRENT="Quiz-Flashcards-Audiobanks-Japanese_Words_Radicals-0.01b"
    PERL_CR_SMOKER_RUNONCE="1"
    PERL_EXTUTILS_AUTOINSTALL="--defaultdeps"
    PERL_HASH_SEED="0x11111111"
    PERL_MM_USE_DEFAULT="1"
  @INC:
    C:\STRAWB~1\cpan\build\Wx-Perl-ListCtrl-0.03-0/blib/arch
    C:\STRAWB~1\cpan\build\Wx-Perl-ListCtrl-0.03-0/blib/lib
    C:/Strawberry258/perl/site/lib
    C:/Strawberry258/perl/vendor/lib
    C:/Strawberry258/perl/lib
    .